74.7.242.0 - - [21/Sep/2026:00:39:36 +0200] "GET /index.php?loknya=/proc/thread-self/root/proc/thread-self/root/proc/thread-self/root/proc/thread-self/root/proc/thread-self/root/kunden/kunden/proc/thread-self/root/kunden/proc/thread-self/root/var/cache/man/sl HTTP/1.1" 429 267 s818981589.online.de "http://s818981589.online.de/index.php?loknya=/proc/thread-self/root/proc/thread-self/root/proc/thread-self/root/proc/thread-self/root/proc/thread-self/root/kunden/kunden/proc/thread-self/root/kunden/proc/thread-self/root/var/cache/man" "Mozilla/5.0 AppleWebKit/537.36 (KHTML, like Gecko; compatible; GPTBot/1.4; +https://openai.com/gptbot)" "-"
216.73.216.0 - - [21/Sep/2026:00:39:37 +0200] "GET /sitemap.xml?lokasie=%2Fbin%2Ffold&loknya=%2Fbin HTTP/1.1" 429 267 www.gut-trechow.de "-" "Mozilla/5.0 AppleWebKit/537.36 (KHTML, like Gecko; compatible; ClaudeBot/1.0; +claudebot@anthropic.com)" "-"
216.73.216.0 - - [21/Sep/2026:00:39:37 +0200] "GET /sitemap.xml?lokasie=%2Fbin%2Fppmflash&loknya=%2Fbin HTTP/1.1" 429 267 www.gut-trechow.de "-" "Mozilla/5.0 AppleWebKit/537.36 (KHTML, like Gecko; compatible; ClaudeBot/1.0; +claudebot@anthropic.com)" "-"
216.73.216.0 - - [21/Sep/2026:00:39:37 +0200] "GET /index.php?lokasie=%2Fhomepages%2F13%2Fd818981593%2Fhtdocs%2FGutTrechow%2Fwp-admin%2Fjs%2Fprivacy-tools.min.js&loknya=%2Fhomepages%2F13%2Fd818981593%2Fhtdocs%2FGutTrechow%2Fwp-admin%2Fjs HTTP/1.1" 429 267 www.gut-trechow.de "-" "Mozilla/5.0 AppleWebKit/537.36 (KHTML, like Gecko; compatible; ClaudeBot/1.0; +claudebot@anthropic.com)" "-"
216.73.216.0 - - [21/Sep/2026:00:39:37 +0200] "GET /index.php?lokasie=%2Fhomepages%2F13%2Fd818981593%2Fhtdocs%2FGutTrechow%2Fwp-admin%2Fjs%2Feditor-expand.js&loknya=%2Fhomepages%2F13%2Fd818981593%2Fhtdocs%2FGutTrechow%2Fwp-admin%2Fjs HTTP/1.1" 429 267 www.gut-trechow.de "-" "Mozilla/5.0 AppleWebKit/537.36 (KHTML, like Gecko; compatible; ClaudeBot/1.0; +claudebot@anthropic.com)" "-"
74.7.242.0 - - [21/Sep/2026:00:39:37 +0200] "GET /index.php?loknya=/proc/thread-self/root/proc/thread-self/root/proc/thread-self/root/proc/thread-self/root/proc/thread-self/root/kunden/kunden/proc/thread-self/root/kunden/proc/thread-self/root/var/cache/man/sr HTTP/1.1" 429 267 s818981589.online.de "http://s818981589.online.de/index.php?loknya=/proc/thread-self/root/proc/thread-self/root/proc/thread-self/root/proc/thread-self/root/proc/thread-self/root/kunden/kunden/proc/thread-self/root/kunden/proc/thread-self/root/var/cache/man" "Mozilla/5.0 AppleWebKit/537.36 (KHTML, like Gecko; compatible; GPTBot/1.4; +https://openai.com/gptbot)" "-"
220.181.108.0 - - [21/Sep/2026:00:39:37 +0200] "GET /impressum/?loknya=/homepages/18/d818445516/managed HTTP/1.1" 429 267 s818981589.online.de "-" "Mozilla/5.0 (compatible; Baiduspider/2.0; +http://www.baidu.com/search/spider.html)" "-"
116.179.32.0 - - [21/Sep/2026:00:39:37 +0200] "GET /impressum/?lokasie=/homepages/18/d818445516/htaccesslist&loknya=/homepages/18/d818445516 HTTP/1.1" 429 267 s818981589.online.de "-" "Mozilla/5.0 (compatible; Baiduspider/2.0; +http://www.baidu.com/search/spider.html)" "-"
220.181.108.0 - - [21/Sep/2026:00:39:37 +0200] "GET /impressum/?lokasie=/homepages/18/d818445516/DASTOOLSTART&loknya=/homepages/18/d818445516 HTTP/1.1" 429 267 s818981589.online.de "-" "Mozilla/5.0 (compatible; Baiduspider/2.0; +http://www.baidu.com/search/spider.html)" "-"
116.179.32.0 - - [21/Sep/2026:00:39:37 +0200] "GET /impressum/?lokasie=/homepages/18/d818445516/.htaccess&loknya=/homepages/18/d818445516 HTTP/1.1" 429 267 s818981589.online.de "-" "Mozilla/5.0 (compatible; Baiduspider/2.0; +http://www.baidu.com/search/spider.html)" "-"
135.181.213.0 - - [21/Sep/2026:00:39:38 +0200] "GET /?loknya=/homepages/2/d821114254 HTTP/1.1" 429 267 gut-trechow.de "-" "Mozilla/5.0 (compatible; MJ12bot/v1.4.8; http://mj12bot.com/)" "-"
74.7.227.0 - - [21/Sep/2026:00:39:38 +0200] "GET /index.php?loknya=/proc/thread-self/root/proc/thread-self/root/proc/thread-self/root/proc/thread-self/root/proc/thread-self/root/kunden/proc/thread-self/root/kunden/kunden/kunden/proc/thread-self/root/kunden/kunden/lib/ssl HTTP/1.1" 429 267 www.gut-trechow.de "http://www.gut-trechow.de/index.php?loknya=/proc/thread-self/root/proc/thread-self/root/proc/thread-self/root/proc/thread-self/root/proc/thread-self/root/kunden/proc/thread-self/root/kunden/kunden/kunden/proc/thread-self/root/kunden/kunden/lib" "Mozilla/5.0 AppleWebKit/537.36 (KHTML, like Gecko; compatible; GPTBot/1.4; +https://openai.com/gptbot)" "-"
216.73.216.0 - - [21/Sep/2026:00:39:38 +0200] "GET /index.php?lokasie=%2Fhomepages%2F13%2Fd818981593%2Fhtdocs%2FGutTrechow%2Fwp-admin%2Fjs%2Frevisions.js&loknya=%2Fhomepages%2F13%2Fd818981593%2Fhtdocs%2FGutTrechow%2Fwp-admin%2Fjs HTTP/1.1" 429 267 www.gut-trechow.de "-" "Mozilla/5.0 AppleWebKit/537.36 (KHTML, like Gecko; compatible; ClaudeBot/1.0; +claudebot@anthropic.com)" "-"
216.73.216.0 - - [21/Sep/2026:00:39:38 +0200] "GET /sitemap.xml?lokasie=%2Fbin%2Fcrontab&loknya=%2Fbin HTTP/1.1" 429 267 www.gut-trechow.de "-" "Mozilla/5.0 AppleWebKit/537.36 (KHTML, like Gecko; compatible; ClaudeBot/1.0; +claudebot@anthropic.com)" "-"
74.7.242.0 - - [21/Sep/2026:00:39:38 +0200] "GET /index.php?loknya=/proc/thread-self/root/proc/thread-self/root/proc/thread-self/root/proc/thread-self/root/proc/thread-self/root/kunden/kunden/proc/thread-self/root/kunden/proc/thread-self/root/var/cache/man/ro HTTP/1.1" 429 267 s818981589.online.de "http://s818981589.online.de/index.php?loknya=/proc/thread-self/root/proc/thread-self/root/proc/thread-self/root/proc/thread-self/root/proc/thread-self/root/kunden/kunden/proc/thread-self/root/kunden/proc/thread-self/root/var/cache/man" "Mozilla/5.0 AppleWebKit/537.36 (KHTML, like Gecko; compatible; GPTBot/1.4; +https://openai.com/gptbot)" "-"
111.225.214.0 - - [21/Sep/2026:00:39:38 +0200] "GET /impressum/?loknya=/homepages/18/d818445516/managed HTTP/1.1" 200 5275 s818981589.online.de "-" "Mozilla/5.0 (Windows NT 10.0; WOW64) AppleWebKit/537.36 (KHTML, like Gecko) Chrome/48.0.2564.116 Safari/537.36" "-"
111.225.214.0 - - [21/Sep/2026:00:39:38 +0200] "GET /impressum/?lokasie=/homepages/18/d818445516/htaccesslist&loknya=/homepages/18/d818445516 HTTP/1.1" 200 4086 s818981589.online.de "-" "Mozilla/5.0 (Windows NT 10.0; WOW64) AppleWebKit/537.36 (KHTML, like Gecko) Chrome/48.0.2564.116 Safari/537.36" "-"
111.225.214.0 - - [21/Sep/2026:00:39:38 +0200] "GET /impressum/?lokasie=/homepages/18/d818445516/DASTOOLSTART&loknya=/homepages/18/d818445516 HTTP/1.1" 200 4086 s818981589.online.de "-" "Mozilla/5.0 (Windows NT 10.0; WOW64) AppleWebKit/537.36 (KHTML, like Gecko) Chrome/48.0.2564.116 Safari/537.36" "-"
119.249.100.0 - - [21/Sep/2026:00:39:38 +0200] "GET /impressum/?lokasie=/homepages/18/d818445516/.htaccess&loknya=/homepages/18/d818445516 HTTP/1.1" 200 4083 s818981589.online.de "-" "Mozilla/5.0 (Windows NT 10.0; WOW64) AppleWebKit/537.36 (KHTML, like Gecko) Chrome/48.0.2564.116 Safari/537.36" "-"
216.73.216.0 - - [21/Sep/2026:00:39:39 +0200] "GET /sitemap.xml?lokasie=%2Fbin%2Fgprofng-display-src&loknya=%2Fbin HTTP/1.1" 429 267 www.gut-trechow.de "-" "Mozilla/5.0 AppleWebKit/537.36 (KHTML, like Gecko; compatible; ClaudeBot/1.0; +claudebot@anthropic.com)" "-"
216.73.216.0 - - [21/Sep/2026:00:39:39 +0200] "GET /sitemap.xml?lokasie=%2Fbin%2Funiq&loknya=%2Fbin HTTP/1.1" 429 267 www.gut-trechow.de "-" "Mozilla/5.0 AppleWebKit/537.36 (KHTML, like Gecko; compatible; ClaudeBot/1.0; +claudebot@anthropic.com)" "-"
216.73.216.0 - - [21/Sep/2026:00:39:39 +0200] "GET /sitemap.xml?lokasie=%2Fbin%2Fxpath&loknya=%2Fbin HTTP/1.1" 429 267 www.gut-trechow.de "-" "Mozilla/5.0 AppleWebKit/537.36 (KHTML, like Gecko; compatible; ClaudeBot/1.0; +claudebot@anthropic.com)" "-"
216.73.216.0 - - [21/Sep/2026:00:39:39 +0200] "GET /sitemap.xml?lokasie=%2Fbin%2Fdash&loknya=%2Fbin HTTP/1.1" 429 267 www.gut-trechow.de "-" "Mozilla/5.0 AppleWebKit/537.36 (KHTML, like Gecko; compatible; ClaudeBot/1.0; +claudebot@anthropic.com)" "-"
135.181.213.0 - - [21/Sep/2026:00:39:39 +0200] "GET /?loknya=/homepages/2/d821122620 HTTP/1.1" 429 267 gut-trechow.de "-" "Mozilla/5.0 (compatible; MJ12bot/v1.4.8; http://mj12bot.com/)" "-"
216.73.216.0 - - [21/Sep/2026:00:39:39 +0200] "GET /sitemap.xml?lokasie=%2Fbin%2Fx86_64-linux-gnu-nm&loknya=%2Fbin HTTP/1.1" 429 267 www.gut-trechow.de "-" "Mozilla/5.0 AppleWebKit/537.36 (KHTML, like Gecko; compatible; ClaudeBot/1.0; +claudebot@anthropic.com)" "-"
216.73.216.0 - - [21/Sep/2026:00:39:39 +0200] "GET /index.php?lokasie=%2Fhomepages%2F13%2Fd818981593%2Fhtdocs%2FGutTrechow%2Fwp-admin%2Fjs%2Flink.js&loknya=%2Fhomepages%2F13%2Fd818981593%2Fhtdocs%2FGutTrechow%2Fwp-admin%2Fjs HTTP/1.1" 429 267 www.gut-trechow.de "-" "Mozilla/5.0 AppleWebKit/537.36 (KHTML, like Gecko; compatible; ClaudeBot/1.0; +claudebot@anthropic.com)" "-"
216.73.216.0 - - [21/Sep/2026:00:39:39 +0200] "GET /sitemap.xml?lokasie=%2Fbin%2Fmysqlaccess&loknya=%2Fbin HTTP/1.1" 429 267 www.gut-trechow.de "-" "Mozilla/5.0 AppleWebKit/537.36 (KHTML, like Gecko; compatible; ClaudeBot/1.0; +claudebot@anthropic.com)" "-"
216.73.216.0 - - [21/Sep/2026:00:39:39 +0200] "GET /sitemap.xml?lokasie=%2Fbin%2Fx86_64-linux-gnu-lto-dump&loknya=%2Fbin HTTP/1.1" 429 267 www.gut-trechow.de "-" "Mozilla/5.0 AppleWebKit/537.36 (KHTML, like Gecko; compatible; ClaudeBot/1.0; +claudebot@anthropic.com)" "-"
74.7.242.0 - - [21/Sep/2026:00:39:39 +0200] "GET /index.php?loknya=/proc/thread-self/root/proc/thread-self/root/proc/thread-self/root/proc/thread-self/root/proc/thread-self/root/kunden/kunden/proc/thread-self/root/kunden/proc/thread-self/root/var/cache/man/it HTTP/1.1" 429 267 s818981589.online.de "http://s818981589.online.de/index.php?loknya=/proc/thread-self/root/proc/thread-self/root/proc/thread-self/root/proc/thread-self/root/proc/thread-self/root/kunden/kunden/proc/thread-self/root/kunden/proc/thread-self/root/var/cache/man" "Mozilla/5.0 AppleWebKit/537.36 (KHTML, like Gecko; compatible; GPTBot/1.4; +https://openai.com/gptbot)" "-"
216.73.216.0 - - [21/Sep/2026:00:39:40 +0200] "GET /index.php?lokasie=%2Fhomepages%2F13%2Fd818981593%2Fhtdocs%2FGutTrechow%2Fwp-admin%2Fjs%2Fgallery.js&loknya=%2Fhomepages%2F13%2Fd818981593%2Fhtdocs%2FGutTrechow%2Fwp-admin%2Fjs HTTP/1.1" 429 267 www.gut-trechow.de "-" "Mozilla/5.0 AppleWebKit/537.36 (KHTML, like Gecko; compatible; ClaudeBot/1.0; +claudebot@anthropic.com)" "-"
216.73.216.0 - - [21/Sep/2026:00:39:40 +0200] "GET /sitemap.xml?lokasie=%2Fbin%2Fhg-ssh&loknya=%2Fbin HTTP/1.1" 429 267 www.gut-trechow.de "-" "Mozilla/5.0 AppleWebKit/537.36 (KHTML, like Gecko; compatible; ClaudeBot/1.0; +claudebot@anthropic.com)" "-"
216.73.216.0 - - [21/Sep/2026:00:39:40 +0200] "GET /sitemap.xml?lokasie=%2Fbin%2Fdpkg-split&loknya=%2Fbin HTTP/1.1" 429 267 www.gut-trechow.de "-" "Mozilla/5.0 AppleWebKit/537.36 (KHTML, like Gecko; compatible; ClaudeBot/1.0; +claudebot@anthropic.com)" "-"
216.73.216.0 - - [21/Sep/2026:00:39:40 +0200] "GET /index.php?lokasie=%2Fhomepages%2F13%2Fd818981593%2Fhtdocs%2FGutTrechow%2Fwp-admin%2Fjs%2Fcustom-background.min.js&loknya=%2Fhomepages%2F13%2Fd818981593%2Fhtdocs%2FGutTrechow%2Fwp-admin%2Fjs HTTP/1.1" 429 267 www.gut-trechow.de "-" "Mozilla/5.0 AppleWebKit/537.36 (KHTML, like Gecko; compatible; ClaudeBot/1.0; +claudebot@anthropic.com)" "-"
216.73.216.0 - - [21/Sep/2026:00:39:40 +0200] "GET /index.php?lokasie=%2Fhomepages%2F13%2Fd818981593%2Fhtdocs%2FGutTrechow%2Fwp-admin%2Fjs%2Fpostbox.min.js&loknya=%2Fhomepages%2F13%2Fd818981593%2Fhtdocs%2FGutTrechow%2Fwp-admin%2Fjs HTTP/1.1" 429 267 www.gut-trechow.de "-" "Mozilla/5.0 AppleWebKit/537.36 (KHTML, like Gecko; compatible; ClaudeBot/1.0; +claudebot@anthropic.com)" "-"
216.73.216.0 - - [21/Sep/2026:00:39:40 +0200] "GET /index.php?lokasie=%2Fhomepages%2F13%2Fd818981593%2Fhtdocs%2FGutTrechow%2Fwp-admin%2Fjs%2Fpassword-strength-meter.js&loknya=%2Fhomepages%2F13%2Fd818981593%2Fhtdocs%2FGutTrechow%2Fwp-admin%2Fjs HTTP/1.1" 429 267 www.gut-trechow.de "-" "Mozilla/5.0 AppleWebKit/537.36 (KHTML, like Gecko; compatible; ClaudeBot/1.0; +claudebot@anthropic.com)" "-"
216.73.216.0 - - [21/Sep/2026:00:39:40 +0200] "GET /sitemap.xml?lokasie=%2Fbin%2Fb2sum&loknya=%2Fbin HTTP/1.1" 429 267 www.gut-trechow.de "-" "Mozilla/5.0 AppleWebKit/537.36 (KHTML, like Gecko; compatible; ClaudeBot/1.0; +claudebot@anthropic.com)" "-"
216.73.216.0 - - [21/Sep/2026:00:39:40 +0200] "GET /sitemap.xml?lokasie=%2Fbin%2Fmake&loknya=%2Fbin HTTP/1.1" 429 267 www.gut-trechow.de "-" "Mozilla/5.0 AppleWebKit/537.36 (KHTML, like Gecko; compatible; ClaudeBot/1.0; +claudebot@anthropic.com)" "-"
62.138.6.0 - - [21/Sep/2026:00:39:40 +0200] "GET /index.php?lokasie=/homepages/13/d818981593/htdocs/GutTrechow/wp-content/plugins/user-role-editor/lang/user-role-editor.pot&loknya=/homepages/13/d818981593/htdocs/GutTrechow/wp-content/plugins/user-role-editor/lang HTTP/1.1" 200 36849 www.gut-trechow.de "-" "Mozilla/5.0 (X11; Linux x86_64) AppleWebKit/537.36 (KHTML, like Gecko) Chrome/124.0.0.0 Safari/537.36" "-"
216.73.216.0 - - [21/Sep/2026:00:39:41 +0200] "GET /sitemap.xml?lokasie=%2Fbin%2Fmysql_fix_extensions&loknya=%2Fbin HTTP/1.1" 429 267 www.gut-trechow.de "-" "Mozilla/5.0 AppleWebKit/537.36 (KHTML, like Gecko; compatible; ClaudeBot/1.0; +claudebot@anthropic.com)" "-"
216.73.216.0 - - [21/Sep/2026:00:39:41 +0200] "GET /sitemap.xml?lokasie=%2Fbin%2Flsb_release&loknya=%2Fbin HTTP/1.1" 429 267 www.gut-trechow.de "-" "Mozilla/5.0 AppleWebKit/537.36 (KHTML, like Gecko; compatible; ClaudeBot/1.0; +claudebot@anthropic.com)" "-"
216.73.216.0 - - [21/Sep/2026:00:39:41 +0200] "GET /index.php?lokasie=%2Fhomepages%2F13%2Fd818981593%2Fhtdocs%2FGutTrechow%2Fwp-admin%2Fjs%2Fsvg-painter.js&loknya=%2Fhomepages%2F13%2Fd818981593%2Fhtdocs%2FGutTrechow%2Fwp-admin%2Fjs HTTP/1.1" 429 267 www.gut-trechow.de "-" "Mozilla/5.0 AppleWebKit/537.36 (KHTML, like Gecko; compatible; ClaudeBot/1.0; +claudebot@anthropic.com)" "-"
216.73.216.0 - - [21/Sep/2026:00:39:41 +0200] "GET /sitemap.xml?lokasie=%2Fbin%2Fcomm&loknya=%2Fbin HTTP/1.1" 429 267 www.gut-trechow.de "-" "Mozilla/5.0 AppleWebKit/537.36 (KHTML, like Gecko; compatible; ClaudeBot/1.0; +claudebot@anthropic.com)" "-"
216.73.216.0 - - [21/Sep/2026:00:39:41 +0200] "GET /sitemap.xml?lokasie=%2Fbin%2Frview&loknya=%2Fbin HTTP/1.1" 429 267 www.gut-trechow.de "-" "Mozilla/5.0 AppleWebKit/537.36 (KHTML, like Gecko; compatible; ClaudeBot/1.0; +claudebot@anthropic.com)" "-"
135.181.213.0 - - [21/Sep/2026:00:39:41 +0200] "GET /?loknya=/homepages/2/d821350993 HTTP/1.1" 200 18125 gut-trechow.de "-" "Mozilla/5.0 (compatible; MJ12bot/v1.4.8; http://mj12bot.com/)" "-"
216.73.216.0 - - [21/Sep/2026:00:39:41 +0200] "GET /sitemap.xml?lokasie=%2Fbin%2Fx86_64-linux-gnu-gcc-ranlib-14&loknya=%2Fbin HTTP/1.1" 429 267 www.gut-trechow.de "-" "Mozilla/5.0 AppleWebKit/537.36 (KHTML, like Gecko; compatible; ClaudeBot/1.0; +claudebot@anthropic.com)" "-"
216.73.216.0 - - [21/Sep/2026:00:39:41 +0200] "GET /index.php?lokasie=%2Fhomepages%2F13%2Fd818981593%2Fhtdocs%2FGutTrechow%2Fwp-admin%2Fjs%2Finline-edit-post.min.js&loknya=%2Fhomepages%2F13%2Fd818981593%2Fhtdocs%2FGutTrechow%2Fwp-admin%2Fjs HTTP/1.1" 429 267 www.gut-trechow.de "-" "Mozilla/5.0 AppleWebKit/537.36 (KHTML, like Gecko; compatible; ClaudeBot/1.0; +claudebot@anthropic.com)" "-"
74.7.242.0 - - [21/Sep/2026:00:39:41 +0200] "GET /index.php?loknya=/proc/thread-self/root/proc/thread-self/root/proc/thread-self/root/proc/thread-self/root/proc/thread-self/root/kunden/kunden/proc/thread-self/root/kunden/proc/thread-self/root/var/cache/man/fr/cat1 HTTP/1.1" 429 267 s818981589.online.de "http://s818981589.online.de/index.php?loknya=/proc/thread-self/root/proc/thread-self/root/proc/thread-self/root/proc/thread-self/root/proc/thread-self/root/kunden/kunden/proc/thread-self/root/kunden/proc/thread-self/root/var/cache/man/fr" "Mozilla/5.0 AppleWebKit/537.36 (KHTML, like Gecko; compatible; GPTBot/1.4; +https://openai.com/gptbot)" "-"
216.73.216.0 - - [21/Sep/2026:00:39:42 +0200] "GET /sitemap.xml?lokasie=%2Fbin%2Fzstdless&loknya=%2Fbin HTTP/1.1" 429 267 www.gut-trechow.de "-" "Mozilla/5.0 AppleWebKit/537.36 (KHTML, like Gecko; compatible; ClaudeBot/1.0; +claudebot@anthropic.com)" "-"
216.73.216.0 - - [21/Sep/2026:00:39:42 +0200] "GET /sitemap.xml?lokasie=%2Fbin%2Fnice&loknya=%2Fbin HTTP/1.1" 429 267 www.gut-trechow.de "-" "Mozilla/5.0 AppleWebKit/537.36 (KHTML, like Gecko; compatible; ClaudeBot/1.0; +claudebot@anthropic.com)" "-"
216.73.216.0 - - [21/Sep/2026:00:39:42 +0200] "GET /sitemap.xml?lokasie=%2Fbin%2Fx86_64-linux-gnu-gcc-ar&loknya=%2Fbin HTTP/1.1" 429 267 www.gut-trechow.de "-" "Mozilla/5.0 AppleWebKit/537.36 (KHTML, like Gecko; compatible; ClaudeBot/1.0; +claudebot@anthropic.com)" "-"
216.73.216.0 - - [21/Sep/2026:00:39:42 +0200] "GET /sitemap.xml?lokasie=%2Fbin%2Fgroups&loknya=%2Fbin HTTP/1.1" 429 267 www.gut-trechow.de "-" "Mozilla/5.0 AppleWebKit/537.36 (KHTML, like Gecko; compatible; ClaudeBot/1.0; +claudebot@anthropic.com)" "-"
216.73.216.0 - - [21/Sep/2026:00:39:42 +0200] "GET /index.php?lokasie=%2Fhomepages%2F13%2Fd818981593%2Fhtdocs%2FGutTrechow%2Fwp-admin%2Fjs%2Fpost.min.js&loknya=%2Fhomepages%2F13%2Fd818981593%2Fhtdocs%2FGutTrechow%2Fwp-admin%2Fjs HTTP/1.1" 429 267 www.gut-trechow.de "-" "Mozilla/5.0 AppleWebKit/537.36 (KHTML, like Gecko; compatible; ClaudeBot/1.0; +claudebot@anthropic.com)" "-"
216.73.216.0 - - [21/Sep/2026:00:39:42 +0200] "GET /sitemap.xml?lokasie=%2Fbin%2Fjoin&loknya=%2Fbin HTTP/1.1" 429 267 www.gut-trechow.de "-" "Mozilla/5.0 AppleWebKit/537.36 (KHTML, like Gecko; compatible; ClaudeBot/1.0; +claudebot@anthropic.com)" "-"
216.73.216.0 - - [21/Sep/2026:00:39:42 +0200] "GET /sitemap.xml?lokasie=%2Fbin%2Fhelpztags&loknya=%2Fbin HTTP/1.1" 429 267 www.gut-trechow.de "-" "Mozilla/5.0 AppleWebKit/537.36 (KHTML, like Gecko; compatible; ClaudeBot/1.0; +claudebot@anthropic.com)" "-"
216.73.216.0 - - [21/Sep/2026:00:39:43 +0200] "GET /sitemap.xml?lokasie=%2Fbin%2Frunstat&loknya=%2Fbin HTTP/1.1" 429 267 www.gut-trechow.de "-" "Mozilla/5.0 AppleWebKit/537.36 (KHTML, like Gecko; compatible; ClaudeBot/1.0; +claudebot@anthropic.com)" "-"
216.73.216.0 - - [21/Sep/2026:00:39:43 +0200] "GET /sitemap.xml?lokasie=%2Fbin%2Fmariadb-convert-table-format&loknya=%2Fbin HTTP/1.1" 429 267 www.gut-trechow.de "-" "Mozilla/5.0 AppleWebKit/537.36 (KHTML, like Gecko; compatible; ClaudeBot/1.0; +claudebot@anthropic.com)" "-"
216.73.216.0 - - [21/Sep/2026:00:39:43 +0200] "GET /sitemap.xml?lokasie=%2Fbin%2Fpamtohdiff&loknya=%2Fbin HTTP/1.1" 429 267 www.gut-trechow.de "-" "Mozilla/5.0 AppleWebKit/537.36 (KHTML, like Gecko; compatible; ClaudeBot/1.0; +claudebot@anthropic.com)" "-"
216.73.216.0 - - [21/Sep/2026:00:39:43 +0200] "GET /sitemap.xml?lokasie=%2Fbin%2Fpgmdeshadow&loknya=%2Fbin HTTP/1.1" 429 267 www.gut-trechow.de "-" "Mozilla/5.0 AppleWebKit/537.36 (KHTML, like Gecko; compatible; ClaudeBot/1.0; +claudebot@anthropic.com)" "-"
216.73.216.0 - - [21/Sep/2026:00:39:43 +0200] "GET /sitemap.xml?lokasie=%2Fbin%2Fmawk&loknya=%2Fbin HTTP/1.1" 429 267 www.gut-trechow.de "-" "Mozilla/5.0 AppleWebKit/537.36 (KHTML, like Gecko; compatible; ClaudeBot/1.0; +claudebot@anthropic.com)" "-"
135.181.213.0 - - [21/Sep/2026:00:39:43 +0200] "GET /?loknya=/homepages/2/d821448612 HTTP/1.1" 200 14066 gut-trechow.de "-" "Mozilla/5.0 (compatible; MJ12bot/v1.4.8; http://mj12bot.com/)" "-"
216.73.216.0 - - [21/Sep/2026:00:39:43 +0200] "GET /sitemap.xml?lokasie=%2Fbin%2Fdotlockfile&loknya=%2Fbin HTTP/1.1" 429 267 www.gut-trechow.de "-" "Mozilla/5.0 AppleWebKit/537.36 (KHTML, like Gecko; compatible; ClaudeBot/1.0; +claudebot@anthropic.com)" "-"
74.7.242.0 - - [21/Sep/2026:00:39:43 +0200] "GET /index.php?loknya=/proc/thread-self/root/proc/thread-self/root/proc/thread-self/root/proc/thread-self/root/proc/thread-self/root//proc/thread-self/root/proc HTTP/1.1" 429 267 s818981589.online.de "http://s818981589.online.de/index.php?loknya=/proc/thread-self/root/proc/thread-self/root/proc/thread-self/root/proc/thread-self/root/proc/thread-self/root//proc/thread-self/root/proc/thread-self" "Mozilla/5.0 AppleWebKit/537.36 (KHTML, like Gecko; compatible; GPTBot/1.4; +https://openai.com/gptbot)" "-"
216.73.216.0 - - [21/Sep/2026:00:39:44 +0200] "GET /sitemap.xml?lokasie=%2Fbin%2Fpamgradient&loknya=%2Fbin HTTP/1.1" 429 267 www.gut-trechow.de "-" "Mozilla/5.0 AppleWebKit/537.36 (KHTML, like Gecko; compatible; ClaudeBot/1.0; +claudebot@anthropic.com)" "-"
216.73.216.0 - - [21/Sep/2026:00:39:44 +0200] "GET /sitemap.xml?lokasie=%2Fbin%2Fselect-default-iwrap&loknya=%2Fbin HTTP/1.1" 429 267 www.gut-trechow.de "-" "Mozilla/5.0 AppleWebKit/537.36 (KHTML, like Gecko; compatible; ClaudeBot/1.0; +claudebot@anthropic.com)" "-"
216.73.216.0 - - [21/Sep/2026:00:39:44 +0200] "GET /sitemap.xml?lokasie=%2Fbin%2Fzstd&loknya=%2Fbin HTTP/1.1" 429 267 www.gut-trechow.de "-" "Mozilla/5.0 AppleWebKit/537.36 (KHTML, like Gecko; compatible; ClaudeBot/1.0; +claudebot@anthropic.com)" "-"
216.73.216.0 - - [21/Sep/2026:00:39:44 +0200] "GET /sitemap.xml?lokasie=%2Fbin%2Flsmod&loknya=%2Fbin HTTP/1.1" 429 267 www.gut-trechow.de "-" "Mozilla/5.0 AppleWebKit/537.36 (KHTML, like Gecko; compatible; ClaudeBot/1.0; +claudebot@anthropic.com)" "-"
216.73.216.0 - - [21/Sep/2026:00:39:44 +0200] "GET /sitemap.xml?lokasie=%2Fbin%2Fchartex&loknya=%2Fbin HTTP/1.1" 429 267 www.gut-trechow.de "-" "Mozilla/5.0 AppleWebKit/537.36 (KHTML, like Gecko; compatible; ClaudeBot/1.0; +claudebot@anthropic.com)" "-"
216.73.216.0 - - [21/Sep/2026:00:39:44 +0200] "GET /index.php?lokasie=%2Fhomepages%2F13%2Fd818981593%2Fhtdocs%2FGutTrechow%2Fwp-admin%2Fjs%2Fuser-suggest.min.js&loknya=%2Fhomepages%2F13%2Fd818981593%2Fhtdocs%2FGutTrechow%2Fwp-admin%2Fjs HTTP/1.1" 429 267 www.gut-trechow.de "-" "Mozilla/5.0 AppleWebKit/537.36 (KHTML, like Gecko; compatible; ClaudeBot/1.0; +claudebot@anthropic.com)" "-"
216.73.216.0 - - [21/Sep/2026:00:39:44 +0200] "GET /sitemap.xml?lokasie=%2Fbin%2Fcpack&loknya=%2Fbin HTTP/1.1" 429 267 www.gut-trechow.de "-" "Mozilla/5.0 AppleWebKit/537.36 (KHTML, like Gecko; compatible; ClaudeBot/1.0; +claudebot@anthropic.com)" "-"
220.181.108.0 - - [21/Sep/2026:00:39:44 +0200] "GET /impressum/?lokasie=/homepages/18/d821585821/DASTOOLSTART&loknya=/homepages/18/d821585821 HTTP/1.1" 429 267 s818981589.online.de "-" "Mozilla/5.0 (compatible; Baiduspider/2.0; +http://www.baidu.com/search/spider.html)" "-"
216.73.216.0 - - [21/Sep/2026:00:39:45 +0200] "GET /index.php?lokasie=%2Fhomepages%2F13%2Fd818981593%2Fhtdocs%2FGutTrechow%2Fwp-admin%2Fjs%2Fword-count.js&loknya=%2Fhomepages%2F13%2Fd818981593%2Fhtdocs%2FGutTrechow%2Fwp-admin%2Fjs HTTP/1.1" 429 267 www.gut-trechow.de "-" "Mozilla/5.0 AppleWebKit/537.36 (KHTML, like Gecko; compatible; ClaudeBot/1.0; +claudebot@anthropic.com)" "-"
216.73.216.0 - - [21/Sep/2026:00:39:45 +0200] "GET /sitemap.xml?lokasie=%2Fbin%2Fdb_load&loknya=%2Fbin HTTP/1.1" 429 267 www.gut-trechow.de "-" "Mozilla/5.0 AppleWebKit/537.36 (KHTML, like Gecko; compatible; ClaudeBot/1.0; +claudebot@anthropic.com)" "-"
216.73.216.0 - - [21/Sep/2026:00:39:45 +0200] "GET /index.php?lokasie=%2Fhomepages%2F13%2Fd818981593%2Fhtdocs%2FGutTrechow%2Fwp-admin%2Fjs%2Fmedia-upload.js&loknya=%2Fhomepages%2F13%2Fd818981593%2Fhtdocs%2FGutTrechow%2Fwp-admin%2Fjs HTTP/1.1" 429 267 www.gut-trechow.de "-" "Mozilla/5.0 AppleWebKit/537.36 (KHTML, like Gecko; compatible; ClaudeBot/1.0; +claudebot@anthropic.com)" "-"
216.73.216.0 - - [21/Sep/2026:00:39:45 +0200] "GET /sitemap.xml?lokasie=%2Fbin%2Ftypeprof3.3&loknya=%2Fbin HTTP/1.1" 429 267 www.gut-trechow.de "-" "Mozilla/5.0 AppleWebKit/537.36 (KHTML, like Gecko; compatible; ClaudeBot/1.0; +claudebot@anthropic.com)" "-"
216.73.216.0 - - [21/Sep/2026:00:39:45 +0200] "GET /sitemap.xml?lokasie=%2Fbin%2Fstat&loknya=%2Fbin HTTP/1.1" 429 267 www.gut-trechow.de "-" "Mozilla/5.0 AppleWebKit/537.36 (KHTML, like Gecko; compatible; ClaudeBot/1.0; +claudebot@anthropic.com)" "-"
216.73.216.0 - - [21/Sep/2026:00:39:45 +0200] "GET /sitemap.xml?lokasie=%2Fbin%2Fstream-im7&loknya=%2Fbin HTTP/1.1" 429 267 www.gut-trechow.de "-" "Mozilla/5.0 AppleWebKit/537.36 (KHTML, like Gecko; compatible; ClaudeBot/1.0; +claudebot@anthropic.com)" "-"
216.73.216.0 - - [21/Sep/2026:00:39:45 +0200] "GET /sitemap.xml?lokasie=%2Fbin%2Fsetpriv&loknya=%2Fbin HTTP/1.1" 429 267 www.gut-trechow.de "-" "Mozilla/5.0 AppleWebKit/537.36 (KHTML, like Gecko; compatible; ClaudeBot/1.0; +claudebot@anthropic.com)" "-"
135.181.213.0 - - [21/Sep/2026:00:39:45 +0200] "GET /?loknya=/homepages/2/d821548205 HTTP/1.1" 200 19524 gut-trechow.de "-" "Mozilla/5.0 (compatible; MJ12bot/v1.4.8; http://mj12bot.com/)" "-"
116.179.32.0 - - [21/Sep/2026:00:39:45 +0200] "GET /impressum/?lokasie=/homepages/18/d821585821/htpasswd&loknya=/homepages/18/d821585821 HTTP/1.1" 429 267 s818981589.online.de "-" "Mozilla/5.0 (compatible; Baiduspider/2.0; +http://www.baidu.com/search/spider.html)" "-"
116.179.32.0 - - [21/Sep/2026:00:39:45 +0200] "GET /impressum/?lokasie=/homepages/18/d818445516/htpasswd&loknya=/homepages/18/d818445516 HTTP/1.1" 429 267 s818981589.online.de "-" "Mozilla/5.0 (compatible; Baiduspider/2.0; +http://www.baidu.com/search/spider.html)" "-"
116.179.32.0 - - [21/Sep/2026:00:39:45 +0200] "GET /impressum/?lokasie=/homepages/18/d821585821/phpinilist&loknya=/homepages/18/d821585821 HTTP/1.1" 429 267 s818981589.online.de "-" "Mozilla/5.0 (compatible; Baiduspider/2.0; +http://www.baidu.com/search/spider.html)" "-"
116.179.32.0 - - [21/Sep/2026:00:39:45 +0200] "GET /impressum/?lokasie=/homepages/18/d821585821/.htaccess&loknya=/homepages/18/d821585821 HTTP/1.1" 429 267 s818981589.online.de "-" "Mozilla/5.0 (compatible; Baiduspider/2.0; +http://www.baidu.com/search/spider.html)" "-"
111.225.214.0 - - [21/Sep/2026:00:39:45 +0200] "GET /impressum/?lokasie=/homepages/18/d821585821/htpasswd&loknya=/homepages/18/d821585821 HTTP/1.1" 200 4082 s818981589.online.de "-" "Mozilla/5.0 (Windows NT 10.0; WOW64) AppleWebKit/537.36 (KHTML, like Gecko) Chrome/48.0.2564.116 Safari/537.36" "-"
111.225.214.0 - - [21/Sep/2026:00:39:45 +0200] "GET /impressum/?lokasie=/homepages/18/d821585821/DASTOOLSTART&loknya=/homepages/18/d821585821 HTTP/1.1" 200 4086 s818981589.online.de "-" "Mozilla/5.0 (Windows NT 10.0; WOW64) AppleWebKit/537.36 (KHTML, like Gecko) Chrome/48.0.2564.116 Safari/537.36" "-"
119.249.100.0 - - [21/Sep/2026:00:39:45 +0200] "GET /impressum/?lokasie=/homepages/18/d818445516/htpasswd&loknya=/homepages/18/d818445516 HTTP/1.1" 200 4082 s818981589.online.de "-" "Mozilla/5.0 (Windows NT 10.0; WOW64) AppleWebKit/537.36 (KHTML, like Gecko) Chrome/48.0.2564.116 Safari/537.36" "-"
111.225.214.0 - - [21/Sep/2026:00:39:45 +0200] "GET /impressum/?lokasie=/homepages/18/d821585821/phpinilist&loknya=/homepages/18/d821585821 HTTP/1.1" 200 4084 s818981589.online.de "-" "Mozilla/5.0 (Windows NT 10.0; WOW64) AppleWebKit/537.36 (KHTML, like Gecko) Chrome/48.0.2564.116 Safari/537.36" "-"
216.73.216.0 - - [21/Sep/2026:00:39:46 +0200] "GET /sitemap.xml?lokasie=%2Fbin%2Fpldd&loknya=%2Fbin HTTP/1.1" 429 267 www.gut-trechow.de "-" "Mozilla/5.0 AppleWebKit/537.36 (KHTML, like Gecko; compatible; ClaudeBot/1.0; +claudebot@anthropic.com)" "-"
216.73.216.0 - - [21/Sep/2026:00:39:46 +0200] "GET /sitemap.xml?lokasie=%2Fbin%2Fppmmake&loknya=%2Fbin HTTP/1.1" 429 267 www.gut-trechow.de "-" "Mozilla/5.0 AppleWebKit/537.36 (KHTML, like Gecko; compatible; ClaudeBot/1.0; +claudebot@anthropic.com)" "-"
216.73.216.0 - - [21/Sep/2026:00:39:46 +0200] "GET /sitemap.xml?lokasie=%2Fbin%2Fdvipdf&loknya=%2Fbin HTTP/1.1" 429 267 www.gut-trechow.de "-" "Mozilla/5.0 AppleWebKit/537.36 (KHTML, like Gecko; compatible; ClaudeBot/1.0; +claudebot@anthropic.com)" "-"
216.73.216.0 - - [21/Sep/2026:00:39:46 +0200] "GET /sitemap.xml?lokasie=%2Fbin%2Fgcc-ranlib&loknya=%2Fbin HTTP/1.1" 429 267 www.gut-trechow.de "-" "Mozilla/5.0 AppleWebKit/537.36 (KHTML, like Gecko; compatible; ClaudeBot/1.0; +claudebot@anthropic.com)" "-"
216.73.216.0 - - [21/Sep/2026:00:39:46 +0200] "GET /sitemap.xml?lokasie=%2Fbin%2Fpgmmorphconv&loknya=%2Fbin HTTP/1.1" 429 267 www.gut-trechow.de "-" "Mozilla/5.0 AppleWebKit/537.36 (KHTML, like Gecko; compatible; ClaudeBot/1.0; +claudebot@anthropic.com)" "-"
216.73.216.0 - - [21/Sep/2026:00:39:46 +0200] "GET /sitemap.xml?lokasie=%2Fbin%2Fprlimit&loknya=%2Fbin HTTP/1.1" 429 267 www.gut-trechow.de "-" "Mozilla/5.0 AppleWebKit/537.36 (KHTML, like Gecko; compatible; ClaudeBot/1.0; +claudebot@anthropic.com)" "-"
119.249.100.0 - - [21/Sep/2026:00:39:46 +0200] "GET /impressum/?lokasie=/homepages/18/d821585821/.htaccess&loknya=/homepages/18/d821585821 HTTP/1.1" 200 4083 s818981589.online.de "-" "Mozilla/5.0 (Windows NT 10.0; WOW64) AppleWebKit/537.36 (KHTML, like Gecko) Chrome/48.0.2564.116 Safari/537.36" "-"
216.73.216.0 - - [21/Sep/2026:00:39:47 +0200] "GET /sitemap.xml?lokasie=%2Fbin%2Fimagetops&loknya=%2Fbin HTTP/1.1" 429 267 www.gut-trechow.de "-" "Mozilla/5.0 AppleWebKit/537.36 (KHTML, like Gecko; compatible; ClaudeBot/1.0; +claudebot@anthropic.com)" "-"
216.73.216.0 - - [21/Sep/2026:00:39:47 +0200] "GET /sitemap.xml?lokasie=%2Fbin%2Frun0&loknya=%2Fbin HTTP/1.1" 429 267 www.gut-trechow.de "-" "Mozilla/5.0 AppleWebKit/537.36 (KHTML, like Gecko; compatible; ClaudeBot/1.0; +claudebot@anthropic.com)" "-"
216.73.216.0 - - [21/Sep/2026:00:39:47 +0200] "GET /sitemap.xml?lokasie=%2Fbin%2Fperlbug&loknya=%2Fbin HTTP/1.1" 429 267 www.gut-trechow.de "-" "Mozilla/5.0 AppleWebKit/537.36 (KHTML, like Gecko; compatible; ClaudeBot/1.0; +claudebot@anthropic.com)" "-"
216.73.216.0 - - [21/Sep/2026:00:39:47 +0200] "GET /sitemap.xml?lokasie=%2Fbin%2Freadlink&loknya=%2Fbin HTTP/1.1" 429 267 www.gut-trechow.de "-" "Mozilla/5.0 AppleWebKit/537.36 (KHTML, like Gecko; compatible; ClaudeBot/1.0; +claudebot@anthropic.com)" "-"
216.73.216.0 - - [21/Sep/2026:00:39:47 +0200] "GET /sitemap.xml?lokasie=%2Fbin%2Fpcdindex&loknya=%2Fbin HTTP/1.1" 429 267 www.gut-trechow.de "-" "Mozilla/5.0 AppleWebKit/537.36 (KHTML, like Gecko; compatible; ClaudeBot/1.0; +claudebot@anthropic.com)" "-"
216.73.216.0 - - [21/Sep/2026:00:39:47 +0200] "GET /sitemap.xml?lokasie=%2Fbin%2Fmariadb-dump&loknya=%2Fbin HTTP/1.1" 429 267 www.gut-trechow.de "-" "Mozilla/5.0 AppleWebKit/537.36 (KHTML, like Gecko; compatible; ClaudeBot/1.0; +claudebot@anthropic.com)" "-"
216.73.216.0 - - [21/Sep/2026:00:39:47 +0200] "GET /index.php?lokasie=%2Fhomepages%2F13%2Fd818981593%2Fhtdocs%2FGutTrechow%2Fwp-admin%2Fjs%2Fmedia-gallery.min.js&loknya=%2Fhomepages%2F13%2Fd818981593%2Fhtdocs%2FGutTrechow%2Fwp-admin%2Fjs HTTP/1.1" 429 267 www.gut-trechow.de "-" "Mozilla/5.0 AppleWebKit/537.36 (KHTML, like Gecko; compatible; ClaudeBot/1.0; +claudebot@anthropic.com)" "-"
216.73.216.0 - - [21/Sep/2026:00:39:47 +0200] "GET /sitemap.xml?lokasie=%2Fbin%2Frdoc&loknya=%2Fbin HTTP/1.1" 429 267 www.gut-trechow.de "-" "Mozilla/5.0 AppleWebKit/537.36 (KHTML, like Gecko; compatible; ClaudeBot/1.0; +claudebot@anthropic.com)" "-"
216.73.216.0 - - [21/Sep/2026:00:39:47 +0200] "GET /sitemap.xml?lokasie=%2Fbin%2Finstmodsh&loknya=%2Fbin HTTP/1.1" 429 267 www.gut-trechow.de "-" "Mozilla/5.0 AppleWebKit/537.36 (KHTML, like Gecko; compatible; ClaudeBot/1.0; +claudebot@anthropic.com)" "-"
135.181.213.0 - - [21/Sep/2026:00:39:47 +0200] "GET /?loknya=/homepages/2/d821572081 HTTP/1.1" 200 19489 gut-trechow.de "-" "Mozilla/5.0 (compatible; MJ12bot/v1.4.8; http://mj12bot.com/)" "-"
74.7.242.0 - - [21/Sep/2026:00:39:47 +0200] "GET /index.php?loknya=/proc/thread-self/proc/thread-self/proc/thread-self/proc/thread-self/proc/thread-self/kunden/kunden/proc/thread-self/kunden/proc/thread-self HTTP/1.1" 429 267 s818981589.online.de "http://s818981589.online.de/index.php?loknya=/proc/thread-self/proc/thread-self/proc/thread-self/proc/thread-self/proc/thread-self/kunden/kunden/proc/thread-self/kunden/proc/thread-self/kunden/" "Mozilla/5.0 AppleWebKit/537.36 (KHTML, like Gecko; compatible; GPTBot/1.4; +https://openai.com/gptbot)" "-"
216.73.216.0 - - [21/Sep/2026:00:39:48 +0200] "GET /sitemap.xml?lokasie=%2Fbin%2Fifnames&loknya=%2Fbin HTTP/1.1" 429 267 www.gut-trechow.de "-" "Mozilla/5.0 AppleWebKit/537.36 (KHTML, like Gecko; compatible; ClaudeBot/1.0; +claudebot@anthropic.com)" "-"
216.73.216.0 - - [21/Sep/2026:00:39:48 +0200] "GET /sitemap.xml?lokasie=%2Fbin%2Fx86_64-linux-gnu-gcov-dump-14&loknya=%2Fbin HTTP/1.1" 429 267 www.gut-trechow.de "-" "Mozilla/5.0 AppleWebKit/537.36 (KHTML, like Gecko; compatible; ClaudeBot/1.0; +claudebot@anthropic.com)" "-"
216.73.216.0 - - [21/Sep/2026:00:39:48 +0200] "GET /sitemap.xml?lokasie=%2Fbin%2Fpgmramp&loknya=%2Fbin HTTP/1.1" 429 267 www.gut-trechow.de "-" "Mozilla/5.0 AppleWebKit/537.36 (KHTML, like Gecko; compatible; ClaudeBot/1.0; +claudebot@anthropic.com)" "-"
216.73.216.0 - - [21/Sep/2026:00:39:48 +0200] "GET /sitemap.xml?lokasie=%2Fbin%2Fppmtomitsu&loknya=%2Fbin HTTP/1.1" 429 267 www.gut-trechow.de "-" "Mozilla/5.0 AppleWebKit/537.36 (KHTML, like Gecko; compatible; ClaudeBot/1.0; +claudebot@anthropic.com)" "-"
216.73.216.0 - - [21/Sep/2026:00:39:48 +0200] "GET /sitemap.xml?lokasie=%2Fbin%2Fpnmquantall&loknya=%2Fbin HTTP/1.1" 429 267 www.gut-trechow.de "-" "Mozilla/5.0 AppleWebKit/537.36 (KHTML, like Gecko; compatible; ClaudeBot/1.0; +claudebot@anthropic.com)" "-"
216.73.216.0 - - [21/Sep/2026:00:39:48 +0200] "GET /sitemap.xml?lokasie=%2Fbin%2Fpnmdepth&loknya=%2Fbin HTTP/1.1" 429 267 www.gut-trechow.de "-" "Mozilla/5.0 AppleWebKit/537.36 (KHTML, like Gecko; compatible; ClaudeBot/1.0; +claudebot@anthropic.com)" "-"
216.73.216.0 - - [21/Sep/2026:00:39:48 +0200] "GET /sitemap.xml?lokasie=%2Fbin%2Fppmrough&loknya=%2Fbin HTTP/1.1" 429 267 www.gut-trechow.de "-" "Mozilla/5.0 AppleWebKit/537.36 (KHTML, like Gecko; compatible; ClaudeBot/1.0; +claudebot@anthropic.com)" "-"
216.73.216.0 - - [21/Sep/2026:00:39:48 +0200] "GET /sitemap.xml?lokasie=%2Fbin%2Ftr&loknya=%2Fbin HTTP/1.1" 429 267 www.gut-trechow.de "-" "Mozilla/5.0 AppleWebKit/537.36 (KHTML, like Gecko; compatible; ClaudeBot/1.0; +claudebot@anthropic.com)" "-"
216.73.216.0 - - [21/Sep/2026:00:39:48 +0200] "GET /sitemap.xml?lokasie=%2Fbin%2Fwhereis&loknya=%2Fbin HTTP/1.1" 429 267 www.gut-trechow.de "-" "Mozilla/5.0 AppleWebKit/537.36 (KHTML, like Gecko; compatible; ClaudeBot/1.0; +claudebot@anthropic.com)" "-"
216.73.216.0 - - [21/Sep/2026:00:39:49 +0200] "GET /sitemap.xml?lokasie=%2Fbin%2Fpgmhist&loknya=%2Fbin HTTP/1.1" 429 267 www.gut-trechow.de "-" "Mozilla/5.0 AppleWebKit/537.36 (KHTML, like Gecko; compatible; ClaudeBot/1.0; +claudebot@anthropic.com)" "-"
216.73.216.0 - - [21/Sep/2026:00:39:49 +0200] "GET /sitemap.xml?lokasie=%2Fbin%2Ffmt&loknya=%2Fbin HTTP/1.1" 429 267 www.gut-trechow.de "-" "Mozilla/5.0 AppleWebKit/537.36 (KHTML, like Gecko; compatible; ClaudeBot/1.0; +claudebot@anthropic.com)" "-"
216.73.216.0 - - [21/Sep/2026:00:39:49 +0200] "GET /sitemap.xml?lokasie=%2Fbin%2Fcjpeg&loknya=%2Fbin HTTP/1.1" 429 267 www.gut-trechow.de "-" "Mozilla/5.0 AppleWebKit/537.36 (KHTML, like Gecko; compatible; ClaudeBot/1.0; +claudebot@anthropic.com)" "-"
216.73.216.0 - - [21/Sep/2026:00:39:49 +0200] "GET /sitemap.xml?lokasie=%2Fbin%2Fcaptoinfo&loknya=%2Fbin HTTP/1.1" 429 267 www.gut-trechow.de "-" "Mozilla/5.0 AppleWebKit/537.36 (KHTML, like Gecko; compatible; ClaudeBot/1.0; +claudebot@anthropic.com)" "-"
216.73.216.0 - - [21/Sep/2026:00:39:49 +0200] "GET /sitemap.xml?lokasie=%2Fbin%2Fegrep&loknya=%2Fbin HTTP/1.1" 429 267 www.gut-trechow.de "-" "Mozilla/5.0 AppleWebKit/537.36 (KHTML, like Gecko; compatible; ClaudeBot/1.0; +claudebot@anthropic.com)" "-"
216.73.216.0 - - [21/Sep/2026:00:39:49 +0200] "GET /sitemap.xml?lokasie=%2Fbin%2Fmore&loknya=%2Fbin HTTP/1.1" 429 267 www.gut-trechow.de "-" "Mozilla/5.0 AppleWebKit/537.36 (KHTML, like Gecko; compatible; ClaudeBot/1.0; +claudebot@anthropic.com)" "-"
216.73.216.0 - - [21/Sep/2026:00:39:49 +0200] "GET /sitemap.xml?lokasie=%2Fbin%2Fbsd-mailx&loknya=%2Fbin HTTP/1.1" 429 267 www.gut-trechow.de "-" "Mozilla/5.0 AppleWebKit/537.36 (KHTML, like Gecko; compatible; ClaudeBot/1.0; +claudebot@anthropic.com)" "-"
216.73.216.0 - - [21/Sep/2026:00:39:49 +0200] "GET /sitemap.xml?lokasie=%2Fbin%2Ftiffcmp&loknya=%2Fbin HTTP/1.1" 429 267 www.gut-trechow.de "-" "Mozilla/5.0 AppleWebKit/537.36 (KHTML, like Gecko; compatible; ClaudeBot/1.0; +claudebot@anthropic.com)" "-"
216.73.216.0 - - [21/Sep/2026:00:39:49 +0200] "GET /sitemap.xml?lokasie=%2Fbin%2Fgpg-agent&loknya=%2Fbin HTTP/1.1" 429 267 www.gut-trechow.de "-" "Mozilla/5.0 AppleWebKit/537.36 (KHTML, like Gecko; compatible; ClaudeBot/1.0; +claudebot@anthropic.com)" "-"
216.73.216.0 - - [21/Sep/2026:00:39:49 +0200] "GET /sitemap.xml?lokasie=%2Fbin%2Fcompare-im7&loknya=%2Fbin HTTP/1.1" 429 267 www.gut-trechow.de "-" "Mozilla/5.0 AppleWebKit/537.36 (KHTML, like Gecko; compatible; ClaudeBot/1.0; +claudebot@anthropic.com)" "-"
135.181.213.0 - - [21/Sep/2026:00:39:49 +0200] "GET /?loknya=/homepages/2/d821572410 HTTP/1.1" 200 14063 gut-trechow.de "-" "Mozilla/5.0 (compatible; MJ12bot/v1.4.8; http://mj12bot.com/)" "-"
216.73.216.0 - - [21/Sep/2026:00:39:49 +0200] "GET /sitemap.xml?lokasie=%2Fbin%2Fdircolors&loknya=%2Fbin HTTP/1.1" 429 267 www.gut-trechow.de "-" "Mozilla/5.0 AppleWebKit/537.36 (KHTML, like Gecko; compatible; ClaudeBot/1.0; +claudebot@anthropic.com)" "-"
216.73.216.0 - - [21/Sep/2026:00:39:50 +0200] "GET /sitemap.xml?lokasie=%2Fbin%2Flsblk&loknya=%2Fbin HTTP/1.1" 429 267 www.gut-trechow.de "-" "Mozilla/5.0 AppleWebKit/537.36 (KHTML, like Gecko; compatible; ClaudeBot/1.0; +claudebot@anthropic.com)" "-"
216.73.216.0 - - [21/Sep/2026:00:39:50 +0200] "GET /sitemap.xml?lokasie=%2Fbin%2Fx86_64-linux-gnu-gcov-tool-14&loknya=%2Fbin HTTP/1.1" 429 267 www.gut-trechow.de "-" "Mozilla/5.0 AppleWebKit/537.36 (KHTML, like Gecko; compatible; ClaudeBot/1.0; +claudebot@anthropic.com)" "-"
216.73.216.0 - - [21/Sep/2026:00:39:50 +0200] "GET /sitemap.xml?lokasie=%2Fbin%2Fchronic&loknya=%2Fbin HTTP/1.1" 429 267 www.gut-trechow.de "-" "Mozilla/5.0 AppleWebKit/537.36 (KHTML, like Gecko; compatible; ClaudeBot/1.0; +claudebot@anthropic.com)" "-"
216.73.216.0 - - [21/Sep/2026:00:39:51 +0200] "GET /sitemap.xml?lokasie=%2Fbin%2Fperldoc.stub&loknya=%2Fbin HTTP/1.1" 429 267 www.gut-trechow.de "-" "Mozilla/5.0 AppleWebKit/537.36 (KHTML, like Gecko; compatible; ClaudeBot/1.0; +claudebot@anthropic.com)" "-"
135.181.213.0 - - [21/Sep/2026:00:39:51 +0200] "GET /?loknya=/homepages/2/d821686103 HTTP/1.1" 200 20877 gut-trechow.de "-" "Mozilla/5.0 (compatible; MJ12bot/v1.4.8; http://mj12bot.com/)" "-"
216.73.216.0 - - [21/Sep/2026:00:39:51 +0200] "GET /sitemap.xml?lokasie=%2Fbin%2Fpdb3&loknya=%2Fbin HTTP/1.1" 429 267 www.gut-trechow.de "-" "Mozilla/5.0 AppleWebKit/537.36 (KHTML, like Gecko; compatible; ClaudeBot/1.0; +claudebot@anthropic.com)" "-"
216.73.216.0 - - [21/Sep/2026:00:39:52 +0200] "GET /sitemap.xml?lokasie=%2Fbin%2Fmountpoint&loknya=%2Fbin HTTP/1.1" 429 267 www.gut-trechow.de "-" "Mozilla/5.0 AppleWebKit/537.36 (KHTML, like Gecko; compatible; ClaudeBot/1.0; +claudebot@anthropic.com)" "-"
216.73.216.0 - - [21/Sep/2026:00:39:52 +0200] "GET /sitemap.xml?lokasie=%2Fbin%2Ftroff&loknya=%2Fbin HTTP/1.1" 429 267 www.gut-trechow.de "-" "Mozilla/5.0 AppleWebKit/537.36 (KHTML, like Gecko; compatible; ClaudeBot/1.0; +claudebot@anthropic.com)" "-"
220.181.108.0 - - [21/Sep/2026:00:39:52 +0200] "GET /impressum/?lokasie=/homepages/18/d821585821/distributor.lock&loknya=/homepages/18/d821585821 HTTP/1.1" 429 267 s818981589.online.de "-" "Mozilla/5.0 (compatible; Baiduspider/2.0; +http://www.baidu.com/search/spider.html)" "-"
220.181.108.0 - - [21/Sep/2026:00:39:52 +0200] "GET /impressum/?lokasie=/homepages/18/d821585821/last_traffic&loknya=/homepages/18/d821585821 HTTP/1.1" 429 267 s818981589.online.de "-" "Mozilla/5.0 (compatible; Baiduspider/2.0; +http://www.baidu.com/search/spider.html)" "-"
119.249.100.0 - - [21/Sep/2026:00:39:52 +0200] "GET /impressum/?lokasie=/homepages/18/d821585821/distributor.lock&loknya=/homepages/18/d821585821 HTTP/1.1" 200 4090 s818981589.online.de "-" "Mozilla/5.0 (Windows NT 10.0; WOW64) AppleWebKit/537.36 (KHTML, like Gecko) Chrome/48.0.2564.116 Safari/537.36" "-"
119.249.100.0 - - [21/Sep/2026:00:39:52 +0200] "GET /impressum/?lokasie=/homepages/18/d821585821/last_traffic&loknya=/homepages/18/d821585821 HTTP/1.1" 200 4086 s818981589.online.de "-" "Mozilla/5.0 (Windows NT 10.0; WOW64) AppleWebKit/537.36 (KHTML, like Gecko) Chrome/48.0.2564.116 Safari/537.36" "-"
216.73.216.0 - - [21/Sep/2026:00:39:53 +0200] "GET /sitemap.xml?lokasie=%2Fbin%2Fmariadb-analyze&loknya=%2Fbin HTTP/1.1" 429 267 www.gut-trechow.de "-" "Mozilla/5.0 AppleWebKit/537.36 (KHTML, like Gecko; compatible; ClaudeBot/1.0; +claudebot@anthropic.com)" "-"
216.73.216.0 - - [21/Sep/2026:00:39:53 +0200] "GET /sitemap.xml?lokasie=%2Fbin%2Ful&loknya=%2Fbin HTTP/1.1" 429 267 www.gut-trechow.de "-" "Mozilla/5.0 AppleWebKit/537.36 (KHTML, like Gecko; compatible; ClaudeBot/1.0; +claudebot@anthropic.com)" "-"
216.73.216.0 - - [21/Sep/2026:00:39:53 +0200] "GET /sitemap.xml?lokasie=%2Fbin%2Fvipe&loknya=%2Fbin HTTP/1.1" 429 267 www.gut-trechow.de "-" "Mozilla/5.0 AppleWebKit/537.36 (KHTML, like Gecko; compatible; ClaudeBot/1.0; +claudebot@anthropic.com)" "-"
216.73.216.0 - - [21/Sep/2026:00:39:53 +0200] "GET /sitemap.xml?lokasie=%2Fbin%2Fgetent&loknya=%2Fbin HTTP/1.1" 429 267 www.gut-trechow.de "-" "Mozilla/5.0 AppleWebKit/537.36 (KHTML, like Gecko; compatible; ClaudeBot/1.0; +claudebot@anthropic.com)" "-"
216.73.216.0 - - [21/Sep/2026:00:39:53 +0200] "GET /sitemap.xml?lokasie=%2Fbin%2Fstdbuf&loknya=%2Fbin HTTP/1.1" 429 267 www.gut-trechow.de "-" "Mozilla/5.0 AppleWebKit/537.36 (KHTML, like Gecko; compatible; ClaudeBot/1.0; +claudebot@anthropic.com)" "-"
216.73.216.0 - - [21/Sep/2026:00:39:53 +0200] "GET /sitemap.xml?lokasie=%2Fbin%2Fracc3.3&loknya=%2Fbin HTTP/1.1" 429 267 www.gut-trechow.de "-" "Mozilla/5.0 AppleWebKit/537.36 (KHTML, like Gecko; compatible; ClaudeBot/1.0; +claudebot@anthropic.com)" "-"
216.73.216.0 - - [21/Sep/2026:00:39:53 +0200] "GET /sitemap.xml?lokasie=%2Fbin%2Fshowtable&loknya=%2Fbin HTTP/1.1" 429 267 www.gut-trechow.de "-" "Mozilla/5.0 AppleWebKit/537.36 (KHTML, like Gecko; compatible; ClaudeBot/1.0; +claudebot@anthropic.com)" "-"
216.73.216.0 - - [21/Sep/2026:00:39:53 +0200] "GET /sitemap.xml?lokasie=%2Fbin%2Fcat&loknya=%2Fbin HTTP/1.1" 429 267 www.gut-trechow.de "-" "Mozilla/5.0 AppleWebKit/537.36 (KHTML, like Gecko; compatible; ClaudeBot/1.0; +claudebot@anthropic.com)" "-"
135.181.213.0 - - [21/Sep/2026:00:39:53 +0200] "GET /?loknya=/homepages/2/d822153894 HTTP/1.1" 200 19480 gut-trechow.de "-" "Mozilla/5.0 (compatible; MJ12bot/v1.4.8; http://mj12bot.com/)" "-"
74.7.242.0 - - [21/Sep/2026:00:39:53 +0200] "GET /index.php?loknya=/proc/thread-self/proc/thread-self/proc/thread-self/proc/thread-self/proc/thread-self/kunden/kunden/proc/thread-self/kunden/proc HTTP/1.1" 429 267 s818981589.online.de "http://s818981589.online.de/index.php?loknya=/proc/thread-self/proc/thread-self/proc/thread-self/proc/thread-self/proc/thread-self/kunden/kunden/proc/thread-self/kunden/proc/thread-self/kunden/" "Mozilla/5.0 AppleWebKit/537.36 (KHTML, like Gecko; compatible; GPTBot/1.4; +https://openai.com/gptbot)" "-"
116.179.32.0 - - [21/Sep/2026:00:39:53 +0200] "GET /impressum/?lokasie=/homepages/18/d821585821/.created&loknya=/homepages/18/d821585821 HTTP/1.1" 429 267 s818981589.online.de "-" "Mozilla/5.0 (compatible; Baiduspider/2.0; +http://www.baidu.com/search/spider.html)" "-"
220.181.108.0 - - [21/Sep/2026:00:39:53 +0200] "GET /impressum/?lokasie=/homepages/18/d821585821/metadata.json&loknya=/homepages/18/d821585821 HTTP/1.1" 429 267 s818981589.online.de "-" "Mozilla/5.0 (compatible; Baiduspider/2.0; +http://www.baidu.com/search/spider.html)" "-"
116.179.32.0 - - [21/Sep/2026:00:39:53 +0200] "GET /impressum/?loknya=/homepages/18/d821585821/.config HTTP/1.1" 429 267 s818981589.online.de "-" "Mozilla/5.0 (compatible; Baiduspider/2.0; +http://www.baidu.com/search/spider.html)" "-"
119.249.100.0 - - [21/Sep/2026:00:39:53 +0200] "GET /impressum/?lokasie=/homepages/18/d821585821/.created&loknya=/homepages/18/d821585821 HTTP/1.1" 200 4093 s818981589.online.de "-" "Mozilla/5.0 (Windows NT 10.0; WOW64) AppleWebKit/537.36 (KHTML, like Gecko) Chrome/48.0.2564.116 Safari/537.36" "-"
111.225.214.0 - - [21/Sep/2026:00:39:53 +0200] "GET /impressum/?loknya=/homepages/18/d821585821/.config HTTP/1.1" 200 5275 s818981589.online.de "-" "Mozilla/5.0 (Windows NT 10.0; WOW64) AppleWebKit/537.36 (KHTML, like Gecko) Chrome/48.0.2564.116 Safari/537.36" "-"
119.249.100.0 - - [21/Sep/2026:00:39:53 +0200] "GET /impressum/?lokasie=/homepages/18/d821585821/metadata.json&loknya=/homepages/18/d821585821 HTTP/1.1" 200 4087 s818981589.online.de "-" "Mozilla/5.0 (Windows NT 10.0; WOW64) AppleWebKit/537.36 (KHTML, like Gecko) Chrome/48.0.2564.116 Safari/537.36" "-"
216.73.216.0 - - [21/Sep/2026:00:39:54 +0200] "GET /sitemap.xml?lokasie=%2Fbin%2Fdb5.3_deadlock&loknya=%2Fbin HTTP/1.1" 429 267 www.gut-trechow.de "-" "Mozilla/5.0 AppleWebKit/537.36 (KHTML, like Gecko; compatible; ClaudeBot/1.0; +claudebot@anthropic.com)" "-"
74.7.227.0 - - [21/Sep/2026:00:39:54 +0200] "GET /index.php?loknya=/proc/thread-self/root/proc/thread-self/root/proc/thread-self/root/proc/thread-self/root/proc/thread-self/root/kunden/proc/thread-self/root/kunden/kunden/kunden/proc/thread-self/root/kunden/kunden/lib/klibc HTTP/1.1" 429 267 www.gut-trechow.de "http://www.gut-trechow.de/index.php?loknya=/proc/thread-self/root/proc/thread-self/root/proc/thread-self/root/proc/thread-self/root/proc/thread-self/root/kunden/proc/thread-self/root/kunden/kunden/kunden/proc/thread-self/root/kunden/kunden/lib" "Mozilla/5.0 AppleWebKit/537.36 (KHTML, like Gecko; compatible; GPTBot/1.4; +https://openai.com/gptbot)" "-"
135.181.213.0 - - [21/Sep/2026:00:39:55 +0200] "GET /?loknya=/homepages/2/d822170438 HTTP/1.1" 200 14063 gut-trechow.de "-" "Mozilla/5.0 (compatible; MJ12bot/v1.4.8; http://mj12bot.com/)" "-"
135.181.213.0 - - [21/Sep/2026:00:39:57 +0200] "GET /?loknya=/homepages/2/d822189426 HTTP/1.1" 200 19524 gut-trechow.de "-" "Mozilla/5.0 (compatible; MJ12bot/v1.4.8; http://mj12bot.com/)" "-"
216.73.216.0 - - [21/Sep/2026:00:39:58 +0200] "GET /sitemap.xml?lokasie=%2Fbin%2Fui-nss-schlund-version&loknya=%2Fbin HTTP/1.1" 429 267 www.gut-trechow.de "-" "Mozilla/5.0 AppleWebKit/537.36 (KHTML, like Gecko; compatible; ClaudeBot/1.0; +claudebot@anthropic.com)" "-"
216.73.216.0 - - [21/Sep/2026:00:39:58 +0200] "GET /index.php?lokasie=%2Fhomepages%2F13%2Fd818981593%2Fhtdocs%2FGutTrechow%2Fwp-admin%2Fjs%2Finline-edit-tax.js&loknya=%2Fhomepages%2F13%2Fd818981593%2Fhtdocs%2FGutTrechow%2Fwp-admin%2Fjs HTTP/1.1" 429 267 www.gut-trechow.de "-" "Mozilla/5.0 AppleWebKit/537.36 (KHTML, like Gecko; compatible; ClaudeBot/1.0; +claudebot@anthropic.com)" "-"
216.73.216.0 - - [21/Sep/2026:00:39:59 +0200] "GET /sitemap.xml?lokasie=%2Fbin%2Fpf2afm&loknya=%2Fbin HTTP/1.1" 429 267 www.gut-trechow.de "-" "Mozilla/5.0 AppleWebKit/537.36 (KHTML, like Gecko; compatible; ClaudeBot/1.0; +claudebot@anthropic.com)" "-"
216.73.216.0 - - [21/Sep/2026:00:39:59 +0200] "GET /sitemap.xml?lokasie=%2Fbin%2Fgcc&loknya=%2Fbin HTTP/1.1" 429 267 www.gut-trechow.de "-" "Mozilla/5.0 AppleWebKit/537.36 (KHTML, like Gecko; compatible; ClaudeBot/1.0; +claudebot@anthropic.com)" "-"
216.73.216.0 - - [21/Sep/2026:00:39:59 +0200] "GET /sitemap.xml?lokasie=%2Fbin%2Ffc-list&loknya=%2Fbin HTTP/1.1" 429 267 www.gut-trechow.de "-" "Mozilla/5.0 AppleWebKit/537.36 (KHTML, like Gecko; compatible; ClaudeBot/1.0; +claudebot@anthropic.com)" "-"
216.73.216.0 - - [21/Sep/2026:00:39:59 +0200] "GET /sitemap.xml?lokasie=%2Fbin%2Flocale&loknya=%2Fbin HTTP/1.1" 429 267 www.gut-trechow.de "-" "Mozilla/5.0 AppleWebKit/537.36 (KHTML, like Gecko; compatible; ClaudeBot/1.0; +claudebot@anthropic.com)" "-"
216.73.216.0 - - [21/Sep/2026:00:39:59 +0200] "GET /sitemap.xml?lokasie=%2Fbin%2Fmariadb-check&loknya=%2Fbin HTTP/1.1" 429 267 www.gut-trechow.de "-" "Mozilla/5.0 AppleWebKit/537.36 (KHTML, like Gecko; compatible; ClaudeBot/1.0; +claudebot@anthropic.com)" "-"
216.73.216.0 - - [21/Sep/2026:00:39:59 +0200] "GET /sitemap.xml?lokasie=%2Fbin%2Fsponge&loknya=%2Fbin HTTP/1.1" 429 267 www.gut-trechow.de "-" "Mozilla/5.0 AppleWebKit/537.36 (KHTML, like Gecko; compatible; ClaudeBot/1.0; +claudebot@anthropic.com)" "-"
216.73.216.0 - - [21/Sep/2026:00:39:59 +0200] "GET /sitemap.xml?lokasie=%2Fbin%2Fpnminvert&loknya=%2Fbin HTTP/1.1" 429 267 www.gut-trechow.de "-" "Mozilla/5.0 AppleWebKit/537.36 (KHTML, like Gecko; compatible; ClaudeBot/1.0; +claudebot@anthropic.com)" "-"
216.73.216.0 - - [21/Sep/2026:00:39:59 +0200] "GET /sitemap.xml?lokasie=%2Fbin%2Flexgrog&loknya=%2Fbin HTTP/1.1" 429 267 www.gut-trechow.de "-" "Mozilla/5.0 AppleWebKit/537.36 (KHTML, like Gecko; compatible; ClaudeBot/1.0; +claudebot@anthropic.com)" "-"
216.73.216.0 - - [21/Sep/2026:00:39:59 +0200] "GET /sitemap.xml?lokasie=%2Fbin%2Fapt-mark&loknya=%2Fbin HTTP/1.1" 429 267 www.gut-trechow.de "-" "Mozilla/5.0 AppleWebKit/537.36 (KHTML, like Gecko; compatible; ClaudeBot/1.0; +claudebot@anthropic.com)" "-"
216.73.216.0 - - [21/Sep/2026:00:39:59 +0200] "GET /sitemap.xml?lokasie=%2Fbin%2Fupdate_rubygems&loknya=%2Fbin HTTP/1.1" 429 267 www.gut-trechow.de "-" "Mozilla/5.0 AppleWebKit/537.36 (KHTML, like Gecko; compatible; ClaudeBot/1.0; +claudebot@anthropic.com)" "-"
216.73.216.0 - - [21/Sep/2026:00:39:59 +0200] "GET /sitemap.xml?lokasie=%2Fbin%2Fbzfgrep&loknya=%2Fbin HTTP/1.1" 429 267 www.gut-trechow.de "-" "Mozilla/5.0 AppleWebKit/537.36 (KHTML, like Gecko; compatible; ClaudeBot/1.0; +claudebot@anthropic.com)" "-"
216.73.216.0 - - [21/Sep/2026:00:39:59 +0200] "GET /sitemap.xml?lokasie=%2Fbin%2Ftput&loknya=%2Fbin HTTP/1.1" 429 267 www.gut-trechow.de "-" "Mozilla/5.0 AppleWebKit/537.36 (KHTML, like Gecko; compatible; ClaudeBot/1.0; +claudebot@anthropic.com)" "-"
135.181.213.0 - - [21/Sep/2026:00:39:59 +0200] "GET /?loknya=/homepages/2/d822191024 HTTP/1.1" 200 15419 gut-trechow.de "-" "Mozilla/5.0 (compatible; MJ12bot/v1.4.8; http://mj12bot.com/)" "-"
