119.249.100.0 - - [21/Sep/2026:00:24:10 +0200] "GET /impressum/?lokasie=/homepages/8/d819785993/phpinilist&loknya=/homepages/8/d819785993 HTTP/1.1" 200 4080 s818981589.online.de "-" "Mozilla/5.0 (Windows NT 10.0; WOW64) AppleWebKit/537.36 (KHTML, like Gecko) Chrome/48.0.2564.116 Safari/537.36" "-"
111.225.214.0 - - [21/Sep/2026:00:24:10 +0200] "GET /impressum/?lokasie=/homepages/8/d819785993/.htaccess&loknya=/homepages/8/d819785993 HTTP/1.1" 200 4079 s818981589.online.de "-" "Mozilla/5.0 (Windows NT 10.0; WOW64) AppleWebKit/537.36 (KHTML, like Gecko) Chrome/48.0.2564.116 Safari/537.36" "-"
111.225.214.0 - - [21/Sep/2026:00:24:10 +0200] "GET /impressum/?lokasie=/homepages/8/d819785993/.created&loknya=/homepages/8/d819785993 HTTP/1.1" 200 4089 s818981589.online.de "-" "Mozilla/5.0 (Windows NT 10.0; WOW64) AppleWebKit/537.36 (KHTML, like Gecko) Chrome/48.0.2564.116 Safari/537.36" "-"
116.179.32.0 - - [21/Sep/2026:00:24:11 +0200] "GET /impressum/?loknya=/homepages/25/d821962063/managed HTTP/1.1" 429 267 s818981589.online.de "-" "Mozilla/5.0 (compatible; Baiduspider/2.0; +http://www.baidu.com/search/spider.html)" "-"
119.249.100.0 - - [21/Sep/2026:00:24:11 +0200] "GET /impressum/?loknya=/homepages/25/d821962063/managed HTTP/1.1" 200 5275 s818981589.online.de "-" "Mozilla/5.0 (Windows NT 10.0; WOW64) AppleWebKit/537.36 (KHTML, like Gecko) Chrome/48.0.2564.116 Safari/537.36" "-"
74.7.242.0 - - [21/Sep/2026:00:24:13 +0200] "GET /index.php?loknya=/kunden/kunden/proc/thread-self/root/kunden/kunden/proc/thread-self/root/kunden/kunden/kunden/proc/thread-self/root/kunden/kunden/proc/thread-self/root/proc/thread-self/root/usr/lib/pam.d HTTP/1.1" 200 11036 s818981589.online.de "http://s818981589.online.de/index.php?loknya=/kunden/kunden/proc/thread-self/root/kunden/kunden/proc/thread-self/root/kunden/kunden/kunden/proc/thread-self/root/kunden/kunden/proc/thread-self/root/proc/thread-self/root/usr/lib" "Mozilla/5.0 AppleWebKit/537.36 (KHTML, like Gecko; compatible; GPTBot/1.4; +https://openai.com/gptbot)" "-"
74.7.227.0 - - [21/Sep/2026:00:24:15 +0200] "GET /index.php?loknya=/proc/thread-self/root/proc/thread-self/root/proc/thread-self/root/proc/thread-self/root/proc/thread-self/root/kunden/proc/thread-self/root/kunden/kunden/kunden/proc/thread-self/root/kunden/kunden/etc/gss HTTP/1.1" 429 267 www.gut-trechow.de "http://www.gut-trechow.de/index.php?loknya=/proc/thread-self/root/proc/thread-self/root/proc/thread-self/root/proc/thread-self/root/proc/thread-self/root/kunden/proc/thread-self/root/kunden/kunden/kunden/proc/thread-self/root/kunden/kunden/etc" "Mozilla/5.0 AppleWebKit/537.36 (KHTML, like Gecko; compatible; GPTBot/1.4; +https://openai.com/gptbot)" "-"
220.181.108.0 - - [21/Sep/2026:00:24:17 +0200] "GET /impressum/?lokasie=/homepages/8/d819785993/distributor.lock&loknya=/homepages/8/d819785993 HTTP/1.1" 429 267 s818981589.online.de "-" "Mozilla/5.0 (compatible; Baiduspider/2.0; +http://www.baidu.com/search/spider.html)" "-"
220.181.108.0 - - [21/Sep/2026:00:24:17 +0200] "GET /impressum/?lokasie=/homepages/8/d819785993/DASTOOLSTART&loknya=/homepages/8/d819785993 HTTP/1.1" 429 267 s818981589.online.de "-" "Mozilla/5.0 (compatible; Baiduspider/2.0; +http://www.baidu.com/search/spider.html)" "-"
220.181.108.0 - - [21/Sep/2026:00:24:17 +0200] "GET /impressum/?loknya=/homepages/8/d819785993/.config HTTP/1.1" 429 267 s818981589.online.de "-" "Mozilla/5.0 (compatible; Baiduspider/2.0; +http://www.baidu.com/search/spider.html)" "-"
43.224.35.0 - - [21/Sep/2026:00:24:17 +0200] "GET /blog/feed/ HTTP/1.1" 200 39192 s818981589.online.de "-" "python-requests/2.34.2" "-"
119.249.100.0 - - [21/Sep/2026:00:24:17 +0200] "GET /impressum/?lokasie=/homepages/8/d819785993/distributor.lock&loknya=/homepages/8/d819785993 HTTP/1.1" 200 4086 s818981589.online.de "-" "Mozilla/5.0 (Windows NT 10.0; WOW64) AppleWebKit/537.36 (KHTML, like Gecko) Chrome/48.0.2564.116 Safari/537.36" "-"
119.249.100.0 - - [21/Sep/2026:00:24:17 +0200] "GET /impressum/?lokasie=/homepages/8/d819785993/DASTOOLSTART&loknya=/homepages/8/d819785993 HTTP/1.1" 200 4082 s818981589.online.de "-" "Mozilla/5.0 (Windows NT 10.0; WOW64) AppleWebKit/537.36 (KHTML, like Gecko) Chrome/48.0.2564.116 Safari/537.36" "-"
119.249.100.0 - - [21/Sep/2026:00:24:17 +0200] "GET /impressum/?loknya=/homepages/8/d819785993/.config HTTP/1.1" 200 5268 s818981589.online.de "-" "Mozilla/5.0 (Windows NT 10.0; WOW64) AppleWebKit/537.36 (KHTML, like Gecko) Chrome/48.0.2564.116 Safari/537.36" "-"
220.181.108.0 - - [21/Sep/2026:00:24:18 +0200] "GET /impressum/?lokasie=/homepages/8/d819785993/htpasswd&loknya=/homepages/8/d819785993 HTTP/1.1" 429 267 s818981589.online.de "-" "Mozilla/5.0 (compatible; Baiduspider/2.0; +http://www.baidu.com/search/spider.html)" "-"
119.249.100.0 - - [21/Sep/2026:00:24:18 +0200] "GET /impressum/?lokasie=/homepages/8/d819785993/htpasswd&loknya=/homepages/8/d819785993 HTTP/1.1" 200 4078 s818981589.online.de "-" "Mozilla/5.0 (Windows NT 10.0; WOW64) AppleWebKit/537.36 (KHTML, like Gecko) Chrome/48.0.2564.116 Safari/537.36" "-"
62.138.6.0 - - [21/Sep/2026:00:24:19 +0200] "GET /index.php?loknya=/homepages/13/d818981593/htdocs/GutTrechow/wp-content/uploads/2021/07 HTTP/1.1" 200 5867 www.gut-trechow.de "-" "Mozilla/5.0 (X11; Linux x86_64) AppleWebKit/537.36 (KHTML, like Gecko) Chrome/124.0.0.0 Safari/537.36" "-"
116.179.32.0 - - [21/Sep/2026:00:24:19 +0200] "GET /impressum/?loknya=/homepages/8/ HTTP/1.1" 429 267 s818981589.online.de "-" "Mozilla/5.0 (compatible; Baiduspider/2.0; +http://www.baidu.com/search/spider.html)" "-"
119.249.100.0 - - [21/Sep/2026:00:24:19 +0200] "GET /impressum/?loknya=/homepages/8/ HTTP/1.1" 200 32140 s818981589.online.de "-" "Mozilla/5.0 (Windows NT 10.0; WOW64) AppleWebKit/537.36 (KHTML, like Gecko) Chrome/48.0.2564.116 Safari/537.36" "-"
74.7.242.0 - - [21/Sep/2026:00:24:21 +0200] "GET /index.php?loknya=/proc/thread-self/root/proc/thread-self/root/proc/thread-self/root/proc/thread-self/root/proc/thread-self/root/kunden/kunden/proc/thread-self/root/kunden/proc/thread-self/root/proc/fs/xfs HTTP/1.1" 200 13021 s818981589.online.de "http://s818981589.online.de/index.php?loknya=/proc/thread-self/root/proc/thread-self/root/proc/thread-self/root/proc/thread-self/root/proc/thread-self/root/kunden/kunden/proc/thread-self/root/kunden/proc/thread-self/root/proc/fs" "Mozilla/5.0 AppleWebKit/537.36 (KHTML, like Gecko; compatible; GPTBot/1.4; +https://openai.com/gptbot)" "-"
43.224.35.0 - - [21/Sep/2026:00:24:22 +0200] "GET /myadmin/ HTTP/1.1" 200 39192 s818981589.online.de "-" "python-requests/2.34.2" "-"
35.169.102.0 - - [21/Sep/2026:00:24:23 +0200] "GET /burgensemble/?loknya=/homepages/13/d818981593/htdocs/GutTrechow/wp-content/wp-to-html-exports HTTP/1.1" 200 7281 s818981589.online.de "-" "Mozilla/5.0 AppleWebKit/537.36 (KHTML, like Gecko; compatible; Amazonbot/0.1; +https://developer.amazon.com/support/amazonbot) Chrome/119.0.6045.214 Safari/537.36" "-"
220.181.108.0 - - [21/Sep/2026:00:24:24 +0200] "GET /impressum/?lokasie=/homepages/25/d819530847/DASTOOLSTART&loknya=/homepages/25/d819530847 HTTP/1.1" 429 267 s818981589.online.de "-" "Mozilla/5.0 (compatible; Baiduspider/2.0; +http://www.baidu.com/search/spider.html)" "-"
116.179.32.0 - - [21/Sep/2026:00:24:24 +0200] "GET /impressum/?lokasie=/homepages/8/d819785993/last_traffic&loknya=/homepages/8/d819785993 HTTP/1.1" 429 267 s818981589.online.de "-" "Mozilla/5.0 (compatible; Baiduspider/2.0; +http://www.baidu.com/search/spider.html)" "-"
220.181.108.0 - - [21/Sep/2026:00:24:24 +0200] "GET /impressum/?loknya=/homepages/8/d819785993/managed HTTP/1.1" 429 267 s818981589.online.de "-" "Mozilla/5.0 (compatible; Baiduspider/2.0; +http://www.baidu.com/search/spider.html)" "-"
220.181.108.0 - - [21/Sep/2026:00:24:24 +0200] "GET /impressum/?lokasie=/homepages/8/d819785993/htaccesslist&loknya=/homepages/8/d819785993 HTTP/1.1" 429 267 s818981589.online.de "-" "Mozilla/5.0 (compatible; Baiduspider/2.0; +http://www.baidu.com/search/spider.html)" "-"
220.181.108.0 - - [21/Sep/2026:00:24:25 +0200] "GET /impressum/?lokasie=/homepages/25/d819530847/metadata.json&loknya=/homepages/25/d819530847 HTTP/1.1" 429 267 s818981589.online.de "-" "Mozilla/5.0 (compatible; Baiduspider/2.0; +http://www.baidu.com/search/spider.html)" "-"
119.249.100.0 - - [21/Sep/2026:00:24:25 +0200] "GET /impressum/?lokasie=/homepages/25/d819530847/DASTOOLSTART&loknya=/homepages/25/d819530847 HTTP/1.1" 200 4086 s818981589.online.de "-" "Mozilla/5.0 (Windows NT 10.0; WOW64) AppleWebKit/537.36 (KHTML, like Gecko) Chrome/48.0.2564.116 Safari/537.36" "-"
111.225.214.0 - - [21/Sep/2026:00:24:25 +0200] "GET /impressum/?lokasie=/homepages/8/d819785993/last_traffic&loknya=/homepages/8/d819785993 HTTP/1.1" 200 4082 s818981589.online.de "-" "Mozilla/5.0 (Windows NT 10.0; WOW64) AppleWebKit/537.36 (KHTML, like Gecko) Chrome/48.0.2564.116 Safari/537.36" "-"
111.225.214.0 - - [21/Sep/2026:00:24:25 +0200] "GET /impressum/?loknya=/homepages/8/d819785993/managed HTTP/1.1" 200 5268 s818981589.online.de "-" "Mozilla/5.0 (Windows NT 10.0; WOW64) AppleWebKit/537.36 (KHTML, like Gecko) Chrome/48.0.2564.116 Safari/537.36" "-"
119.249.100.0 - - [21/Sep/2026:00:24:25 +0200] "GET /impressum/?lokasie=/homepages/8/d819785993/htaccesslist&loknya=/homepages/8/d819785993 HTTP/1.1" 200 4081 s818981589.online.de "-" "Mozilla/5.0 (Windows NT 10.0; WOW64) AppleWebKit/537.36 (KHTML, like Gecko) Chrome/48.0.2564.116 Safari/537.36" "-"
3.81.253.0 - - [21/Sep/2026:00:24:25 +0200] "GET /burgensemble/?lokasie=/homepages/13/d818981593/htdocs/GutTrechow/wp-content/index.php&loknya=/homepages/13/d818981593/htdocs/GutTrechow/wp-content HTTP/1.1" 200 4366 s818981589.online.de "-" "Mozilla/5.0 AppleWebKit/537.36 (KHTML, like Gecko; compatible; Amazonbot/0.1; +https://developer.amazon.com/support/amazonbot) Chrome/119.0.6045.214 Safari/537.36" "-"
119.249.100.0 - - [21/Sep/2026:00:24:25 +0200] "GET /impressum/?lokasie=/homepages/25/d819530847/metadata.json&loknya=/homepages/25/d819530847 HTTP/1.1" 200 4087 s818981589.online.de "-" "Mozilla/5.0 (Windows NT 10.0; WOW64) AppleWebKit/537.36 (KHTML, like Gecko) Chrome/48.0.2564.116 Safari/537.36" "-"
43.224.35.0 - - [21/Sep/2026:00:24:26 +0200] "GET /wordpress/ HTTP/1.1" 200 39192 s818981589.online.de "-" "python-requests/2.34.2" "-"
74.7.242.0 - - [21/Sep/2026:00:24:28 +0200] "GET /index.php?loknya=/proc/thread-self/root/proc/thread-self/root/proc/thread-self/root/proc/thread-self/root/proc/thread-self/root/kunden/kunden/proc/thread-self/root/kunden/proc/thread-self/root/srv HTTP/1.1" 200 8633 s818981589.online.de "http://s818981589.online.de/index.php?loknya=/proc/thread-self/root/proc/thread-self/root/proc/thread-self/root/proc/thread-self/root/proc/thread-self/root/kunden/kunden/proc/thread-self/root/kunden/proc/thread-self/root" "Mozilla/5.0 AppleWebKit/537.36 (KHTML, like Gecko; compatible; GPTBot/1.4; +https://openai.com/gptbot)" "-"
43.224.35.0 - - [21/Sep/2026:00:24:29 +0200] "GET /store/rss/ HTTP/1.1" 200 39192 s818981589.online.de "-" "python-requests/2.34.2" "-"
43.224.35.0 - - [21/Sep/2026:00:24:31 +0200] "GET /2018/ HTTP/1.1" 200 39192 s818981589.online.de "-" "python-requests/2.34.2" "-"
220.181.108.0 - - [21/Sep/2026:00:24:32 +0200] "GET /impressum/?lokasie=/homepages/25/d819530847/.created&loknya=/homepages/25/d819530847 HTTP/1.1" 429 267 s818981589.online.de "-" "Mozilla/5.0 (compatible; Baiduspider/2.0; +http://www.baidu.com/search/spider.html)" "-"
220.181.108.0 - - [21/Sep/2026:00:24:32 +0200] "GET /impressum/?lokasie=/homepages/25/d819530847/last_traffic&loknya=/homepages/25/d819530847 HTTP/1.1" 429 267 s818981589.online.de "-" "Mozilla/5.0 (compatible; Baiduspider/2.0; +http://www.baidu.com/search/spider.html)" "-"
116.179.32.0 - - [21/Sep/2026:00:24:32 +0200] "GET /impressum/?lokasie=/homepages/25/d819530847/htaccesslist&loknya=/homepages/25/d819530847 HTTP/1.1" 429 267 s818981589.online.de "-" "Mozilla/5.0 (compatible; Baiduspider/2.0; +http://www.baidu.com/search/spider.html)" "-"
116.179.32.0 - - [21/Sep/2026:00:24:32 +0200] "GET /impressum/?lokasie=/homepages/25/d819530847/phpinilist&loknya=/homepages/25/d819530847 HTTP/1.1" 429 267 s818981589.online.de "-" "Mozilla/5.0 (compatible; Baiduspider/2.0; +http://www.baidu.com/search/spider.html)" "-"
111.225.214.0 - - [21/Sep/2026:00:24:32 +0200] "GET /impressum/?lokasie=/homepages/25/d819530847/htaccesslist&loknya=/homepages/25/d819530847 HTTP/1.1" 200 4086 s818981589.online.de "-" "Mozilla/5.0 (Windows NT 10.0; WOW64) AppleWebKit/537.36 (KHTML, like Gecko) Chrome/48.0.2564.116 Safari/537.36" "-"
119.249.100.0 - - [21/Sep/2026:00:24:32 +0200] "GET /impressum/?lokasie=/homepages/25/d819530847/last_traffic&loknya=/homepages/25/d819530847 HTTP/1.1" 200 4086 s818981589.online.de "-" "Mozilla/5.0 (Windows NT 10.0; WOW64) AppleWebKit/537.36 (KHTML, like Gecko) Chrome/48.0.2564.116 Safari/537.36" "-"
119.249.100.0 - - [21/Sep/2026:00:24:32 +0200] "GET /impressum/?lokasie=/homepages/25/d819530847/.created&loknya=/homepages/25/d819530847 HTTP/1.1" 200 4092 s818981589.online.de "-" "Mozilla/5.0 (Windows NT 10.0; WOW64) AppleWebKit/537.36 (KHTML, like Gecko) Chrome/48.0.2564.116 Safari/537.36" "-"
119.249.100.0 - - [21/Sep/2026:00:24:32 +0200] "GET /impressum/?lokasie=/homepages/25/d819530847/phpinilist&loknya=/homepages/25/d819530847 HTTP/1.1" 200 4083 s818981589.online.de "-" "Mozilla/5.0 (Windows NT 10.0; WOW64) AppleWebKit/537.36 (KHTML, like Gecko) Chrome/48.0.2564.116 Safari/537.36" "-"
220.181.108.0 - - [21/Sep/2026:00:24:33 +0200] "GET /impressum/?lokasie=/homepages/25/d819530847/.htaccess&loknya=/homepages/25/d819530847 HTTP/1.1" 429 267 s818981589.online.de "-" "Mozilla/5.0 (compatible; Baiduspider/2.0; +http://www.baidu.com/search/spider.html)" "-"
111.225.214.0 - - [21/Sep/2026:00:24:33 +0200] "GET /impressum/?lokasie=/homepages/25/d819530847/.htaccess&loknya=/homepages/25/d819530847 HTTP/1.1" 200 4083 s818981589.online.de "-" "Mozilla/5.0 (Windows NT 10.0; WOW64) AppleWebKit/537.36 (KHTML, like Gecko) Chrome/48.0.2564.116 Safari/537.36" "-"
74.7.242.0 - - [21/Sep/2026:00:24:33 +0200] "GET /index.php?loknya=/proc/thread-self/root/proc/thread-self/root/proc/thread-self/root/proc/thread-self/root/proc/thread-self/root/kunden/kunden/proc/thread-self/root/kunden/proc/thread-self/root/homepages HTTP/1.1" 200 87917 s818981589.online.de "http://s818981589.online.de/index.php?loknya=/proc/thread-self/root/proc/thread-self/root/proc/thread-self/root/proc/thread-self/root/proc/thread-self/root/kunden/kunden/proc/thread-self/root/kunden/proc/thread-self/root" "Mozilla/5.0 AppleWebKit/537.36 (KHTML, like Gecko; compatible; GPTBot/1.4; +https://openai.com/gptbot)" "-"
74.7.227.0 - - [21/Sep/2026:00:24:34 +0200] "GET /index.php?loknya=/proc/thread-self/root/proc/thread-self/root/proc/thread-self/root/proc/thread-self/root/proc/thread-self/root/kunden/proc/thread-self/root/kunden/kunden/kunden/proc/thread-self/root/kunden/kunden/etc/csh HTTP/1.1" 429 267 www.gut-trechow.de "http://www.gut-trechow.de/index.php?loknya=/proc/thread-self/root/proc/thread-self/root/proc/thread-self/root/proc/thread-self/root/proc/thread-self/root/kunden/proc/thread-self/root/kunden/kunden/kunden/proc/thread-self/root/kunden/kunden/etc" "Mozilla/5.0 AppleWebKit/537.36 (KHTML, like Gecko; compatible; GPTBot/1.4; +https://openai.com/gptbot)" "-"
43.224.35.0 - - [21/Sep/2026:00:24:34 +0200] "GET /wp-content/ALFA_DATA/alfacgiapi/ HTTP/1.1" 503 339 s818981589.online.de "-" "python-requests/2.34.2" "-"
43.224.35.0 - - [21/Sep/2026:00:24:35 +0200] "GET /www/ HTTP/1.1" 200 39192 s818981589.online.de "-" "python-requests/2.34.2" "-"
74.7.242.0 - - [21/Sep/2026:00:24:37 +0200] "GET /index.php?loknya=/kunden/kunden/proc/thread-self/root/kunden/kunden/proc/thread-self/root/kunden/kunden/kunden/proc/thread-self/root/kunden/kunden/proc/thread-self/root/proc/thread-self/root/usr/lib/ruby HTTP/1.1" 200 13662 s818981589.online.de "http://s818981589.online.de/index.php?loknya=/kunden/kunden/proc/thread-self/root/kunden/kunden/proc/thread-self/root/kunden/kunden/kunden/proc/thread-self/root/kunden/kunden/proc/thread-self/root/proc/thread-self/root/usr/lib" "Mozilla/5.0 AppleWebKit/537.36 (KHTML, like Gecko; compatible; GPTBot/1.4; +https://openai.com/gptbot)" "-"
116.179.32.0 - - [21/Sep/2026:00:24:39 +0200] "GET /impressum/?loknya=/homepages/25/d819650274/.config HTTP/1.1" 429 267 s818981589.online.de "-" "Mozilla/5.0 (compatible; Baiduspider/2.0; +http://www.baidu.com/search/spider.html)" "-"
220.181.108.0 - - [21/Sep/2026:00:24:39 +0200] "GET /impressum/?lokasie=/homepages/25/d819530847/distributor.lock&loknya=/homepages/25/d819530847 HTTP/1.1" 429 267 s818981589.online.de "-" "Mozilla/5.0 (compatible; Baiduspider/2.0; +http://www.baidu.com/search/spider.html)" "-"
220.181.108.0 - - [21/Sep/2026:00:24:39 +0200] "GET /impressum/?loknya=/homepages/25/d819530847/managed HTTP/1.1" 429 267 s818981589.online.de "-" "Mozilla/5.0 (compatible; Baiduspider/2.0; +http://www.baidu.com/search/spider.html)" "-"
220.181.108.0 - - [21/Sep/2026:00:24:39 +0200] "GET /impressum/?loknya=/homepages/25/d819530847/.config HTTP/1.1" 429 267 s818981589.online.de "-" "Mozilla/5.0 (compatible; Baiduspider/2.0; +http://www.baidu.com/search/spider.html)" "-"
116.179.32.0 - - [21/Sep/2026:00:24:39 +0200] "GET /impressum/?lokasie=/homepages/25/d819530847/htpasswd&loknya=/homepages/25/d819530847 HTTP/1.1" 429 267 s818981589.online.de "-" "Mozilla/5.0 (compatible; Baiduspider/2.0; +http://www.baidu.com/search/spider.html)" "-"
43.224.35.0 - - [21/Sep/2026:00:24:39 +0200] "GET /BLOG/ HTTP/1.1" 200 39192 s818981589.online.de "-" "python-requests/2.34.2" "-"
119.249.100.0 - - [21/Sep/2026:00:24:39 +0200] "GET /impressum/?loknya=/homepages/25/d819650274/.config HTTP/1.1" 200 5275 s818981589.online.de "-" "Mozilla/5.0 (Windows NT 10.0; WOW64) AppleWebKit/537.36 (KHTML, like Gecko) Chrome/48.0.2564.116 Safari/537.36" "-"
119.249.100.0 - - [21/Sep/2026:00:24:39 +0200] "GET /impressum/?loknya=/homepages/25/d819530847/.config HTTP/1.1" 200 5275 s818981589.online.de "-" "Mozilla/5.0 (Windows NT 10.0; WOW64) AppleWebKit/537.36 (KHTML, like Gecko) Chrome/48.0.2564.116 Safari/537.36" "-"
119.249.100.0 - - [21/Sep/2026:00:24:39 +0200] "GET /impressum/?loknya=/homepages/25/d819530847/managed HTTP/1.1" 200 5275 s818981589.online.de "-" "Mozilla/5.0 (Windows NT 10.0; WOW64) AppleWebKit/537.36 (KHTML, like Gecko) Chrome/48.0.2564.116 Safari/537.36" "-"
119.249.100.0 - - [21/Sep/2026:00:24:39 +0200] "GET /impressum/?lokasie=/homepages/25/d819530847/distributor.lock&loknya=/homepages/25/d819530847 HTTP/1.1" 200 4090 s818981589.online.de "-" "Mozilla/5.0 (Windows NT 10.0; WOW64) AppleWebKit/537.36 (KHTML, like Gecko) Chrome/48.0.2564.116 Safari/537.36" "-"
111.225.214.0 - - [21/Sep/2026:00:24:40 +0200] "GET /impressum/?lokasie=/homepages/25/d819530847/htpasswd&loknya=/homepages/25/d819530847 HTTP/1.1" 200 4082 s818981589.online.de "-" "Mozilla/5.0 (Windows NT 10.0; WOW64) AppleWebKit/537.36 (KHTML, like Gecko) Chrome/48.0.2564.116 Safari/537.36" "-"
62.138.6.0 - - [21/Sep/2026:00:24:40 +0200] "GET /index.php?loknya=/homepages/13/d818981593/htdocs/GutTrechow/wp-content/uploads/2021/03 HTTP/1.1" 200 717873 www.gut-trechow.de "-" "Mozilla/5.0 (X11; Linux x86_64) AppleWebKit/537.36 (KHTML, like Gecko) Chrome/124.0.0.0 Safari/537.36" "-"
74.7.242.0 - - [21/Sep/2026:00:24:41 +0200] "GET /index.php?loknya=/proc/thread-self/root/proc/thread-self/root/proc/thread-self/root/proc/thread-self/root/proc/thread-self/root/kunden/kunden/proc/thread-self/root/kunden/proc/thread-self/root/sys HTTP/1.1" 200 8633 s818981589.online.de "http://s818981589.online.de/index.php?loknya=/proc/thread-self/root/proc/thread-self/root/proc/thread-self/root/proc/thread-self/root/proc/thread-self/root/kunden/kunden/proc/thread-self/root/kunden/proc/thread-self/root" "Mozilla/5.0 AppleWebKit/537.36 (KHTML, like Gecko; compatible; GPTBot/1.4; +https://openai.com/gptbot)" "-"
43.224.35.0 - - [21/Sep/2026:00:24:42 +0200] "GET /.wp-cli/ HTTP/1.1" 200 39192 s818981589.online.de "-" "python-requests/2.34.2" "-"
74.7.242.0 - - [21/Sep/2026:00:24:43 +0200] "GET /index.php?loknya=/kunden/kunden/proc/thread-self/root/kunden/kunden/proc/thread-self/root/kunden/kunden/kunden/proc/thread-self/root/kunden/kunden/proc/thread-self/root/proc/thread-self/root/usr/lib/cbi HTTP/1.1" 200 9033 s818981589.online.de "http://s818981589.online.de/index.php?loknya=/kunden/kunden/proc/thread-self/root/kunden/kunden/proc/thread-self/root/kunden/kunden/kunden/proc/thread-self/root/kunden/kunden/proc/thread-self/root/proc/thread-self/root/usr/lib" "Mozilla/5.0 AppleWebKit/537.36 (KHTML, like Gecko; compatible; GPTBot/1.4; +https://openai.com/gptbot)" "-"
74.7.242.0 - - [21/Sep/2026:00:24:45 +0200] "GET /index.php?loknya=/proc/thread-self/root/proc/thread-self/root/proc/thread-self/root/proc/thread-self/root/proc/thread-self/root/kunden/kunden/proc/thread-self/root/kunden/proc/thread-self/root/etc/security/ HTTP/1.1" 200 34057 s818981589.online.de "http://s818981589.online.de/index.php?loknya=/proc/thread-self/root/proc/thread-self/root/proc/thread-self/root/proc/thread-self/root/proc/thread-self/root/kunden/kunden/proc/thread-self/root/kunden/proc/thread-self/root/etc/security/namespace.d" "Mozilla/5.0 AppleWebKit/537.36 (KHTML, like Gecko; compatible; GPTBot/1.4; +https://openai.com/gptbot)" "-"
43.224.35.0 - - [21/Sep/2026:00:24:46 +0200] "GET /wp-content/alfacgiapi/ HTTP/1.1" 503 339 s818981589.online.de "-" "python-requests/2.34.2" "-"
116.179.32.0 - - [21/Sep/2026:00:24:46 +0200] "GET /impressum/?loknya=/homepages/25/d819650274/managed HTTP/1.1" 429 267 s818981589.online.de "-" "Mozilla/5.0 (compatible; Baiduspider/2.0; +http://www.baidu.com/search/spider.html)" "-"
220.181.108.0 - - [21/Sep/2026:00:24:46 +0200] "GET /impressum/?lokasie=/homepages/25/d819650274/htaccesslist&loknya=/homepages/25/d819650274 HTTP/1.1" 429 267 s818981589.online.de "-" "Mozilla/5.0 (compatible; Baiduspider/2.0; +http://www.baidu.com/search/spider.html)" "-"
116.179.32.0 - - [21/Sep/2026:00:24:46 +0200] "GET /impressum/?lokasie=/homepages/25/d819650274/.created&loknya=/homepages/25/d819650274 HTTP/1.1" 429 267 s818981589.online.de "-" "Mozilla/5.0 (compatible; Baiduspider/2.0; +http://www.baidu.com/search/spider.html)" "-"
220.181.108.0 - - [21/Sep/2026:00:24:46 +0200] "GET /impressum/?lokasie=/homepages/8/d819709336/.created&loknya=/homepages/8/d819709336 HTTP/1.1" 429 267 s818981589.online.de "-" "Mozilla/5.0 (compatible; Baiduspider/2.0; +http://www.baidu.com/search/spider.html)" "-"
116.179.32.0 - - [21/Sep/2026:00:24:46 +0200] "GET /impressum/?lokasie=/homepages/25/d819650274/DASTOOLSTART&loknya=/homepages/25/d819650274 HTTP/1.1" 429 267 s818981589.online.de "-" "Mozilla/5.0 (compatible; Baiduspider/2.0; +http://www.baidu.com/search/spider.html)" "-"
119.249.100.0 - - [21/Sep/2026:00:24:47 +0200] "GET /impressum/?lokasie=/homepages/25/d819650274/htaccesslist&loknya=/homepages/25/d819650274 HTTP/1.1" 200 4086 s818981589.online.de "-" "Mozilla/5.0 (Windows NT 10.0; WOW64) AppleWebKit/537.36 (KHTML, like Gecko) Chrome/48.0.2564.116 Safari/537.36" "-"
111.225.214.0 - - [21/Sep/2026:00:24:47 +0200] "GET /impressum/?lokasie=/homepages/25/d819650274/.created&loknya=/homepages/25/d819650274 HTTP/1.1" 200 4093 s818981589.online.de "-" "Mozilla/5.0 (Windows NT 10.0; WOW64) AppleWebKit/537.36 (KHTML, like Gecko) Chrome/48.0.2564.116 Safari/537.36" "-"
111.225.214.0 - - [21/Sep/2026:00:24:47 +0200] "GET /impressum/?loknya=/homepages/25/d819650274/managed HTTP/1.1" 200 5275 s818981589.online.de "-" "Mozilla/5.0 (Windows NT 10.0; WOW64) AppleWebKit/537.36 (KHTML, like Gecko) Chrome/48.0.2564.116 Safari/537.36" "-"
119.249.100.0 - - [21/Sep/2026:00:24:47 +0200] "GET /impressum/?lokasie=/homepages/8/d819709336/.created&loknya=/homepages/8/d819709336 HTTP/1.1" 200 4089 s818981589.online.de "-" "Mozilla/5.0 (Windows NT 10.0; WOW64) AppleWebKit/537.36 (KHTML, like Gecko) Chrome/48.0.2564.116 Safari/537.36" "-"
119.249.100.0 - - [21/Sep/2026:00:24:47 +0200] "GET /impressum/?lokasie=/homepages/25/d819650274/DASTOOLSTART&loknya=/homepages/25/d819650274 HTTP/1.1" 200 4085 s818981589.online.de "-" "Mozilla/5.0 (Windows NT 10.0; WOW64) AppleWebKit/537.36 (KHTML, like Gecko) Chrome/48.0.2564.116 Safari/537.36" "-"
74.7.242.0 - - [21/Sep/2026:00:24:47 +0200] "GET /index.php?loknya=/proc/thread-self/root/proc/thread-self/root/proc/thread-self/root/proc/thread-self/root/proc/thread-self/root/kunden/kunden/proc/thread-self/root/kunden/proc/thread-self/root/proc/scsi HTTP/1.1" 200 14333 s818981589.online.de "http://s818981589.online.de/index.php?loknya=/proc/thread-self/root/proc/thread-self/root/proc/thread-self/root/proc/thread-self/root/proc/thread-self/root/kunden/kunden/proc/thread-self/root/kunden/proc/thread-self/root/proc" "Mozilla/5.0 AppleWebKit/537.36 (KHTML, like Gecko; compatible; GPTBot/1.4; +https://openai.com/gptbot)" "-"
74.7.242.0 - - [21/Sep/2026:00:24:48 +0200] "GET /index.php?loknya=/proc/thread-self/root/proc/thread-self/root/proc/thread-self/root/proc/thread-self/root/proc/thread-self/root/kunden/kunden/proc/thread-self/root/kunden/proc/thread-self/root/lib HTTP/1.1" 200 103873 s818981589.online.de "http://s818981589.online.de/index.php?loknya=/proc/thread-self/root/proc/thread-self/root/proc/thread-self/root/proc/thread-self/root/proc/thread-self/root/kunden/kunden/proc/thread-self/root/kunden/proc/thread-self/root" "Mozilla/5.0 AppleWebKit/537.36 (KHTML, like Gecko; compatible; GPTBot/1.4; +https://openai.com/gptbot)" "-"
74.7.242.0 - - [21/Sep/2026:00:24:50 +0200] "GET /index.php?loknya=/proc/thread-self/root/proc/thread-self/root/proc/thread-self/root/proc/thread-self/root/proc/thread-self/root/kunden/kunden/proc/thread-self/root/kunden/proc/thread-self/root/proc/tty/ HTTP/1.1" 200 15899 s818981589.online.de "http://s818981589.online.de/index.php?loknya=/proc/thread-self/root/proc/thread-self/root/proc/thread-self/root/proc/thread-self/root/proc/thread-self/root/kunden/kunden/proc/thread-self/root/kunden/proc/thread-self/root/proc/tty/ldisc" "Mozilla/5.0 AppleWebKit/537.36 (KHTML, like Gecko; compatible; GPTBot/1.4; +https://openai.com/gptbot)" "-"
43.224.35.0 - - [21/Sep/2026:00:24:50 +0200] "GET /wp-old/ HTTP/1.1" 200 39192 s818981589.online.de "-" "python-requests/2.34.2" "-"
74.7.242.0 - - [21/Sep/2026:00:24:50 +0200] "GET /index.php?loknya=/proc/thread-self/root/proc/thread-self/root/proc/thread-self/root/proc/thread-self/root/proc/thread-self/root/kunden/kunden/proc/thread-self/root/kunden/proc/thread-self/root/etc/gss HTTP/1.1" 200 10389 s818981589.online.de "http://s818981589.online.de/index.php?loknya=/proc/thread-self/root/proc/thread-self/root/proc/thread-self/root/proc/thread-self/root/proc/thread-self/root/kunden/kunden/proc/thread-self/root/kunden/proc/thread-self/root/etc" "Mozilla/5.0 AppleWebKit/537.36 (KHTML, like Gecko; compatible; GPTBot/1.4; +https://openai.com/gptbot)" "-"
74.7.242.0 - - [21/Sep/2026:00:24:51 +0200] "GET /index.php?loknya=/proc/thread-self/root/proc/thread-self/root/proc/thread-self/root/proc/thread-self/root/proc/thread-self/root/kunden/kunden/proc/thread-self/root/kunden/proc/thread-self/root/proc/fs/ HTTP/1.1" 200 14976 s818981589.online.de "http://s818981589.online.de/index.php?loknya=/proc/thread-self/root/proc/thread-self/root/proc/thread-self/root/proc/thread-self/root/proc/thread-self/root/kunden/kunden/proc/thread-self/root/kunden/proc/thread-self/root/proc/fs/xfs" "Mozilla/5.0 AppleWebKit/537.36 (KHTML, like Gecko; compatible; GPTBot/1.4; +https://openai.com/gptbot)" "-"
74.7.242.0 - - [21/Sep/2026:00:24:52 +0200] "GET /index.php?loknya=/proc/thread-self/root/proc/thread-self/root/proc/thread-self/root/proc/thread-self/root/proc/thread-self/root/kunden/kunden/proc/thread-self/root/kunden/proc/thread-self/root/var/opt HTTP/1.1" 200 8855 s818981589.online.de "http://s818981589.online.de/index.php?loknya=/proc/thread-self/root/proc/thread-self/root/proc/thread-self/root/proc/thread-self/root/proc/thread-self/root/kunden/kunden/proc/thread-self/root/kunden/proc/thread-self/root/var/" "Mozilla/5.0 AppleWebKit/537.36 (KHTML, like Gecko; compatible; GPTBot/1.4; +https://openai.com/gptbot)" "-"
74.7.242.0 - - [21/Sep/2026:00:24:52 +0200] "GET /index.php?loknya=/proc/thread-self/root/proc/thread-self/root/proc/thread-self/root/proc/thread-self/root/proc/thread-self/root/kunden/kunden/proc/thread-self/root/kunden/proc/thread-self/root/homepages/config HTTP/1.1" 200 8908 s818981589.online.de "http://s818981589.online.de/index.php?loknya=/proc/thread-self/root/proc/thread-self/root/proc/thread-self/root/proc/thread-self/root/proc/thread-self/root/kunden/kunden/proc/thread-self/root/kunden/proc/thread-self/root/homepages" "Mozilla/5.0 AppleWebKit/537.36 (KHTML, like Gecko; compatible; GPTBot/1.4; +https://openai.com/gptbot)" "-"
220.181.108.0 - - [21/Sep/2026:00:24:53 +0200] "GET /impressum/?loknya=/homepages/8/d819709336/.config HTTP/1.1" 429 267 s818981589.online.de "-" "Mozilla/5.0 (compatible; Baiduspider/2.0; +http://www.baidu.com/search/spider.html)" "-"
74.7.242.0 - - [21/Sep/2026:00:24:53 +0200] "GET /index.php?loknya=/kunden/kunden/proc/thread-self/root/kunden/kunden/proc/thread-self/root/kunden/kunden/kunden/proc/thread-self/root/kunden/kunden/proc/thread-self/root/proc/thread-self/root/usr/lib/ruby/gems HTTP/1.1" 200 10816 s818981589.online.de "http://s818981589.online.de/index.php?loknya=/kunden/kunden/proc/thread-self/root/kunden/kunden/proc/thread-self/root/kunden/kunden/kunden/proc/thread-self/root/kunden/kunden/proc/thread-self/root/proc/thread-self/root/usr/lib/ruby" "Mozilla/5.0 AppleWebKit/537.36 (KHTML, like Gecko; compatible; GPTBot/1.4; +https://openai.com/gptbot)" "-"
74.7.227.0 - - [21/Sep/2026:00:24:54 +0200] "GET /index.php?loknya=/proc/thread-self/root/proc/thread-self/root/proc/thread-self/root/proc/thread-self/root/proc/thread-self/root/kunden/proc/thread-self/root/kunden/kunden/kunden/proc/thread-self/root/kunden/kunden/etc/groff HTTP/1.1" 200 13751 www.gut-trechow.de "http://www.gut-trechow.de/index.php?loknya=/proc/thread-self/root/proc/thread-self/root/proc/thread-self/root/proc/thread-self/root/proc/thread-self/root/kunden/proc/thread-self/root/kunden/kunden/kunden/proc/thread-self/root/kunden/kunden/etc" "Mozilla/5.0 AppleWebKit/537.36 (KHTML, like Gecko; compatible; GPTBot/1.4; +https://openai.com/gptbot)" "-"
116.179.32.0 - - [21/Sep/2026:00:24:54 +0200] "GET /impressum/?loknya=/homepages/8/d819709336/managed HTTP/1.1" 429 267 s818981589.online.de "-" "Mozilla/5.0 (compatible; Baiduspider/2.0; +http://www.baidu.com/search/spider.html)" "-"
74.7.242.0 - - [21/Sep/2026:00:24:54 +0200] "GET /index.php?loknya=/kunden/kunden/proc/thread-self/root/kunden/kunden/proc/thread-self/root/kunden/kunden/kunden/proc/thread-self/root/kunden/kunden/proc/thread-self/root/proc/thread-self/root/usr/lib/ruby/vendor_ruby HTTP/1.1" 429 267 s818981589.online.de "http://s818981589.online.de/index.php?loknya=/kunden/kunden/proc/thread-self/root/kunden/kunden/proc/thread-self/root/kunden/kunden/kunden/proc/thread-self/root/kunden/kunden/proc/thread-self/root/proc/thread-self/root/usr/lib/ruby" "Mozilla/5.0 AppleWebKit/537.36 (KHTML, like Gecko; compatible; GPTBot/1.4; +https://openai.com/gptbot)" "-"
116.179.32.0 - - [21/Sep/2026:00:24:54 +0200] "GET /impressum/?lokasie=/homepages/25/d819650274/htpasswd&loknya=/homepages/25/d819650274 HTTP/1.1" 429 267 s818981589.online.de "-" "Mozilla/5.0 (compatible; Baiduspider/2.0; +http://www.baidu.com/search/spider.html)" "-"
116.179.32.0 - - [21/Sep/2026:00:24:54 +0200] "GET /impressum/?lokasie=/homepages/8/d819709336/htaccesslist&loknya=/homepages/8/d819709336 HTTP/1.1" 429 267 s818981589.online.de "-" "Mozilla/5.0 (compatible; Baiduspider/2.0; +http://www.baidu.com/search/spider.html)" "-"
43.224.35.0 - - [21/Sep/2026:00:24:54 +0200] "GET /admin/tmp/ HTTP/1.1" 200 39192 s818981589.online.de "-" "python-requests/2.34.2" "-"
74.7.242.0 - - [21/Sep/2026:00:24:54 +0200] "GET /index.php?loknya=/proc/thread-self/root/proc/thread-self/root/proc/thread-self/root/proc/thread-self/root/proc/thread-self/root/kunden/kunden/proc/thread-self/root/kunden/proc/thread-self/root/homepages/backup HTTP/1.1" 429 267 s818981589.online.de "http://s818981589.online.de/index.php?loknya=/proc/thread-self/root/proc/thread-self/root/proc/thread-self/root/proc/thread-self/root/proc/thread-self/root/kunden/kunden/proc/thread-self/root/kunden/proc/thread-self/root/homepages" "Mozilla/5.0 AppleWebKit/537.36 (KHTML, like Gecko; compatible; GPTBot/1.4; +https://openai.com/gptbot)" "-"
111.225.214.0 - - [21/Sep/2026:00:24:54 +0200] "GET /impressum/?loknya=/homepages/8/d819709336/.config HTTP/1.1" 200 5268 s818981589.online.de "-" "Mozilla/5.0 (Windows NT 10.0; WOW64) AppleWebKit/537.36 (KHTML, like Gecko) Chrome/48.0.2564.116 Safari/537.36" "-"
111.225.214.0 - - [21/Sep/2026:00:24:54 +0200] "GET /impressum/?loknya=/homepages/8/d819709336/managed HTTP/1.1" 200 5268 s818981589.online.de "-" "Mozilla/5.0 (Windows NT 10.0; WOW64) AppleWebKit/537.36 (KHTML, like Gecko) Chrome/48.0.2564.116 Safari/537.36" "-"
119.249.100.0 - - [21/Sep/2026:00:24:54 +0200] "GET /impressum/?lokasie=/homepages/25/d819650274/htpasswd&loknya=/homepages/25/d819650274 HTTP/1.1" 200 4081 s818981589.online.de "-" "Mozilla/5.0 (Windows NT 10.0; WOW64) AppleWebKit/537.36 (KHTML, like Gecko) Chrome/48.0.2564.116 Safari/537.36" "-"
74.7.242.0 - - [21/Sep/2026:00:24:55 +0200] "GET /index.php?loknya=/proc/thread-self/root/proc/thread-self/root/proc/thread-self/root/proc/thread-self/root/proc/thread-self/root/kunden/kunden/proc/thread-self/root/kunden/proc/thread-self/root/homepages/oneclick HTTP/1.1" 429 267 s818981589.online.de "http://s818981589.online.de/index.php?loknya=/proc/thread-self/root/proc/thread-self/root/proc/thread-self/root/proc/thread-self/root/proc/thread-self/root/kunden/kunden/proc/thread-self/root/kunden/proc/thread-self/root/homepages" "Mozilla/5.0 AppleWebKit/537.36 (KHTML, like Gecko; compatible; GPTBot/1.4; +https://openai.com/gptbot)" "-"
119.249.100.0 - - [21/Sep/2026:00:24:55 +0200] "GET /impressum/?lokasie=/homepages/8/d819709336/htaccesslist&loknya=/homepages/8/d819709336 HTTP/1.1" 200 4082 s818981589.online.de "-" "Mozilla/5.0 (Windows NT 10.0; WOW64) AppleWebKit/537.36 (KHTML, like Gecko) Chrome/48.0.2564.116 Safari/537.36" "-"
62.138.2.0 - - [21/Sep/2026:00:24:56 +0200] "GET /index.php?lokasie=/homepages/13/d818981593/htdocs/GutTrechow/wp-content/uploads/2021/03/Trechower-Haus-01.05.1973-77x53.jpg&loknya=/homepages/13/d818981593/htdocs/GutTrechow/wp-content/uploads/2021/03 HTTP/1.1" 200 8504 www.gut-trechow.de "http://www.gut-trechow.de/index.php?loknya=/homepages/13/d818981593/htdocs/GutTrechow/wp-content/uploads/2021/03" "Mozilla/5.0 (Macintosh; Intel Mac OS X 10.15; rv:103.0) Gecko/20100101 Firefox/103.0" "-"
62.138.3.0 - - [21/Sep/2026:00:24:56 +0200] "GET /index.php?lokasie=/homepages/13/d818981593/htdocs/GutTrechow/wp-content/uploads/2021/03/Trechower-Haus-01.05.1973-620x388.jpg&loknya=/homepages/13/d818981593/htdocs/GutTrechow/wp-content/uploads/2021/03 HTTP/1.1" 200 116273 www.gut-trechow.de "http://www.gut-trechow.de/index.php?loknya=/homepages/13/d818981593/htdocs/GutTrechow/wp-content/uploads/2021/03" "Mozilla/5.0 (Macintosh; Intel Mac OS X 10.15; rv:103.0) Gecko/20100101 Firefox/103.0" "-"
62.138.3.0 - - [21/Sep/2026:00:24:56 +0200] "GET /index.php?lokasie=/homepages/13/d818981593/htdocs/GutTrechow/wp-content/uploads/2021/03/web_Gut_Kurzen_Trechow_2018_%C3%82%C2%A9_DOMUSimages_42-79x53.jpg&loknya=/homepages/13/d818981593/htdocs/GutTrechow/wp-content/uploads/2021/03 HTTP/1.1" 200 4679 www.gut-trechow.de "http://www.gut-trechow.de/index.php?loknya=/homepages/13/d818981593/htdocs/GutTrechow/wp-content/uploads/2021/03" "Mozilla/5.0 (Macintosh; Intel Mac OS X 10.15; rv:103.0) Gecko/20100101 Firefox/103.0" "-"
62.138.2.0 - - [21/Sep/2026:00:24:56 +0200] "GET /index.php?lokasie=/homepages/13/d818981593/htdocs/GutTrechow/wp-content/uploads/2021/03/09-Novemer-2016-1024x739.jpg&loknya=/homepages/13/d818981593/htdocs/GutTrechow/wp-content/uploads/2021/03 HTTP/1.1" 200 418437 www.gut-trechow.de "http://www.gut-trechow.de/index.php?loknya=/homepages/13/d818981593/htdocs/GutTrechow/wp-content/uploads/2021/03" "Mozilla/5.0 (Macintosh; Intel Mac OS X 10.15; rv:103.0) Gecko/20100101 Firefox/103.0" "-"
62.138.6.0 - - [21/Sep/2026:00:24:56 +0200] "GET /index.php?lokasie=/homepages/13/d818981593/htdocs/GutTrechow/wp-content/uploads/2021/03/IMG_4981-scaled.jpg&loknya=/homepages/13/d818981593/htdocs/GutTrechow/wp-content/uploads/2021/03 HTTP/1.1" 200 1396469 www.gut-trechow.de "http://www.gut-trechow.de/index.php?loknya=/homepages/13/d818981593/htdocs/GutTrechow/wp-content/uploads/2021/03" "Mozilla/5.0 (Macintosh; Intel Mac OS X 10.15; rv:103.0) Gecko/20100101 Firefox/103.0" "-"
62.138.2.0 - - [21/Sep/2026:00:24:56 +0200] "GET /index.php?lokasie=/homepages/13/d818981593/htdocs/GutTrechow/wp-content/uploads/2021/03/web_Gut_Kurzen_Trechow_2018_%C3%82%C2%A9_DOMUSimages_78-768x512.jpg&loknya=/homepages/13/d818981593/htdocs/GutTrechow/wp-content/uploads/2021/03 HTTP/1.1" 200 4682 www.gut-trechow.de "http://www.gut-trechow.de/index.php?loknya=/homepages/13/d818981593/htdocs/GutTrechow/wp-content/uploads/2021/03" "Mozilla/5.0 (Macintosh; Intel Mac OS X 10.15; rv:103.0) Gecko/20100101 Firefox/103.0" "-"
62.138.6.0 - - [21/Sep/2026:00:24:56 +0200] "GET /index.php?lokasie=/homepages/13/d818981593/htdocs/GutTrechow/wp-content/uploads/2021/03/IMG_2089-768x512.jpg&loknya=/homepages/13/d818981593/htdocs/GutTrechow/wp-content/uploads/2021/03 HTTP/1.1" 200 71884 www.gut-trechow.de "http://www.gut-trechow.de/index.php?loknya=/homepages/13/d818981593/htdocs/GutTrechow/wp-content/uploads/2021/03" "Mozilla/5.0 (Macintosh; Intel Mac OS X 10.15; rv:103.0) Gecko/20100101 Firefox/103.0" "-"
62.138.2.0 - - [21/Sep/2026:00:24:56 +0200] "GET /index.php?lokasie=/homepages/13/d818981593/htdocs/GutTrechow/wp-content/uploads/2021/03/H6_0310014.jpg&loknya=/homepages/13/d818981593/htdocs/GutTrechow/wp-content/uploads/2021/03 HTTP/1.1" 200 10327958 www.gut-trechow.de "http://www.gut-trechow.de/index.php?loknya=/homepages/13/d818981593/htdocs/GutTrechow/wp-content/uploads/2021/03" "Mozilla/5.0 (Macintosh; Intel Mac OS X 10.15; rv:103.0) Gecko/20100101 Firefox/103.0" "-"
62.138.2.0 - - [21/Sep/2026:00:24:56 +0200] "GET /index.php?lokasie=/homepages/13/d818981593/htdocs/GutTrechow/wp-content/uploads/2021/03/web_Gut_Kurzen_Trechow_2018_%C3%82%C2%A9_DOMUSimages_63-1024x683.jpg&loknya=/homepages/13/d818981593/htdocs/GutTrechow/wp-content/uploads/2021/03 HTTP/1.1" 200 4682 www.gut-trechow.de "http://www.gut-trechow.de/index.php?loknya=/homepages/13/d818981593/htdocs/GutTrechow/wp-content/uploads/2021/03" "Mozilla/5.0 (Macintosh; Intel Mac OS X 10.15; rv:103.0) Gecko/20100101 Firefox/103.0" "-"
62.138.2.0 - - [21/Sep/2026:00:24:56 +0200] "GET /index.php?lokasie=/homepages/13/d818981593/htdocs/GutTrechow/wp-content/uploads/2021/03/web_Gut_Kurzen_Trechow_2018_%C3%82%C2%A9_DOMUSimages_58-48x32.jpg&loknya=/homepages/13/d818981593/htdocs/GutTrechow/wp-content/uploads/2021/03 HTTP/1.1" 200 4680 www.gut-trechow.de "http://www.gut-trechow.de/index.php?loknya=/homepages/13/d818981593/htdocs/GutTrechow/wp-content/uploads/2021/03" "Mozilla/5.0 (Macintosh; Intel Mac OS X 10.15; rv:103.0) Gecko/20100101 Firefox/103.0" "-"
62.138.3.0 - - [21/Sep/2026:00:24:56 +0200] "GET /index.php?lokasie=/homepages/13/d818981593/htdocs/GutTrechow/wp-content/uploads/2021/03/web_Gut_Kurzen_Trechow_2018_%C3%82%C2%A9_DOMUSimages_14-300x200.jpg&loknya=/homepages/13/d818981593/htdocs/GutTrechow/wp-content/uploads/2021/03 HTTP/1.1" 200 4681 www.gut-trechow.de "http://www.gut-trechow.de/index.php?loknya=/homepages/13/d818981593/htdocs/GutTrechow/wp-content/uploads/2021/03" "Mozilla/5.0 (Macintosh; Intel Mac OS X 10.15; rv:103.0) Gecko/20100101 Firefox/103.0" "-"
62.138.3.0 - - [21/Sep/2026:00:24:56 +0200] "GET /index.php?lokasie=/homepages/13/d818981593/htdocs/GutTrechow/wp-content/uploads/2021/03/H6_0310014-1024x680.jpg&loknya=/homepages/13/d818981593/htdocs/GutTrechow/wp-content/uploads/2021/03 HTTP/1.1" 200 450967 www.gut-trechow.de "http://www.gut-trechow.de/index.php?loknya=/homepages/13/d818981593/htdocs/GutTrechow/wp-content/uploads/2021/03" "Mozilla/5.0 (Macintosh; Intel Mac OS X 10.15; rv:103.0) Gecko/20100101 Firefox/103.0" "-"
62.138.6.0 - - [21/Sep/2026:00:24:56 +0200] "GET /index.php?lokasie=/homepages/13/d818981593/htdocs/GutTrechow/wp-content/uploads/2021/03/web_Gut_Kurzen_Trechow_2018_%C3%82%C2%A9_DOMUSimages_10-272x182.jpg&loknya=/homepages/13/d818981593/htdocs/GutTrechow/wp-content/uploads/2021/03 HTTP/1.1" 200 4681 www.gut-trechow.de "http://www.gut-trechow.de/index.php?loknya=/homepages/13/d818981593/htdocs/GutTrechow/wp-content/uploads/2021/03" "Mozilla/5.0 (Macintosh; Intel Mac OS X 10.15; rv:103.0) Gecko/20100101 Firefox/103.0" "-"
62.138.2.0 - - [21/Sep/2026:00:24:56 +0200] "GET /index.php?lokasie=/homepages/13/d818981593/htdocs/GutTrechow/wp-content/uploads/2021/03/H6_0310014-150x150.jpg&loknya=/homepages/13/d818981593/htdocs/GutTrechow/wp-content/uploads/2021/03 HTTP/1.1" 200 22169 www.gut-trechow.de "http://www.gut-trechow.de/index.php?loknya=/homepages/13/d818981593/htdocs/GutTrechow/wp-content/uploads/2021/03" "Mozilla/5.0 (Macintosh; Intel Mac OS X 10.15; rv:103.0) Gecko/20100101 Firefox/103.0" "-"
62.138.3.0 - - [21/Sep/2026:00:24:56 +0200] "GET /index.php?lokasie=/homepages/13/d818981593/htdocs/GutTrechow/wp-content/uploads/2021/03/web_Gut_Kurzen_Trechow_2018_%C3%82%C2%A9_DOMUSimages_38-150x150.jpg&loknya=/homepages/13/d818981593/htdocs/GutTrechow/wp-content/uploads/2021/03 HTTP/1.1" 200 4681 www.gut-trechow.de "http://www.gut-trechow.de/index.php?loknya=/homepages/13/d818981593/htdocs/GutTrechow/wp-content/uploads/2021/03" "Mozilla/5.0 (Macintosh; Intel Mac OS X 10.15; rv:103.0) Gecko/20100101 Firefox/103.0" "-"
62.138.2.0 - - [21/Sep/2026:00:24:56 +0200] "GET /index.php?lokasie=/homepages/13/d818981593/htdocs/GutTrechow/wp-content/uploads/2021/03/web_Gut_Kurzen_Trechow_2018_%C3%82%C2%A9_DOMUSimages_13-1536x1024.jpg&loknya=/homepages/13/d818981593/htdocs/GutTrechow/wp-content/uploads/2021/03 HTTP/1.1" 200 4684 www.gut-trechow.de "http://www.gut-trechow.de/index.php?loknya=/homepages/13/d818981593/htdocs/GutTrechow/wp-content/uploads/2021/03" "Mozilla/5.0 (Macintosh; Intel Mac OS X 10.15; rv:103.0) Gecko/20100101 Firefox/103.0" "-"
62.138.3.0 - - [21/Sep/2026:00:24:56 +0200] "GET /index.php?lokasie=/homepages/13/d818981593/htdocs/GutTrechow/wp-content/uploads/2021/03/DSC02385-1024x768.jpg&loknya=/homepages/13/d818981593/htdocs/GutTrechow/wp-content/uploads/2021/03 HTTP/1.1" 200 162233 www.gut-trechow.de "http://www.gut-trechow.de/index.php?loknya=/homepages/13/d818981593/htdocs/GutTrechow/wp-content/uploads/2021/03" "Mozilla/5.0 (Macintosh; Intel Mac OS X 10.15; rv:103.0) Gecko/20100101 Firefox/103.0" "-"
62.138.6.0 - - [21/Sep/2026:00:24:56 +0200] "GET /index.php?lokasie=/homepages/13/d818981593/htdocs/GutTrechow/wp-content/uploads/2021/03/web_Gut_Kurzen_Trechow_2018_%C3%82%C2%A9_DOMUSimages_10.jpg&loknya=/homepages/13/d818981593/htdocs/GutTrechow/wp-content/uploads/2021/03 HTTP/1.1" 200 4673 www.gut-trechow.de "http://www.gut-trechow.de/index.php?loknya=/homepages/13/d818981593/htdocs/GutTrechow/wp-content/uploads/2021/03" "Mozilla/5.0 (Macintosh; Intel Mac OS X 10.15; rv:103.0) Gecko/20100101 Firefox/103.0" "-"
74.7.242.0 - - [21/Sep/2026:00:24:56 +0200] "GET /index.php?loknya=/kunden/kunden/proc/thread-self/root/kunden/kunden/proc/thread-self/root/kunden/kunden/kunden/proc/thread-self/root/kunden/kunden/proc/thread-self/root/proc/thread-self/root/usr/lib/init HTTP/1.1" 429 267 s818981589.online.de "http://s818981589.online.de/index.php?loknya=/kunden/kunden/proc/thread-self/root/kunden/kunden/proc/thread-self/root/kunden/kunden/kunden/proc/thread-self/root/kunden/kunden/proc/thread-self/root/proc/thread-self/root/usr/lib" "Mozilla/5.0 AppleWebKit/537.36 (KHTML, like Gecko; compatible; GPTBot/1.4; +https://openai.com/gptbot)" "-"
62.138.6.0 - - [21/Sep/2026:00:24:57 +0200] "GET /index.php?lokasie=/homepages/13/d818981593/htdocs/GutTrechow/wp-content/uploads/2021/03/IMG_4981-scaled-800x500.jpg&loknya=/homepages/13/d818981593/htdocs/GutTrechow/wp-content/uploads/2021/03 HTTP/1.1" 500 1271 www.gut-trechow.de "http://www.gut-trechow.de/index.php?loknya=/homepages/13/d818981593/htdocs/GutTrechow/wp-content/uploads/2021/03" "Mozilla/5.0 (Macintosh; Intel Mac OS X 10.15; rv:103.0) Gecko/20100101 Firefox/103.0" "-"
62.138.6.0 - - [21/Sep/2026:00:24:57 +0200] "GET /index.php?lokasie=/homepages/13/d818981593/htdocs/GutTrechow/wp-content/uploads/2021/03/web_Gut_Kurzen_Trechow_2018_%C3%82%C2%A9_DOMUSimages_66-1536x1024.jpg&loknya=/homepages/13/d818981593/htdocs/GutTrechow/wp-content/uploads/2021/03 HTTP/1.1" 500 1271 www.gut-trechow.de "http://www.gut-trechow.de/index.php?loknya=/homepages/13/d818981593/htdocs/GutTrechow/wp-content/uploads/2021/03" "Mozilla/5.0 (Macintosh; Intel Mac OS X 10.15; rv:103.0) Gecko/20100101 Firefox/103.0" "-"
62.138.6.0 - - [21/Sep/2026:00:24:57 +0200] "GET /index.php?lokasie=/homepages/13/d818981593/htdocs/GutTrechow/wp-content/uploads/2021/03/IMG_4981-720x400.jpg&loknya=/homepages/13/d818981593/htdocs/GutTrechow/wp-content/uploads/2021/03 HTTP/1.1" 500 1271 www.gut-trechow.de "http://www.gut-trechow.de/index.php?loknya=/homepages/13/d818981593/htdocs/GutTrechow/wp-content/uploads/2021/03" "Mozilla/5.0 (Macintosh; Intel Mac OS X 10.15; rv:103.0) Gecko/20100101 Firefox/103.0" "-"
62.138.6.0 - - [21/Sep/2026:00:24:57 +0200] "GET /index.php?lokasie=/homepages/13/d818981593/htdocs/GutTrechow/wp-content/uploads/2021/03/web_Gut_Kurzen_Trechow_2018_%C3%82%C2%A9_DOMUSimages_20-1024x683.jpg&loknya=/homepages/13/d818981593/htdocs/GutTrechow/wp-content/uploads/2021/03 HTTP/1.1" 500 1271 www.gut-trechow.de "http://www.gut-trechow.de/index.php?loknya=/homepages/13/d818981593/htdocs/GutTrechow/wp-content/uploads/2021/03" "Mozilla/5.0 (Macintosh; Intel Mac OS X 10.15; rv:103.0) Gecko/20100101 Firefox/103.0" "-"
62.138.2.0 - - [21/Sep/2026:00:24:57 +0200] "GET /index.php?lokasie=/homepages/13/d818981593/htdocs/GutTrechow/wp-content/uploads/2021/03/web_Gut_Kurzen_Trechow_2018_%C3%82%C2%A9_DOMUSimages_66-1024x683.jpg&loknya=/homepages/13/d818981593/htdocs/GutTrechow/wp-content/uploads/2021/03 HTTP/1.1" 200 4682 www.gut-trechow.de "http://www.gut-trechow.de/index.php?loknya=/homepages/13/d818981593/htdocs/GutTrechow/wp-content/uploads/2021/03" "Mozilla/5.0 (Macintosh; Intel Mac OS X 10.15; rv:103.0) Gecko/20100101 Firefox/103.0" "-"
62.138.3.0 - - [21/Sep/2026:00:24:57 +0200] "GET /index.php?lokasie=/homepages/13/d818981593/htdocs/GutTrechow/wp-content/uploads/2021/03/Bildschirmfoto-2014-09-03-um-16.29.27-720x400.png&loknya=/homepages/13/d818981593/htdocs/GutTrechow/wp-content/uploads/2021/03 HTTP/1.1" 200 1041190 www.gut-trechow.de "http://www.gut-trechow.de/index.php?loknya=/homepages/13/d818981593/htdocs/GutTrechow/wp-content/uploads/2021/03" "Mozilla/5.0 (Macintosh; Intel Mac OS X 10.15; rv:103.0) Gecko/20100101 Firefox/103.0" "-"
62.138.3.0 - - [21/Sep/2026:00:24:57 +0200] "GET /index.php?lokasie=/homepages/13/d818981593/htdocs/GutTrechow/wp-content/uploads/2021/03/Gutskapelle-Foerderkreis-48x31.jpg&loknya=/homepages/13/d818981593/htdocs/GutTrechow/wp-content/uploads/2021/03 HTTP/1.1" 200 6898 www.gut-trechow.de "http://www.gut-trechow.de/index.php?loknya=/homepages/13/d818981593/htdocs/GutTrechow/wp-content/uploads/2021/03" "Mozilla/5.0 (Macintosh; Intel Mac OS X 10.15; rv:103.0) Gecko/20100101 Firefox/103.0" "-"
62.138.3.0 - - [21/Sep/2026:00:24:57 +0200] "GET /index.php?lokasie=/homepages/13/d818981593/htdocs/GutTrechow/wp-content/uploads/2021/03/DSC02385-720x400.jpg&loknya=/homepages/13/d818981593/htdocs/GutTrechow/wp-content/uploads/2021/03 HTTP/1.1" 500 1271 www.gut-trechow.de "http://www.gut-trechow.de/index.php?loknya=/homepages/13/d818981593/htdocs/GutTrechow/wp-content/uploads/2021/03" "Mozilla/5.0 (Macintosh; Intel Mac OS X 10.15; rv:103.0) Gecko/20100101 Firefox/103.0" "-"
62.138.2.0 - - [21/Sep/2026:00:24:57 +0200] "GET /index.php?lokasie=/homepages/13/d818981593/htdocs/GutTrechow/wp-content/uploads/2021/03/Schierning-30x40-2-1536x2048.jpg&loknya=/homepages/13/d818981593/htdocs/GutTrechow/wp-content/uploads/2021/03 HTTP/1.1" 500 1271 www.gut-trechow.de "http://www.gut-trechow.de/index.php?loknya=/homepages/13/d818981593/htdocs/GutTrechow/wp-content/uploads/2021/03" "Mozilla/5.0 (Macintosh; Intel Mac OS X 10.15; rv:103.0) Gecko/20100101 Firefox/103.0" "-"
62.138.6.0 - - [21/Sep/2026:00:24:57 +0200] "GET /index.php?lokasie=/homepages/13/d818981593/htdocs/GutTrechow/wp-content/uploads/2021/03/IMG_2089-36x24.jpg&loknya=/homepages/13/d818981593/htdocs/GutTrechow/wp-content/uploads/2021/03 HTTP/1.1" 500 1271 www.gut-trechow.de "http://www.gut-trechow.de/index.php?loknya=/homepages/13/d818981593/htdocs/GutTrechow/wp-content/uploads/2021/03" "Mozilla/5.0 (Macintosh; Intel Mac OS X 10.15; rv:103.0) Gecko/20100101 Firefox/103.0" "-"
62.138.2.0 - - [21/Sep/2026:00:24:57 +0200] "GET /index.php?lokasie=/homepages/13/d818981593/htdocs/GutTrechow/wp-content/uploads/2021/03/web_Gut_Kurzen_Trechow_2018_%C3%82%C2%A9_DOMUSimages_13-272x182.jpg&loknya=/homepages/13/d818981593/htdocs/GutTrechow/wp-content/uploads/2021/03 HTTP/1.1" 200 4681 www.gut-trechow.de "http://www.gut-trechow.de/index.php?loknya=/homepages/13/d818981593/htdocs/GutTrechow/wp-content/uploads/2021/03" "Mozilla/5.0 (Macintosh; Intel Mac OS X 10.15; rv:103.0) Gecko/20100101 Firefox/103.0" "-"
