74.7.242.0 - - [21/Sep/2026:00:36:50 +0200] "GET /index.php?loknya=/proc/thread-self/proc/thread-self/proc/thread-self/proc/thread-self/proc/thread-self//proc/thread-self/proc/thread-self HTTP/1.1" 429 267 s818981589.online.de "http://s818981589.online.de/index.php?loknya=/proc/thread-self/proc/thread-self/proc/thread-self/proc/thread-self/proc/thread-self//proc/thread-self/proc/thread-self/" "Mozilla/5.0 AppleWebKit/537.36 (KHTML, like Gecko; compatible; GPTBot/1.4; +https://openai.com/gptbot)" "-"
220.181.108.0 - - [21/Sep/2026:00:36:55 +0200] "GET /impressum/?lokasie=/homepages/18/d821994674/DASTOOLSTART&loknya=/homepages/18/d821994674 HTTP/1.1" 429 267 s818981589.online.de "-" "Mozilla/5.0 (compatible; Baiduspider/2.0; +http://www.baidu.com/search/spider.html)" "-"
220.181.108.0 - - [21/Sep/2026:00:36:55 +0200] "GET /impressum/?lokasie=/homepages/18/d819456815/.created&loknya=/homepages/18/d819456815 HTTP/1.1" 429 267 s818981589.online.de "-" "Mozilla/5.0 (compatible; Baiduspider/2.0; +http://www.baidu.com/search/spider.html)" "-"
220.181.108.0 - - [21/Sep/2026:00:36:55 +0200] "GET /impressum/?lokasie=/homepages/18/d821994674/last_traffic&loknya=/homepages/18/d821994674 HTTP/1.1" 429 267 s818981589.online.de "-" "Mozilla/5.0 (compatible; Baiduspider/2.0; +http://www.baidu.com/search/spider.html)" "-"
116.179.32.0 - - [21/Sep/2026:00:36:55 +0200] "GET /impressum/?loknya=/homepages/18/d821994674/.config HTTP/1.1" 429 267 s818981589.online.de "-" "Mozilla/5.0 (compatible; Baiduspider/2.0; +http://www.baidu.com/search/spider.html)" "-"
74.7.242.0 - - [21/Sep/2026:00:36:56 +0200] "GET /index.php?loknya=/proc/thread-self/proc/thread-self/proc/thread-self/proc/thread-self/proc/thread-self//proc/thread-self/proc HTTP/1.1" 429 267 s818981589.online.de "http://s818981589.online.de/index.php?loknya=/proc/thread-self/proc/thread-self/proc/thread-self/proc/thread-self/proc/thread-self//proc/thread-self/proc/thread-self/" "Mozilla/5.0 AppleWebKit/537.36 (KHTML, like Gecko; compatible; GPTBot/1.4; +https://openai.com/gptbot)" "-"
111.225.214.0 - - [21/Sep/2026:00:36:56 +0200] "GET /impressum/?lokasie=/homepages/18/d821994674/DASTOOLSTART&loknya=/homepages/18/d821994674 HTTP/1.1" 200 4086 s818981589.online.de "-" "Mozilla/5.0 (Windows NT 10.0; WOW64) AppleWebKit/537.36 (KHTML, like Gecko) Chrome/48.0.2564.116 Safari/537.36" "-"
111.225.214.0 - - [21/Sep/2026:00:36:56 +0200] "GET /impressum/?lokasie=/homepages/18/d819456815/.created&loknya=/homepages/18/d819456815 HTTP/1.1" 200 4093 s818981589.online.de "-" "Mozilla/5.0 (Windows NT 10.0; WOW64) AppleWebKit/537.36 (KHTML, like Gecko) Chrome/48.0.2564.116 Safari/537.36" "-"
119.249.100.0 - - [21/Sep/2026:00:36:56 +0200] "GET /impressum/?lokasie=/homepages/18/d821994674/last_traffic&loknya=/homepages/18/d821994674 HTTP/1.1" 200 4086 s818981589.online.de "-" "Mozilla/5.0 (Windows NT 10.0; WOW64) AppleWebKit/537.36 (KHTML, like Gecko) Chrome/48.0.2564.116 Safari/537.36" "-"
119.249.100.0 - - [21/Sep/2026:00:36:56 +0200] "GET /impressum/?loknya=/homepages/18/d821994674/.config HTTP/1.1" 200 5274 s818981589.online.de "-" "Mozilla/5.0 (Windows NT 10.0; WOW64) AppleWebKit/537.36 (KHTML, like Gecko) Chrome/48.0.2564.116 Safari/537.36" "-"
74.7.227.0 - - [21/Sep/2026:00:36:59 +0200] "GET /index.php?loknya=/proc/thread-self/root/proc/thread-self/root/proc/thread-self/root/proc/thread-self/root/proc/thread-self/root/kunden/kunden/kunden/kunden/kunden/kunden/proc/thread-self/root/kunden/proc/sys/ HTTP/1.1" 200 21488 www.gut-trechow.de "http://www.gut-trechow.de/index.php?loknya=/proc/thread-self/root/proc/thread-self/root/proc/thread-self/root/proc/thread-self/root/proc/thread-self/root/kunden/kunden/kunden/kunden/kunden/kunden/proc/thread-self/root/kunden/proc/sys/fs" "Mozilla/5.0 AppleWebKit/537.36 (KHTML, like Gecko; compatible; GPTBot/1.4; +https://openai.com/gptbot)" "-"
62.138.6.0 - - [21/Sep/2026:00:37:00 +0200] "GET /?lokasie=/homepages/13/d821987948/htpasswd&loknya=/homepages/13/d821987948 HTTP/1.1" 200 4078 www.gut-trechow.de "-" "Mozilla/5.0 (X11; Linux x86_64) AppleWebKit/537.36 (KHTML, like Gecko) Chrome/124.0.0.0 Safari/537.36" "-"
216.73.216.0 - - [21/Sep/2026:00:37:01 +0200] "GET /?lokasie=%2Fhomepages%2F13%2Fd819611722%2FDASTOOLSTART&loknya=%2Fhomepages%2F13%2Fd819611722 HTTP/1.1" 200 4084 www.gut-trechow.de "-" "Mozilla/5.0 AppleWebKit/537.36 (KHTML, like Gecko; compatible; ClaudeBot/1.0; +claudebot@anthropic.com)" "-"
220.181.108.0 - - [21/Sep/2026:00:37:03 +0200] "GET /impressum/?loknya=/homepages/18/d819456815/.config HTTP/1.1" 429 267 s818981589.online.de "-" "Mozilla/5.0 (compatible; Baiduspider/2.0; +http://www.baidu.com/search/spider.html)" "-"
220.181.108.0 - - [21/Sep/2026:00:37:03 +0200] "GET /impressum/?lokasie=/homepages/18/d819456815/distributor.lock&loknya=/homepages/18/d819456815 HTTP/1.1" 429 267 s818981589.online.de "-" "Mozilla/5.0 (compatible; Baiduspider/2.0; +http://www.baidu.com/search/spider.html)" "-"
220.181.108.0 - - [21/Sep/2026:00:37:03 +0200] "GET /impressum/?lokasie=/homepages/18/d819456815/htaccesslist&loknya=/homepages/18/d819456815 HTTP/1.1" 429 267 s818981589.online.de "-" "Mozilla/5.0 (compatible; Baiduspider/2.0; +http://www.baidu.com/search/spider.html)" "-"
220.181.108.0 - - [21/Sep/2026:00:37:03 +0200] "GET /impressum/?lokasie=/homepages/18/d819456815/DASTOOLSTART&loknya=/homepages/18/d819456815 HTTP/1.1" 429 267 s818981589.online.de "-" "Mozilla/5.0 (compatible; Baiduspider/2.0; +http://www.baidu.com/search/spider.html)" "-"
220.181.108.0 - - [21/Sep/2026:00:37:03 +0200] "GET /impressum/?lokasie=/homepages/18/d819456815/last_traffic&loknya=/homepages/18/d819456815 HTTP/1.1" 429 267 s818981589.online.de "-" "Mozilla/5.0 (compatible; Baiduspider/2.0; +http://www.baidu.com/search/spider.html)" "-"
119.249.100.0 - - [21/Sep/2026:00:37:03 +0200] "GET /impressum/?loknya=/homepages/18/d819456815/.config HTTP/1.1" 200 5275 s818981589.online.de "-" "Mozilla/5.0 (Windows NT 10.0; WOW64) AppleWebKit/537.36 (KHTML, like Gecko) Chrome/48.0.2564.116 Safari/537.36" "-"
119.249.100.0 - - [21/Sep/2026:00:37:03 +0200] "GET /impressum/?lokasie=/homepages/18/d819456815/htaccesslist&loknya=/homepages/18/d819456815 HTTP/1.1" 200 4086 s818981589.online.de "-" "Mozilla/5.0 (Windows NT 10.0; WOW64) AppleWebKit/537.36 (KHTML, like Gecko) Chrome/48.0.2564.116 Safari/537.36" "-"
111.225.214.0 - - [21/Sep/2026:00:37:03 +0200] "GET /impressum/?lokasie=/homepages/18/d819456815/last_traffic&loknya=/homepages/18/d819456815 HTTP/1.1" 200 4086 s818981589.online.de "-" "Mozilla/5.0 (Windows NT 10.0; WOW64) AppleWebKit/537.36 (KHTML, like Gecko) Chrome/48.0.2564.116 Safari/537.36" "-"
111.225.214.0 - - [21/Sep/2026:00:37:03 +0200] "GET /impressum/?lokasie=/homepages/18/d819456815/DASTOOLSTART&loknya=/homepages/18/d819456815 HTTP/1.1" 200 4086 s818981589.online.de "-" "Mozilla/5.0 (Windows NT 10.0; WOW64) AppleWebKit/537.36 (KHTML, like Gecko) Chrome/48.0.2564.116 Safari/537.36" "-"
119.249.100.0 - - [21/Sep/2026:00:37:04 +0200] "GET /impressum/?lokasie=/homepages/18/d819456815/distributor.lock&loknya=/homepages/18/d819456815 HTTP/1.1" 200 4090 s818981589.online.de "-" "Mozilla/5.0 (Windows NT 10.0; WOW64) AppleWebKit/537.36 (KHTML, like Gecko) Chrome/48.0.2564.116 Safari/537.36" "-"
74.7.242.0 - - [21/Sep/2026:00:37:04 +0200] "GET /index.php?loknya=/proc/thread-self/proc/thread-self/proc/thread-self/proc/thread-self/proc/thread-self//proc/thread-self HTTP/1.1" 429 267 s818981589.online.de "http://s818981589.online.de/index.php?loknya=/proc/thread-self/proc/thread-self/proc/thread-self/proc/thread-self/proc/thread-self//proc/thread-self/" "Mozilla/5.0 AppleWebKit/537.36 (KHTML, like Gecko; compatible; GPTBot/1.4; +https://openai.com/gptbot)" "-"
220.181.108.0 - - [21/Sep/2026:00:37:10 +0200] "GET /impressum/?loknya=/homepages/18/d819456815/managed HTTP/1.1" 429 267 s818981589.online.de "-" "Mozilla/5.0 (compatible; Baiduspider/2.0; +http://www.baidu.com/search/spider.html)" "-"
116.179.32.0 - - [21/Sep/2026:00:37:10 +0200] "GET /impressum/?lokasie=/homepages/18/d819456815/htpasswd&loknya=/homepages/18/d819456815 HTTP/1.1" 429 267 s818981589.online.de "-" "Mozilla/5.0 (compatible; Baiduspider/2.0; +http://www.baidu.com/search/spider.html)" "-"
111.225.214.0 - - [21/Sep/2026:00:37:10 +0200] "GET /impressum/?loknya=/homepages/18/d819456815/managed HTTP/1.1" 200 5275 s818981589.online.de "-" "Mozilla/5.0 (Windows NT 10.0; WOW64) AppleWebKit/537.36 (KHTML, like Gecko) Chrome/48.0.2564.116 Safari/537.36" "-"
119.249.100.0 - - [21/Sep/2026:00:37:10 +0200] "GET /impressum/?lokasie=/homepages/18/d819456815/htpasswd&loknya=/homepages/18/d819456815 HTTP/1.1" 200 4082 s818981589.online.de "-" "Mozilla/5.0 (Windows NT 10.0; WOW64) AppleWebKit/537.36 (KHTML, like Gecko) Chrome/48.0.2564.116 Safari/537.36" "-"
220.181.108.0 - - [21/Sep/2026:00:37:13 +0200] "GET /impressum/?loknya=/homepages/18/d821994674/managed HTTP/1.1" 429 267 s818981589.online.de "-" "Mozilla/5.0 (compatible; Baiduspider/2.0; +http://www.baidu.com/search/spider.html)" "-"
119.249.100.0 - - [21/Sep/2026:00:37:14 +0200] "GET /impressum/?loknya=/homepages/18/d821994674/managed HTTP/1.1" 200 5274 s818981589.online.de "-" "Mozilla/5.0 (Windows NT 10.0; WOW64) AppleWebKit/537.36 (KHTML, like Gecko) Chrome/48.0.2564.116 Safari/537.36" "-"
74.7.227.0 - - [21/Sep/2026:00:37:15 +0200] "GET /index.php?loknya=/proc/thread-self/root/proc/thread-self/root/proc/thread-self/root/proc/thread-self/root/proc/thread-self/root/kunden/proc/thread-self/root/kunden/kunden/kunden/proc/thread-self/root/kunden/etc/dpkg HTTP/1.1" 200 14569 www.gut-trechow.de "http://www.gut-trechow.de/index.php?loknya=/proc/thread-self/root/proc/thread-self/root/proc/thread-self/root/proc/thread-self/root/proc/thread-self/root/kunden/proc/thread-self/root/kunden/kunden/kunden/proc/thread-self/root/kunden/etc" "Mozilla/5.0 AppleWebKit/537.36 (KHTML, like Gecko; compatible; GPTBot/1.4; +https://openai.com/gptbot)" "-"
220.181.108.0 - - [21/Sep/2026:00:37:16 +0200] "GET /impressum/?lokasie=/homepages/18/d821994674/DASTOOLSTART&loknya=/homepages/18/d821994674 HTTP/1.1" 429 267 s818981589.online.de "-" "Mozilla/5.0 (compatible; Baiduspider/2.0; +http://www.baidu.com/search/spider.html)" "-"
220.181.108.0 - - [21/Sep/2026:00:37:17 +0200] "GET /impressum/?lokasie=/homepages/18/d819894526/htpasswd&loknya=/homepages/18/d819894526 HTTP/1.1" 429 267 s818981589.online.de "-" "Mozilla/5.0 (compatible; Baiduspider/2.0; +http://www.baidu.com/search/spider.html)" "-"
220.181.108.0 - - [21/Sep/2026:00:37:17 +0200] "GET /impressum/?lokasie=/homepages/18/d818913965/DASTOOLSTART&loknya=/homepages/18/d818913965 HTTP/1.1" 429 267 s818981589.online.de "-" "Mozilla/5.0 (compatible; Baiduspider/2.0; +http://www.baidu.com/search/spider.html)" "-"
74.7.242.0 - - [21/Sep/2026:00:37:17 +0200] "GET /index.php?loknya=/proc/thread-self/root/proc/thread-self/root/proc/thread-self/root/proc/thread-self/root/proc/thread-self/root/kunden/kunden/proc/thread-self/root/kunden/proc/thread-self/root/var/cache/man/id/cat8 HTTP/1.1" 429 267 s818981589.online.de "http://s818981589.online.de/index.php?loknya=/proc/thread-self/root/proc/thread-self/root/proc/thread-self/root/proc/thread-self/root/proc/thread-self/root/kunden/kunden/proc/thread-self/root/kunden/proc/thread-self/root/var/cache/man/id" "Mozilla/5.0 AppleWebKit/537.36 (KHTML, like Gecko; compatible; GPTBot/1.4; +https://openai.com/gptbot)" "-"
119.249.100.0 - - [21/Sep/2026:00:37:17 +0200] "GET /impressum/?lokasie=/homepages/18/d821994674/DASTOOLSTART&loknya=/homepages/18/d821994674 HTTP/1.1" 200 4086 s818981589.online.de "-" "Mozilla/5.0 (Windows NT 10.0; WOW64) AppleWebKit/537.36 (KHTML, like Gecko) Chrome/48.0.2564.116 Safari/537.36" "-"
220.181.108.0 - - [21/Sep/2026:00:37:17 +0200] "GET /impressum/?lokasie=/homepages/18/d819894526/DASTOOLSTART&loknya=/homepages/18/d819894526 HTTP/1.1" 429 267 s818981589.online.de "-" "Mozilla/5.0 (compatible; Baiduspider/2.0; +http://www.baidu.com/search/spider.html)" "-"
220.181.108.0 - - [21/Sep/2026:00:37:18 +0200] "GET /impressum/?lokasie=/homepages/18/d819894526/htaccesslist&loknya=/homepages/18/d819894526 HTTP/1.1" 429 267 s818981589.online.de "-" "Mozilla/5.0 (compatible; Baiduspider/2.0; +http://www.baidu.com/search/spider.html)" "-"
119.249.100.0 - - [21/Sep/2026:00:37:18 +0200] "GET /impressum/?lokasie=/homepages/18/d819894526/htpasswd&loknya=/homepages/18/d819894526 HTTP/1.1" 200 4081 s818981589.online.de "-" "Mozilla/5.0 (Windows NT 10.0; WOW64) AppleWebKit/537.36 (KHTML, like Gecko) Chrome/48.0.2564.116 Safari/537.36" "-"
111.225.214.0 - - [21/Sep/2026:00:37:18 +0200] "GET /impressum/?lokasie=/homepages/18/d819894526/DASTOOLSTART&loknya=/homepages/18/d819894526 HTTP/1.1" 200 4086 s818981589.online.de "-" "Mozilla/5.0 (Windows NT 10.0; WOW64) AppleWebKit/537.36 (KHTML, like Gecko) Chrome/48.0.2564.116 Safari/537.36" "-"
119.249.100.0 - - [21/Sep/2026:00:37:18 +0200] "GET /impressum/?lokasie=/homepages/18/d819894526/htaccesslist&loknya=/homepages/18/d819894526 HTTP/1.1" 200 4086 s818981589.online.de "-" "Mozilla/5.0 (Windows NT 10.0; WOW64) AppleWebKit/537.36 (KHTML, like Gecko) Chrome/48.0.2564.116 Safari/537.36" "-"
62.138.6.0 - - [21/Sep/2026:00:37:20 +0200] "GET /index.php?loknya=/tmp/.priv HTTP/1.1" 200 5103 www.gut-trechow.de "-" "Mozilla/5.0 (X11; Linux x86_64) AppleWebKit/537.36 (KHTML, like Gecko) Chrome/124.0.0.0 Safari/537.36" "-"
111.225.214.0 - - [21/Sep/2026:00:37:21 +0200] "GET /impressum/?lokasie=/homepages/18/d818913965/DASTOOLSTART&loknya=/homepages/18/d818913965 HTTP/1.1" 200 4086 s818981589.online.de "-" "Mozilla/5.0 (Windows NT 10.0; WOW64) AppleWebKit/537.36 (KHTML, like Gecko) Chrome/48.0.2564.116 Safari/537.36" "-"
216.73.216.0 - - [21/Sep/2026:00:37:22 +0200] "GET /?lokasie=%2Fhomepages%2F13%2Fd818358984%2F.htaccess&loknya=%2Fhomepages%2F13%2Fd818358984 HTTP/1.1" 200 4081 www.gut-trechow.de "-" "Mozilla/5.0 AppleWebKit/537.36 (KHTML, like Gecko; compatible; ClaudeBot/1.0; +claudebot@anthropic.com)" "-"
220.181.108.0 - - [21/Sep/2026:00:37:25 +0200] "GET /impressum/?lokasie=/homepages/18/d819894526/.created&loknya=/homepages/18/d819894526 HTTP/1.1" 429 267 s818981589.online.de "-" "Mozilla/5.0 (compatible; Baiduspider/2.0; +http://www.baidu.com/search/spider.html)" "-"
220.181.108.0 - - [21/Sep/2026:00:37:25 +0200] "GET /impressum/?lokasie=/homepages/18/d818913965/htpasswd&loknya=/homepages/18/d818913965 HTTP/1.1" 429 267 s818981589.online.de "-" "Mozilla/5.0 (compatible; Baiduspider/2.0; +http://www.baidu.com/search/spider.html)" "-"
116.179.32.0 - - [21/Sep/2026:00:37:25 +0200] "GET /impressum/?loknya=/homepages/18/d818913965/.config HTTP/1.1" 429 267 s818981589.online.de "-" "Mozilla/5.0 (compatible; Baiduspider/2.0; +http://www.baidu.com/search/spider.html)" "-"
116.179.32.0 - - [21/Sep/2026:00:37:25 +0200] "GET /impressum/?loknya=/homepages/18/d819894526/managed HTTP/1.1" 429 267 s818981589.online.de "-" "Mozilla/5.0 (compatible; Baiduspider/2.0; +http://www.baidu.com/search/spider.html)" "-"
116.179.32.0 - - [21/Sep/2026:00:37:25 +0200] "GET /impressum/?loknya=/homepages/18/d819894526/.config HTTP/1.1" 429 267 s818981589.online.de "-" "Mozilla/5.0 (compatible; Baiduspider/2.0; +http://www.baidu.com/search/spider.html)" "-"
111.225.214.0 - - [21/Sep/2026:00:37:25 +0200] "GET /impressum/?loknya=/homepages/18/d818913965/.config HTTP/1.1" 200 5275 s818981589.online.de "-" "Mozilla/5.0 (Windows NT 10.0; WOW64) AppleWebKit/537.36 (KHTML, like Gecko) Chrome/48.0.2564.116 Safari/537.36" "-"
119.249.100.0 - - [21/Sep/2026:00:37:25 +0200] "GET /impressum/?lokasie=/homepages/18/d819894526/.created&loknya=/homepages/18/d819894526 HTTP/1.1" 200 4093 s818981589.online.de "-" "Mozilla/5.0 (Windows NT 10.0; WOW64) AppleWebKit/537.36 (KHTML, like Gecko) Chrome/48.0.2564.116 Safari/537.36" "-"
119.249.100.0 - - [21/Sep/2026:00:37:25 +0200] "GET /impressum/?lokasie=/homepages/18/d818913965/htpasswd&loknya=/homepages/18/d818913965 HTTP/1.1" 200 4082 s818981589.online.de "-" "Mozilla/5.0 (Windows NT 10.0; WOW64) AppleWebKit/537.36 (KHTML, like Gecko) Chrome/48.0.2564.116 Safari/537.36" "-"
111.225.214.0 - - [21/Sep/2026:00:37:25 +0200] "GET /impressum/?loknya=/homepages/18/d819894526/managed HTTP/1.1" 200 5275 s818981589.online.de "-" "Mozilla/5.0 (Windows NT 10.0; WOW64) AppleWebKit/537.36 (KHTML, like Gecko) Chrome/48.0.2564.116 Safari/537.36" "-"
111.225.214.0 - - [21/Sep/2026:00:37:26 +0200] "GET /impressum/?loknya=/homepages/18/d819894526/.config HTTP/1.1" 200 5275 s818981589.online.de "-" "Mozilla/5.0 (Windows NT 10.0; WOW64) AppleWebKit/537.36 (KHTML, like Gecko) Chrome/48.0.2564.116 Safari/537.36" "-"
74.7.227.0 - - [21/Sep/2026:00:37:28 +0200] "GET /index.php?loknya=/proc/thread-self/root/proc/thread-self/root/proc/thread-self/root/proc/thread-self/root/proc/thread-self/root/kunden/proc/thread-self/root/kunden/kunden/kunden/proc/thread-self/root/kunden/kunden/etc/mysql HTTP/1.1" 200 19059 www.gut-trechow.de "http://www.gut-trechow.de/index.php?loknya=/proc/thread-self/root/proc/thread-self/root/proc/thread-self/root/proc/thread-self/root/proc/thread-self/root/kunden/proc/thread-self/root/kunden/kunden/kunden/proc/thread-self/root/kunden/kunden/etc" "Mozilla/5.0 AppleWebKit/537.36 (KHTML, like Gecko; compatible; GPTBot/1.4; +https://openai.com/gptbot)" "-"
43.224.35.0 - - [21/Sep/2026:00:37:31 +0200] "GET /users/sign_in/ HTTP/1.1" 200 39192 s818981589.online.de "-" "python-requests/2.34.2" "-"
220.181.108.0 - - [21/Sep/2026:00:37:32 +0200] "GET /impressum/?lokasie=/homepages/18/d821223921/.created&loknya=/homepages/18/d821223921 HTTP/1.1" 429 267 s818981589.online.de "-" "Mozilla/5.0 (compatible; Baiduspider/2.0; +http://www.baidu.com/search/spider.html)" "-"
116.179.32.0 - - [21/Sep/2026:00:37:32 +0200] "GET /impressum/?loknya=/homepages/18/d821223921/.config HTTP/1.1" 429 267 s818981589.online.de "-" "Mozilla/5.0 (compatible; Baiduspider/2.0; +http://www.baidu.com/search/spider.html)" "-"
220.181.108.0 - - [21/Sep/2026:00:37:32 +0200] "GET /impressum/?lokasie=/homepages/18/d818913965/.created&loknya=/homepages/18/d818913965 HTTP/1.1" 429 267 s818981589.online.de "-" "Mozilla/5.0 (compatible; Baiduspider/2.0; +http://www.baidu.com/search/spider.html)" "-"
220.181.108.0 - - [21/Sep/2026:00:37:32 +0200] "GET /impressum/?loknya=/homepages/18/d818913965/managed HTTP/1.1" 429 267 s818981589.online.de "-" "Mozilla/5.0 (compatible; Baiduspider/2.0; +http://www.baidu.com/search/spider.html)" "-"
111.225.214.0 - - [21/Sep/2026:00:37:32 +0200] "GET /impressum/?lokasie=/homepages/18/d821223921/.created&loknya=/homepages/18/d821223921 HTTP/1.1" 200 4093 s818981589.online.de "-" "Mozilla/5.0 (Windows NT 10.0; WOW64) AppleWebKit/537.36 (KHTML, like Gecko) Chrome/48.0.2564.116 Safari/537.36" "-"
111.225.214.0 - - [21/Sep/2026:00:37:32 +0200] "GET /impressum/?loknya=/homepages/18/d821223921/.config HTTP/1.1" 200 5275 s818981589.online.de "-" "Mozilla/5.0 (Windows NT 10.0; WOW64) AppleWebKit/537.36 (KHTML, like Gecko) Chrome/48.0.2564.116 Safari/537.36" "-"
116.179.32.0 - - [21/Sep/2026:00:37:33 +0200] "GET /impressum/?lokasie=/homepages/18/d821223921/htaccesslist&loknya=/homepages/18/d821223921 HTTP/1.1" 429 267 s818981589.online.de "-" "Mozilla/5.0 (compatible; Baiduspider/2.0; +http://www.baidu.com/search/spider.html)" "-"
119.249.100.0 - - [21/Sep/2026:00:37:33 +0200] "GET /impressum/?lokasie=/homepages/18/d818913965/.created&loknya=/homepages/18/d818913965 HTTP/1.1" 200 4093 s818981589.online.de "-" "Mozilla/5.0 (Windows NT 10.0; WOW64) AppleWebKit/537.36 (KHTML, like Gecko) Chrome/48.0.2564.116 Safari/537.36" "-"
111.225.214.0 - - [21/Sep/2026:00:37:33 +0200] "GET /impressum/?loknya=/homepages/18/d818913965/managed HTTP/1.1" 200 5275 s818981589.online.de "-" "Mozilla/5.0 (Windows NT 10.0; WOW64) AppleWebKit/537.36 (KHTML, like Gecko) Chrome/48.0.2564.116 Safari/537.36" "-"
119.249.100.0 - - [21/Sep/2026:00:37:34 +0200] "GET /impressum/?lokasie=/homepages/18/d821223921/htaccesslist&loknya=/homepages/18/d821223921 HTTP/1.1" 200 4086 s818981589.online.de "-" "Mozilla/5.0 (Windows NT 10.0; WOW64) AppleWebKit/537.36 (KHTML, like Gecko) Chrome/48.0.2564.116 Safari/537.36" "-"
74.7.242.0 - - [21/Sep/2026:00:37:37 +0200] "GET /index.php?loknya=/proc/thread-self/root/proc/thread-self/root/proc/thread-self/root/proc/thread-self/root/proc/thread-self/root/kunden/kunden/proc/thread-self/root/kunden/proc/thread-self/root/var/cache/man/id/cat1 HTTP/1.1" 429 267 s818981589.online.de "http://s818981589.online.de/index.php?loknya=/proc/thread-self/root/proc/thread-self/root/proc/thread-self/root/proc/thread-self/root/proc/thread-self/root/kunden/kunden/proc/thread-self/root/kunden/proc/thread-self/root/var/cache/man/id" "Mozilla/5.0 AppleWebKit/537.36 (KHTML, like Gecko; compatible; GPTBot/1.4; +https://openai.com/gptbot)" "-"
74.7.227.0 - - [21/Sep/2026:00:37:38 +0200] "GET /index.php?loknya=/proc/thread-self/root/proc/thread-self/root/proc/thread-self/root/proc/thread-self/root/proc/thread-self/root/kunden/kunden/kunden/kunden/kunden/kunden/proc/thread-self/root/kunden/lib/diet/ HTTP/1.1" 200 10643 www.gut-trechow.de "http://www.gut-trechow.de/index.php?loknya=/proc/thread-self/root/proc/thread-self/root/proc/thread-self/root/proc/thread-self/root/proc/thread-self/root/kunden/kunden/kunden/kunden/kunden/kunden/proc/thread-self/root/kunden/lib/diet/bin" "Mozilla/5.0 AppleWebKit/537.36 (KHTML, like Gecko; compatible; GPTBot/1.4; +https://openai.com/gptbot)" "-"
220.181.108.0 - - [21/Sep/2026:00:37:39 +0200] "GET /impressum/?lokasie=/homepages/18/d821223921/DASTOOLSTART&loknya=/homepages/18/d821223921 HTTP/1.1" 429 267 s818981589.online.de "-" "Mozilla/5.0 (compatible; Baiduspider/2.0; +http://www.baidu.com/search/spider.html)" "-"
220.181.108.0 - - [21/Sep/2026:00:37:39 +0200] "GET /impressum/?lokasie=/homepages/18/d818913965/htaccesslist&loknya=/homepages/18/d818913965 HTTP/1.1" 429 267 s818981589.online.de "-" "Mozilla/5.0 (compatible; Baiduspider/2.0; +http://www.baidu.com/search/spider.html)" "-"
116.179.32.0 - - [21/Sep/2026:00:37:39 +0200] "GET /impressum/?lokasie=/homepages/18/d821223921/htpasswd&loknya=/homepages/18/d821223921 HTTP/1.1" 429 267 s818981589.online.de "-" "Mozilla/5.0 (compatible; Baiduspider/2.0; +http://www.baidu.com/search/spider.html)" "-"
220.181.108.0 - - [21/Sep/2026:00:37:39 +0200] "GET /impressum/?lokasie=/homepages/18/d817993141/DASTOOLSTART&loknya=/homepages/18/d817993141 HTTP/1.1" 429 267 s818981589.online.de "-" "Mozilla/5.0 (compatible; Baiduspider/2.0; +http://www.baidu.com/search/spider.html)" "-"
216.73.216.0 - - [21/Sep/2026:00:37:39 +0200] "GET /?lokasie=%2Fhomepages%2F13%2Fd818358984%2Fphpinilist&loknya=%2Fhomepages%2F13%2Fd818358984 HTTP/1.1" 200 4082 www.gut-trechow.de "-" "Mozilla/5.0 AppleWebKit/537.36 (KHTML, like Gecko; compatible; ClaudeBot/1.0; +claudebot@anthropic.com)" "-"
220.181.108.0 - - [21/Sep/2026:00:37:40 +0200] "GET /impressum/?loknya=/homepages/18/d821223921/managed HTTP/1.1" 429 267 s818981589.online.de "-" "Mozilla/5.0 (compatible; Baiduspider/2.0; +http://www.baidu.com/search/spider.html)" "-"
111.225.214.0 - - [21/Sep/2026:00:37:40 +0200] "GET /impressum/?lokasie=/homepages/18/d818913965/htaccesslist&loknya=/homepages/18/d818913965 HTTP/1.1" 200 4086 s818981589.online.de "-" "Mozilla/5.0 (Windows NT 10.0; WOW64) AppleWebKit/537.36 (KHTML, like Gecko) Chrome/48.0.2564.116 Safari/537.36" "-"
111.225.214.0 - - [21/Sep/2026:00:37:40 +0200] "GET /impressum/?lokasie=/homepages/18/d821223921/htpasswd&loknya=/homepages/18/d821223921 HTTP/1.1" 200 4082 s818981589.online.de "-" "Mozilla/5.0 (Windows NT 10.0; WOW64) AppleWebKit/537.36 (KHTML, like Gecko) Chrome/48.0.2564.116 Safari/537.36" "-"
119.249.100.0 - - [21/Sep/2026:00:37:40 +0200] "GET /impressum/?lokasie=/homepages/18/d821223921/DASTOOLSTART&loknya=/homepages/18/d821223921 HTTP/1.1" 200 4086 s818981589.online.de "-" "Mozilla/5.0 (Windows NT 10.0; WOW64) AppleWebKit/537.36 (KHTML, like Gecko) Chrome/48.0.2564.116 Safari/537.36" "-"
111.225.214.0 - - [21/Sep/2026:00:37:40 +0200] "GET /impressum/?lokasie=/homepages/18/d817993141/DASTOOLSTART&loknya=/homepages/18/d817993141 HTTP/1.1" 200 4086 s818981589.online.de "-" "Mozilla/5.0 (Windows NT 10.0; WOW64) AppleWebKit/537.36 (KHTML, like Gecko) Chrome/48.0.2564.116 Safari/537.36" "-"
119.249.100.0 - - [21/Sep/2026:00:37:40 +0200] "GET /impressum/?loknya=/homepages/18/d821223921/managed HTTP/1.1" 200 5274 s818981589.online.de "-" "Mozilla/5.0 (Windows NT 10.0; WOW64) AppleWebKit/537.36 (KHTML, like Gecko) Chrome/48.0.2564.116 Safari/537.36" "-"
62.138.6.0 - - [21/Sep/2026:00:37:40 +0200] "GET /index.php?lokasie=/homepages/13/d818981593/htdocs/GutTrechow/wp-content/updraft/index.html&loknya=/homepages/13/d818981593/htdocs/GutTrechow/wp-content/updraft HTTP/1.1" 200 4603 www.gut-trechow.de "-" "Mozilla/5.0 (X11; Linux x86_64) AppleWebKit/537.36 (KHTML, like Gecko) Chrome/124.0.0.0 Safari/537.36" "-"
74.7.227.0 - - [21/Sep/2026:00:37:46 +0200] "GET /index.php?loknya=/proc/thread-self/root/proc/thread-self/root/proc/thread-self/root/proc/thread-self/root/proc/thread-self/root/kunden/kunden/kunden/kunden/kunden/kunden/proc/thread-self/root/kunden/var/cron HTTP/1.1" 200 9095 www.gut-trechow.de "http://www.gut-trechow.de/index.php?loknya=/proc/thread-self/root/proc/thread-self/root/proc/thread-self/root/proc/thread-self/root/proc/thread-self/root/kunden/kunden/kunden/kunden/kunden/kunden/proc/thread-self/root/kunden/var" "Mozilla/5.0 AppleWebKit/537.36 (KHTML, like Gecko; compatible; GPTBot/1.4; +https://openai.com/gptbot)" "-"
220.181.108.0 - - [21/Sep/2026:00:37:47 +0200] "GET /impressum/?lokasie=/homepages/18/d817993141/.created&loknya=/homepages/18/d817993141 HTTP/1.1" 429 267 s818981589.online.de "-" "Mozilla/5.0 (compatible; Baiduspider/2.0; +http://www.baidu.com/search/spider.html)" "-"
116.179.32.0 - - [21/Sep/2026:00:37:47 +0200] "GET /impressum/?loknya=/homepages/18/d817993141/managed HTTP/1.1" 429 267 s818981589.online.de "-" "Mozilla/5.0 (compatible; Baiduspider/2.0; +http://www.baidu.com/search/spider.html)" "-"
116.179.32.0 - - [21/Sep/2026:00:37:47 +0200] "GET /impressum/?loknya=/homepages/18/d817993141/.config HTTP/1.1" 429 267 s818981589.online.de "-" "Mozilla/5.0 (compatible; Baiduspider/2.0; +http://www.baidu.com/search/spider.html)" "-"
116.179.32.0 - - [21/Sep/2026:00:37:47 +0200] "GET /impressum/?lokasie=/homepages/18/d817993141/htpasswd&loknya=/homepages/18/d817993141 HTTP/1.1" 429 267 s818981589.online.de "-" "Mozilla/5.0 (compatible; Baiduspider/2.0; +http://www.baidu.com/search/spider.html)" "-"
220.181.108.0 - - [21/Sep/2026:00:37:47 +0200] "GET /impressum/?lokasie=/homepages/18/d817993141/htaccesslist&loknya=/homepages/18/d817993141 HTTP/1.1" 429 267 s818981589.online.de "-" "Mozilla/5.0 (compatible; Baiduspider/2.0; +http://www.baidu.com/search/spider.html)" "-"
119.249.100.0 - - [21/Sep/2026:00:37:47 +0200] "GET /impressum/?lokasie=/homepages/18/d817993141/.created&loknya=/homepages/18/d817993141 HTTP/1.1" 200 4093 s818981589.online.de "-" "Mozilla/5.0 (Windows NT 10.0; WOW64) AppleWebKit/537.36 (KHTML, like Gecko) Chrome/48.0.2564.116 Safari/537.36" "-"
111.225.214.0 - - [21/Sep/2026:00:37:47 +0200] "GET /impressum/?lokasie=/homepages/18/d817993141/htpasswd&loknya=/homepages/18/d817993141 HTTP/1.1" 200 4082 s818981589.online.de "-" "Mozilla/5.0 (Windows NT 10.0; WOW64) AppleWebKit/537.36 (KHTML, like Gecko) Chrome/48.0.2564.116 Safari/537.36" "-"
111.225.214.0 - - [21/Sep/2026:00:37:47 +0200] "GET /impressum/?loknya=/homepages/18/d817993141/managed HTTP/1.1" 200 5275 s818981589.online.de "-" "Mozilla/5.0 (Windows NT 10.0; WOW64) AppleWebKit/537.36 (KHTML, like Gecko) Chrome/48.0.2564.116 Safari/537.36" "-"
111.225.214.0 - - [21/Sep/2026:00:37:47 +0200] "GET /impressum/?loknya=/homepages/18/d817993141/.config HTTP/1.1" 200 5275 s818981589.online.de "-" "Mozilla/5.0 (Windows NT 10.0; WOW64) AppleWebKit/537.36 (KHTML, like Gecko) Chrome/48.0.2564.116 Safari/537.36" "-"
119.249.100.0 - - [21/Sep/2026:00:37:48 +0200] "GET /impressum/?lokasie=/homepages/18/d817993141/htaccesslist&loknya=/homepages/18/d817993141 HTTP/1.1" 200 4086 s818981589.online.de "-" "Mozilla/5.0 (Windows NT 10.0; WOW64) AppleWebKit/537.36 (KHTML, like Gecko) Chrome/48.0.2564.116 Safari/537.36" "-"
74.7.227.0 - - [21/Sep/2026:00:37:53 +0200] "GET /index.php?loknya=/proc/thread-self/root/proc/thread-self/root/proc/thread-self/root/proc/thread-self/root/proc/thread-self/root/kunden/kunden/kunden/kunden/kunden/kunden/proc/thread-self/root/kunden/lib/ruby HTTP/1.1" 200 13761 www.gut-trechow.de "http://www.gut-trechow.de/index.php?loknya=/proc/thread-self/root/proc/thread-self/root/proc/thread-self/root/proc/thread-self/root/proc/thread-self/root/kunden/kunden/kunden/kunden/kunden/kunden/proc/thread-self/root/kunden/lib" "Mozilla/5.0 AppleWebKit/537.36 (KHTML, like Gecko; compatible; GPTBot/1.4; +https://openai.com/gptbot)" "-"
220.181.108.0 - - [21/Sep/2026:00:37:54 +0200] "GET /impressum/?lokasie=/homepages/18/d819875068/.created&loknya=/homepages/18/d819875068 HTTP/1.1" 429 267 s818981589.online.de "-" "Mozilla/5.0 (compatible; Baiduspider/2.0; +http://www.baidu.com/search/spider.html)" "-"
116.179.32.0 - - [21/Sep/2026:00:37:54 +0200] "GET /impressum/?lokasie=/homepages/18/d819875068/last_traffic&loknya=/homepages/18/d819875068 HTTP/1.1" 429 267 s818981589.online.de "-" "Mozilla/5.0 (compatible; Baiduspider/2.0; +http://www.baidu.com/search/spider.html)" "-"
220.181.108.0 - - [21/Sep/2026:00:37:54 +0200] "GET /impressum/?lokasie=/homepages/18/d819875068/htaccesslist&loknya=/homepages/18/d819875068 HTTP/1.1" 429 267 s818981589.online.de "-" "Mozilla/5.0 (compatible; Baiduspider/2.0; +http://www.baidu.com/search/spider.html)" "-"
111.225.214.0 - - [21/Sep/2026:00:37:54 +0200] "GET /impressum/?lokasie=/homepages/18/d819875068/.created&loknya=/homepages/18/d819875068 HTTP/1.1" 200 4093 s818981589.online.de "-" "Mozilla/5.0 (Windows NT 10.0; WOW64) AppleWebKit/537.36 (KHTML, like Gecko) Chrome/48.0.2564.116 Safari/537.36" "-"
111.225.214.0 - - [21/Sep/2026:00:37:54 +0200] "GET /impressum/?lokasie=/homepages/18/d819875068/last_traffic&loknya=/homepages/18/d819875068 HTTP/1.1" 200 4086 s818981589.online.de "-" "Mozilla/5.0 (Windows NT 10.0; WOW64) AppleWebKit/537.36 (KHTML, like Gecko) Chrome/48.0.2564.116 Safari/537.36" "-"
119.249.100.0 - - [21/Sep/2026:00:37:54 +0200] "GET /impressum/?lokasie=/homepages/18/d819875068/htaccesslist&loknya=/homepages/18/d819875068 HTTP/1.1" 200 4086 s818981589.online.de "-" "Mozilla/5.0 (Windows NT 10.0; WOW64) AppleWebKit/537.36 (KHTML, like Gecko) Chrome/48.0.2564.116 Safari/537.36" "-"
220.181.108.0 - - [21/Sep/2026:00:37:55 +0200] "GET /impressum/?loknya=/homepages/18/d819875068/managed HTTP/1.1" 429 267 s818981589.online.de "-" "Mozilla/5.0 (compatible; Baiduspider/2.0; +http://www.baidu.com/search/spider.html)" "-"
116.179.32.0 - - [21/Sep/2026:00:37:56 +0200] "GET /impressum/?lokasie=/homepages/18/d818913965/.created&loknya=/homepages/18/d818913965 HTTP/1.1" 429 267 s818981589.online.de "-" "Mozilla/5.0 (compatible; Baiduspider/2.0; +http://www.baidu.com/search/spider.html)" "-"
74.7.242.0 - - [21/Sep/2026:00:37:56 +0200] "GET /index.php?loknya=/proc/thread-self/root/proc/thread-self/root/proc/thread-self/root/proc/thread-self/root/proc/thread-self/root/kunden/kunden/proc/thread-self/root/kunden/proc/thread-self/root/var/cache/man/ru/cat5 HTTP/1.1" 200 9562 s818981589.online.de "http://s818981589.online.de/index.php?loknya=/proc/thread-self/root/proc/thread-self/root/proc/thread-self/root/proc/thread-self/root/proc/thread-self/root/kunden/kunden/proc/thread-self/root/kunden/proc/thread-self/root/var/cache/man/ru" "Mozilla/5.0 AppleWebKit/537.36 (KHTML, like Gecko; compatible; GPTBot/1.4; +https://openai.com/gptbot)" "-"
111.225.214.0 - - [21/Sep/2026:00:37:57 +0200] "GET /impressum/?lokasie=/homepages/18/d818913965/.created&loknya=/homepages/18/d818913965 HTTP/1.1" 200 4093 s818981589.online.de "-" "Mozilla/5.0 (Windows NT 10.0; WOW64) AppleWebKit/537.36 (KHTML, like Gecko) Chrome/48.0.2564.116 Safari/537.36" "-"
119.249.100.0 - - [21/Sep/2026:00:37:58 +0200] "GET /impressum/?loknya=/homepages/18/d819875068/managed HTTP/1.1" 200 5275 s818981589.online.de "-" "Mozilla/5.0 (Windows NT 10.0; WOW64) AppleWebKit/537.36 (KHTML, like Gecko) Chrome/48.0.2564.116 Safari/537.36" "-"
74.7.227.0 - - [21/Sep/2026:00:37:58 +0200] "GET /index.php?loknya=/proc/thread-self/root/proc/thread-self/root/proc/thread-self/root/proc/thread-self/root/proc/thread-self/root/kunden/kunden/kunden/kunden/kunden/kunden/proc/thread-self/root/kunden/proc/bus HTTP/1.1" 200 9102 www.gut-trechow.de "http://www.gut-trechow.de/index.php?loknya=/proc/thread-self/root/proc/thread-self/root/proc/thread-self/root/proc/thread-self/root/proc/thread-self/root/kunden/kunden/kunden/kunden/kunden/kunden/proc/thread-self/root/kunden/proc" "Mozilla/5.0 AppleWebKit/537.36 (KHTML, like Gecko; compatible; GPTBot/1.4; +https://openai.com/gptbot)" "-"
135.181.213.0 - - [21/Sep/2026:00:38:00 +0200] "GET /robots.txt HTTP/1.1" 200 39195 gut-trechow.de "-" "Mozilla/5.0 (compatible; MJ12bot/v1.4.8; http://mj12bot.com/)" "-"
62.138.6.0 - - [21/Sep/2026:00:38:00 +0200] "GET /?loknya=/homepages/46 HTTP/1.1" 200 29041 www.gut-trechow.de "-" "Mozilla/5.0 (X11; Linux x86_64) AppleWebKit/537.36 (KHTML, like Gecko) Chrome/124.0.0.0 Safari/537.36" "-"
116.179.32.0 - - [21/Sep/2026:00:38:01 +0200] "GET /impressum/?loknya=/homepages/18/d819875068/.config HTTP/1.1" 429 267 s818981589.online.de "-" "Mozilla/5.0 (compatible; Baiduspider/2.0; +http://www.baidu.com/search/spider.html)" "-"
116.179.32.0 - - [21/Sep/2026:00:38:01 +0200] "GET /impressum/?lokasie=/homepages/18/d819875068/.htaccess&loknya=/homepages/18/d819875068 HTTP/1.1" 429 267 s818981589.online.de "-" "Mozilla/5.0 (compatible; Baiduspider/2.0; +http://www.baidu.com/search/spider.html)" "-"
220.181.108.0 - - [21/Sep/2026:00:38:01 +0200] "GET /impressum/?lokasie=/homepages/18/d819875068/phpinilist&loknya=/homepages/18/d819875068 HTTP/1.1" 429 267 s818981589.online.de "-" "Mozilla/5.0 (compatible; Baiduspider/2.0; +http://www.baidu.com/search/spider.html)" "-"
116.179.32.0 - - [21/Sep/2026:00:38:01 +0200] "GET /impressum/?loknya=/homepages/41/d821628238/managed HTTP/1.1" 429 267 s818981589.online.de "-" "Mozilla/5.0 (compatible; Baiduspider/2.0; +http://www.baidu.com/search/spider.html)" "-"
220.181.108.0 - - [21/Sep/2026:00:38:02 +0200] "GET /impressum/?lokasie=/homepages/18/d819875068/DASTOOLSTART&loknya=/homepages/18/d819875068 HTTP/1.1" 429 267 s818981589.online.de "-" "Mozilla/5.0 (compatible; Baiduspider/2.0; +http://www.baidu.com/search/spider.html)" "-"
111.225.214.0 - - [21/Sep/2026:00:38:02 +0200] "GET /impressum/?lokasie=/homepages/18/d819875068/phpinilist&loknya=/homepages/18/d819875068 HTTP/1.1" 200 4084 s818981589.online.de "-" "Mozilla/5.0 (Windows NT 10.0; WOW64) AppleWebKit/537.36 (KHTML, like Gecko) Chrome/48.0.2564.116 Safari/537.36" "-"
111.225.214.0 - - [21/Sep/2026:00:38:02 +0200] "GET /impressum/?loknya=/homepages/18/d819875068/.config HTTP/1.1" 200 5275 s818981589.online.de "-" "Mozilla/5.0 (Windows NT 10.0; WOW64) AppleWebKit/537.36 (KHTML, like Gecko) Chrome/48.0.2564.116 Safari/537.36" "-"
119.249.100.0 - - [21/Sep/2026:00:38:02 +0200] "GET /impressum/?lokasie=/homepages/18/d819875068/.htaccess&loknya=/homepages/18/d819875068 HTTP/1.1" 200 4083 s818981589.online.de "-" "Mozilla/5.0 (Windows NT 10.0; WOW64) AppleWebKit/537.36 (KHTML, like Gecko) Chrome/48.0.2564.116 Safari/537.36" "-"
111.225.214.0 - - [21/Sep/2026:00:38:02 +0200] "GET /impressum/?loknya=/homepages/41/d821628238/managed HTTP/1.1" 200 5275 s818981589.online.de "-" "Mozilla/5.0 (Windows NT 10.0; WOW64) AppleWebKit/537.36 (KHTML, like Gecko) Chrome/48.0.2564.116 Safari/537.36" "-"
111.225.214.0 - - [21/Sep/2026:00:38:02 +0200] "GET /impressum/?lokasie=/homepages/18/d819875068/DASTOOLSTART&loknya=/homepages/18/d819875068 HTTP/1.1" 200 4086 s818981589.online.de "-" "Mozilla/5.0 (Windows NT 10.0; WOW64) AppleWebKit/537.36 (KHTML, like Gecko) Chrome/48.0.2564.116 Safari/537.36" "-"
135.181.213.0 - - [21/Sep/2026:00:38:02 +0200] "GET /?loknya=/homepages/0/d817932493 HTTP/1.1" 200 19534 gut-trechow.de "-" "Mozilla/5.0 (compatible; MJ12bot/v1.4.8; http://mj12bot.com/)" "-"
74.7.227.0 - - [21/Sep/2026:00:38:02 +0200] "GET /index.php?loknya=/proc/thread-self/root/proc/thread-self/root/proc/thread-self/root/proc/thread-self/root/proc/thread-self/root/kunden/kunden/kunden/kunden/kunden/kunden/proc/thread-self/root/usr HTTP/1.1" 200 23745 www.gut-trechow.de "http://www.gut-trechow.de/index.php?loknya=/proc/thread-self/root/proc/thread-self/root/proc/thread-self/root/proc/thread-self/root/proc/thread-self/root/kunden/kunden/kunden/kunden/kunden/kunden/proc/thread-self/root" "Mozilla/5.0 AppleWebKit/537.36 (KHTML, like Gecko; compatible; GPTBot/1.4; +https://openai.com/gptbot)" "-"
135.181.213.0 - - [21/Sep/2026:00:38:04 +0200] "GET /?loknya=/homepages/19/d818338310 HTTP/1.1" 200 12759 gut-trechow.de "-" "Mozilla/5.0 (compatible; MJ12bot/v1.4.8; http://mj12bot.com/)" "-"
116.179.32.0 - - [21/Sep/2026:00:38:05 +0200] "GET /impressum/?lokasie=/homepages/18/d819875068/distributor.lock&loknya=/homepages/18/d819875068 HTTP/1.1" 429 267 s818981589.online.de "-" "Mozilla/5.0 (compatible; Baiduspider/2.0; +http://www.baidu.com/search/spider.html)" "-"
119.249.100.0 - - [21/Sep/2026:00:38:05 +0200] "GET /impressum/?lokasie=/homepages/18/d819875068/distributor.lock&loknya=/homepages/18/d819875068 HTTP/1.1" 200 4090 s818981589.online.de "-" "Mozilla/5.0 (Windows NT 10.0; WOW64) AppleWebKit/537.36 (KHTML, like Gecko) Chrome/48.0.2564.116 Safari/537.36" "-"
74.7.227.0 - - [21/Sep/2026:00:38:06 +0200] "GET /index.php?loknya=/proc/thread-self/root/proc/thread-self/root/proc/thread-self/root/proc/thread-self/root/proc/thread-self/root/kunden/kunden/kunden/kunden/kunden/kunden/proc/thread-self/root/lib/diet/bin HTTP/1.1" 200 11039 www.gut-trechow.de "http://www.gut-trechow.de/index.php?loknya=/proc/thread-self/root/proc/thread-self/root/proc/thread-self/root/proc/thread-self/root/proc/thread-self/root/kunden/kunden/kunden/kunden/kunden/kunden/proc/thread-self/root/lib/diet" "Mozilla/5.0 AppleWebKit/537.36 (KHTML, like Gecko; compatible; GPTBot/1.4; +https://openai.com/gptbot)" "-"
135.181.213.0 - - [21/Sep/2026:00:38:06 +0200] "GET /?loknya=/homepages/19/d818580219 HTTP/1.1" 200 19573 gut-trechow.de "-" "Mozilla/5.0 (compatible; MJ12bot/v1.4.8; http://mj12bot.com/)" "-"
135.181.213.0 - - [21/Sep/2026:00:38:08 +0200] "GET /?loknya=/homepages/19/d818601134 HTTP/1.1" 200 18188 gut-trechow.de "-" "Mozilla/5.0 (compatible; MJ12bot/v1.4.8; http://mj12bot.com/)" "-"
74.7.227.0 - - [21/Sep/2026:00:38:08 +0200] "GET /index.php?loknya=/proc/thread-self/root/proc/thread-self/root/proc/thread-self/root/proc/thread-self/root/proc/thread-self/root/kunden/proc/thread-self/root/kunden/kunden/kunden/proc/thread-self/root/kunden/kunden/lib HTTP/1.1" 200 108564 www.gut-trechow.de "http://www.gut-trechow.de/index.php?loknya=/proc/thread-self/root/proc/thread-self/root/proc/thread-self/root/proc/thread-self/root/proc/thread-self/root/kunden/proc/thread-self/root/kunden/kunden/kunden/proc/thread-self/root/kunden/kunden" "Mozilla/5.0 AppleWebKit/537.36 (KHTML, like Gecko; compatible; GPTBot/1.4; +https://openai.com/gptbot)" "-"
220.181.108.0 - - [21/Sep/2026:00:38:09 +0200] "GET /impressum/?lokasie=/homepages/41/d821628238/.created&loknya=/homepages/41/d821628238 HTTP/1.1" 429 267 s818981589.online.de "-" "Mozilla/5.0 (compatible; Baiduspider/2.0; +http://www.baidu.com/search/spider.html)" "-"
220.181.108.0 - - [21/Sep/2026:00:38:09 +0200] "GET /impressum/?lokasie=/homepages/41/d821628238/htpasswd&loknya=/homepages/41/d821628238 HTTP/1.1" 429 267 s818981589.online.de "-" "Mozilla/5.0 (compatible; Baiduspider/2.0; +http://www.baidu.com/search/spider.html)" "-"
220.181.108.0 - - [21/Sep/2026:00:38:09 +0200] "GET /impressum/?lokasie=/homepages/41/d821628238/DASTOOLSTART&loknya=/homepages/41/d821628238 HTTP/1.1" 429 267 s818981589.online.de "-" "Mozilla/5.0 (compatible; Baiduspider/2.0; +http://www.baidu.com/search/spider.html)" "-"
111.225.214.0 - - [21/Sep/2026:00:38:09 +0200] "GET /impressum/?lokasie=/homepages/41/d821628238/.created&loknya=/homepages/41/d821628238 HTTP/1.1" 200 4093 s818981589.online.de "-" "Mozilla/5.0 (Windows NT 10.0; WOW64) AppleWebKit/537.36 (KHTML, like Gecko) Chrome/48.0.2564.116 Safari/537.36" "-"
111.225.214.0 - - [21/Sep/2026:00:38:09 +0200] "GET /impressum/?lokasie=/homepages/41/d821628238/DASTOOLSTART&loknya=/homepages/41/d821628238 HTTP/1.1" 200 4086 s818981589.online.de "-" "Mozilla/5.0 (Windows NT 10.0; WOW64) AppleWebKit/537.36 (KHTML, like Gecko) Chrome/48.0.2564.116 Safari/537.36" "-"
111.225.214.0 - - [21/Sep/2026:00:38:09 +0200] "GET /impressum/?lokasie=/homepages/41/d821628238/htpasswd&loknya=/homepages/41/d821628238 HTTP/1.1" 200 4082 s818981589.online.de "-" "Mozilla/5.0 (Windows NT 10.0; WOW64) AppleWebKit/537.36 (KHTML, like Gecko) Chrome/48.0.2564.116 Safari/537.36" "-"
116.179.32.0 - - [21/Sep/2026:00:38:10 +0200] "GET /impressum/?lokasie=/homepages/41/d821628238/distributor.lock&loknya=/homepages/41/d821628238 HTTP/1.1" 429 267 s818981589.online.de "-" "Mozilla/5.0 (compatible; Baiduspider/2.0; +http://www.baidu.com/search/spider.html)" "-"
119.249.100.0 - - [21/Sep/2026:00:38:10 +0200] "GET /impressum/?lokasie=/homepages/41/d821628238/distributor.lock&loknya=/homepages/41/d821628238 HTTP/1.1" 200 4090 s818981589.online.de "-" "Mozilla/5.0 (Windows NT 10.0; WOW64) AppleWebKit/537.36 (KHTML, like Gecko) Chrome/48.0.2564.116 Safari/537.36" "-"
135.181.213.0 - - [21/Sep/2026:00:38:10 +0200] "GET /?loknya=/homepages/19/d818638969 HTTP/1.1" 200 14110 gut-trechow.de "-" "Mozilla/5.0 (compatible; MJ12bot/v1.4.8; http://mj12bot.com/)" "-"
74.7.227.0 - - [21/Sep/2026:00:38:10 +0200] "GET /index.php?lokasie=/proc/thread-self/root/proc/thread-self/root/proc/thread-self/root/proc/thread-self/root/proc/thread-self/root/kunden/proc/thread-self/root/kunden/kunden/kunden/proc/thread-self/root/kunden/usr/sbin/swapoff&loknya=/proc/thread-self/root/proc/thread-self/root/proc/thread-self/root/proc/thread-self/root/proc/thread-self/root/kunden/proc/thread-self/root/kunden/kunden/kunden/proc/thread-self/root/kunden/usr/sbin HTTP/1.1" 200 80233 www.gut-trechow.de "http://www.gut-trechow.de/index.php?loknya=/proc/thread-self/root/proc/thread-self/root/proc/thread-self/root/proc/thread-self/root/proc/thread-self/root/kunden/proc/thread-self/root/kunden/kunden/kunden/proc/thread-self/root/kunden/usr/sbin" "Mozilla/5.0 AppleWebKit/537.36 (KHTML, like Gecko; compatible; GPTBot/1.4; +https://openai.com/gptbot)" "-"
220.181.108.0 - - [21/Sep/2026:00:38:12 +0200] "GET /impressum/?loknya=/homepages/41/d821628238/.config HTTP/1.1" 429 267 s818981589.online.de "-" "Mozilla/5.0 (compatible; Baiduspider/2.0; +http://www.baidu.com/search/spider.html)" "-"
74.7.227.0 - - [21/Sep/2026:00:38:12 +0200] "GET /index.php?lokasie=/proc/thread-self/root/proc/thread-self/root/proc/thread-self/root/proc/thread-self/root/proc/thread-self/root/kunden/proc/thread-self/root/kunden/kunden/kunden/proc/thread-self/root/kunden/usr/sbin/groupdel&loknya=/proc/thread-self/root/proc/thread-self/root/proc/thread-self/root/proc/thread-self/root/proc/thread-self/root/kunden/proc/thread-self/root/kunden/kunden/kunden/proc/thread-self/root/kunden/usr/sbin HTTP/1.1" 200 66687 www.gut-trechow.de "http://www.gut-trechow.de/index.php?loknya=/proc/thread-self/root/proc/thread-self/root/proc/thread-self/root/proc/thread-self/root/proc/thread-self/root/kunden/proc/thread-self/root/kunden/kunden/kunden/proc/thread-self/root/kunden/usr/sbin" "Mozilla/5.0 AppleWebKit/537.36 (KHTML, like Gecko; compatible; GPTBot/1.4; +https://openai.com/gptbot)" "-"
135.181.213.0 - - [21/Sep/2026:00:38:12 +0200] "GET /?loknya=/homepages/19/d818818227 HTTP/1.1" 200 18186 gut-trechow.de "-" "Mozilla/5.0 (compatible; MJ12bot/v1.4.8; http://mj12bot.com/)" "-"
74.7.227.0 - - [21/Sep/2026:00:38:14 +0200] "GET /index.php?loknya=/proc/thread-self/root/proc/thread-self/root/proc/thread-self/root/proc/thread-self/root/proc/thread-self/root/kunden/proc/thread-self/root/kunden/kunden/kunden/proc/thread-self/root/kunden/usr/ HTTP/1.1" 200 24715 www.gut-trechow.de "http://www.gut-trechow.de/index.php?loknya=/proc/thread-self/root/proc/thread-self/root/proc/thread-self/root/proc/thread-self/root/proc/thread-self/root/kunden/proc/thread-self/root/kunden/kunden/kunden/proc/thread-self/root/kunden/usr/sbin" "Mozilla/5.0 AppleWebKit/537.36 (KHTML, like Gecko; compatible; GPTBot/1.4; +https://openai.com/gptbot)" "-"
135.181.213.0 - - [21/Sep/2026:00:38:14 +0200] "GET /?loknya=/homepages/19/d818879421 HTTP/1.1" 200 12753 gut-trechow.de "-" "Mozilla/5.0 (compatible; MJ12bot/v1.4.8; http://mj12bot.com/)" "-"
119.249.100.0 - - [21/Sep/2026:00:38:15 +0200] "GET /impressum/?loknya=/homepages/41/d821628238/.config HTTP/1.1" 200 5275 s818981589.online.de "-" "Mozilla/5.0 (Windows NT 10.0; WOW64) AppleWebKit/537.36 (KHTML, like Gecko) Chrome/48.0.2564.116 Safari/537.36" "-"
74.7.227.0 - - [21/Sep/2026:00:38:15 +0200] "GET /index.php?loknya=/proc/thread-self/root/proc/thread-self/root/proc/thread-self/root/proc/thread-self/root/proc/thread-self/root/kunden/proc/thread-self/root/kunden/kunden/kunden/proc/thread-self/root/kunden/etc/dpkg/origins HTTP/1.1" 429 267 www.gut-trechow.de "http://www.gut-trechow.de/index.php?loknya=/proc/thread-self/root/proc/thread-self/root/proc/thread-self/root/proc/thread-self/root/proc/thread-self/root/kunden/proc/thread-self/root/kunden/kunden/kunden/proc/thread-self/root/kunden/etc/dpkg" "Mozilla/5.0 AppleWebKit/537.36 (KHTML, like Gecko; compatible; GPTBot/1.4; +https://openai.com/gptbot)" "-"
74.7.227.0 - - [21/Sep/2026:00:38:15 +0200] "GET /index.php?loknya=/proc/thread-self/root/proc/thread-self/root/proc/thread-self/root/proc/thread-self/root/proc/thread-self/root/kunden/proc/thread-self/root/kunden/kunden/kunden/proc/thread-self/root/kunden/etc/security HTTP/1.1" 429 267 www.gut-trechow.de "http://www.gut-trechow.de/index.php?loknya=/proc/thread-self/root/proc/thread-self/root/proc/thread-self/root/proc/thread-self/root/proc/thread-self/root/kunden/proc/thread-self/root/kunden/kunden/kunden/proc/thread-self/root/kunden/etc" "Mozilla/5.0 AppleWebKit/537.36 (KHTML, like Gecko; compatible; GPTBot/1.4; +https://openai.com/gptbot)" "-"
135.181.213.0 - - [21/Sep/2026:00:38:16 +0200] "GET /?loknya=/homepages/19/d818982821 HTTP/1.1" 200 12753 gut-trechow.de "-" "Mozilla/5.0 (compatible; MJ12bot/v1.4.8; http://mj12bot.com/)" "-"
74.7.242.0 - - [21/Sep/2026:00:38:17 +0200] "GET /index.php?loknya=/proc/thread-self/root/proc/thread-self/root/proc/thread-self/root/proc/thread-self/root/proc/thread-self/root/kunden/kunden/proc/thread-self/root/kunden/proc/thread-self/root/var/cache/man/ru/cat8 HTTP/1.1" 200 9562 s818981589.online.de "http://s818981589.online.de/index.php?loknya=/proc/thread-self/root/proc/thread-self/root/proc/thread-self/root/proc/thread-self/root/proc/thread-self/root/kunden/kunden/proc/thread-self/root/kunden/proc/thread-self/root/var/cache/man/ru" "Mozilla/5.0 AppleWebKit/537.36 (KHTML, like Gecko; compatible; GPTBot/1.4; +https://openai.com/gptbot)" "-"
220.181.108.0 - - [21/Sep/2026:00:38:17 +0200] "GET /impressum/?lokasie=/homepages/41/d821628238/htaccesslist&loknya=/homepages/41/d821628238 HTTP/1.1" 429 267 s818981589.online.de "-" "Mozilla/5.0 (compatible; Baiduspider/2.0; +http://www.baidu.com/search/spider.html)" "-"
220.181.108.0 - - [21/Sep/2026:00:38:17 +0200] "GET /impressum/?lokasie=/homepages/41/d821628238/last_traffic&loknya=/homepages/41/d821628238 HTTP/1.1" 429 267 s818981589.online.de "-" "Mozilla/5.0 (compatible; Baiduspider/2.0; +http://www.baidu.com/search/spider.html)" "-"
220.181.108.0 - - [21/Sep/2026:00:38:17 +0200] "GET /impressum/?lokasie=/homepages/18/d822080496/.created&loknya=/homepages/18/d822080496 HTTP/1.1" 429 267 s818981589.online.de "-" "Mozilla/5.0 (compatible; Baiduspider/2.0; +http://www.baidu.com/search/spider.html)" "-"
220.181.108.0 - - [21/Sep/2026:00:38:17 +0200] "GET /impressum/?loknya=/homepages/18/d822080496/managed HTTP/1.1" 429 267 s818981589.online.de "-" "Mozilla/5.0 (compatible; Baiduspider/2.0; +http://www.baidu.com/search/spider.html)" "-"
74.7.227.0 - - [21/Sep/2026:00:38:17 +0200] "GET /index.php?loknya=/proc/thread-self/root/proc/thread-self/root/proc/thread-self/root/proc/thread-self/root/proc/thread-self/root/kunden/kunden/kunden/kunden/kunden/kunden/proc/thread-self/root/kunden/proc/sys/fs/ HTTP/1.1" 429 267 www.gut-trechow.de "http://www.gut-trechow.de/index.php?loknya=/proc/thread-self/root/proc/thread-self/root/proc/thread-self/root/proc/thread-self/root/proc/thread-self/root/kunden/kunden/kunden/kunden/kunden/kunden/proc/thread-self/root/kunden/proc/sys/fs/xfs" "Mozilla/5.0 AppleWebKit/537.36 (KHTML, like Gecko; compatible; GPTBot/1.4; +https://openai.com/gptbot)" "-"
116.179.32.0 - - [21/Sep/2026:00:38:18 +0200] "GET /impressum/?lokasie=/homepages/18/d822080496/htpasswd&loknya=/homepages/18/d822080496 HTTP/1.1" 429 267 s818981589.online.de "-" "Mozilla/5.0 (compatible; Baiduspider/2.0; +http://www.baidu.com/search/spider.html)" "-"
111.225.214.0 - - [21/Sep/2026:00:38:18 +0200] "GET /impressum/?lokasie=/homepages/41/d821628238/last_traffic&loknya=/homepages/41/d821628238 HTTP/1.1" 200 4086 s818981589.online.de "-" "Mozilla/5.0 (Windows NT 10.0; WOW64) AppleWebKit/537.36 (KHTML, like Gecko) Chrome/48.0.2564.116 Safari/537.36" "-"
119.249.100.0 - - [21/Sep/2026:00:38:18 +0200] "GET /impressum/?lokasie=/homepages/41/d821628238/htaccesslist&loknya=/homepages/41/d821628238 HTTP/1.1" 200 4086 s818981589.online.de "-" "Mozilla/5.0 (Windows NT 10.0; WOW64) AppleWebKit/537.36 (KHTML, like Gecko) Chrome/48.0.2564.116 Safari/537.36" "-"
