111.225.214.0 - - [21/Sep/2026:00:38:18 +0200] "GET /impressum/?lokasie=/homepages/18/d822080496/.created&loknya=/homepages/18/d822080496 HTTP/1.1" 200 4093 s818981589.online.de "-" "Mozilla/5.0 (Windows NT 10.0; WOW64) AppleWebKit/537.36 (KHTML, like Gecko) Chrome/48.0.2564.116 Safari/537.36" "-"
111.225.214.0 - - [21/Sep/2026:00:38:18 +0200] "GET /impressum/?loknya=/homepages/18/d822080496/managed HTTP/1.1" 200 5275 s818981589.online.de "-" "Mozilla/5.0 (Windows NT 10.0; WOW64) AppleWebKit/537.36 (KHTML, like Gecko) Chrome/48.0.2564.116 Safari/537.36" "-"
111.225.214.0 - - [21/Sep/2026:00:38:18 +0200] "GET /impressum/?lokasie=/homepages/18/d822080496/htpasswd&loknya=/homepages/18/d822080496 HTTP/1.1" 200 4082 s818981589.online.de "-" "Mozilla/5.0 (Windows NT 10.0; WOW64) AppleWebKit/537.36 (KHTML, like Gecko) Chrome/48.0.2564.116 Safari/537.36" "-"
74.7.227.0 - - [21/Sep/2026:00:38:19 +0200] "GET /index.php?loknya=/proc/thread-self/root/proc/thread-self/root/proc/thread-self/root/proc/thread-self/root/proc/thread-self/root/kunden/kunden/kunden/kunden/kunden/kunden/proc/thread-self/root/kunden/lib/ruby/gems HTTP/1.1" 429 267 www.gut-trechow.de "http://www.gut-trechow.de/index.php?loknya=/proc/thread-self/root/proc/thread-self/root/proc/thread-self/root/proc/thread-self/root/proc/thread-self/root/kunden/kunden/kunden/kunden/kunden/kunden/proc/thread-self/root/kunden/lib/ruby" "Mozilla/5.0 AppleWebKit/537.36 (KHTML, like Gecko; compatible; GPTBot/1.4; +https://openai.com/gptbot)" "-"
135.181.213.0 - - [21/Sep/2026:00:38:19 +0200] "GET /?loknya=/homepages/19/d819050078 HTTP/1.1" 200 18221 gut-trechow.de "-" "Mozilla/5.0 (compatible; MJ12bot/v1.4.8; http://mj12bot.com/)" "-"
62.138.6.0 - - [21/Sep/2026:00:38:20 +0200] "GET /index.php?lokasie=/homepages/13/d818981593/htdocs/GutTrechow/wp-content/updraft/log.de16fde037ee.txt&loknya=/homepages/13/d818981593/htdocs/GutTrechow/wp-content/updraft HTTP/1.1" 200 69340 www.gut-trechow.de "-" "Mozilla/5.0 (X11; Linux x86_64) AppleWebKit/537.36 (KHTML, like Gecko) Chrome/124.0.0.0 Safari/537.36" "-"
135.181.213.0 - - [21/Sep/2026:00:38:20 +0200] "GET /?loknya=/homepages/19/d819185391 HTTP/1.1" 200 12750 gut-trechow.de "-" "Mozilla/5.0 (compatible; MJ12bot/v1.4.8; http://mj12bot.com/)" "-"
74.7.227.0 - - [21/Sep/2026:00:38:22 +0200] "GET /index.php?loknya=/proc/thread-self/root/proc/thread-self/root/proc/thread-self/root/proc/thread-self/root/proc/thread-self/root/kunden/kunden/kunden/kunden/kunden/kunden/proc/thread-self/root/kunden/lib/ruby/vendor_ruby HTTP/1.1" 429 267 www.gut-trechow.de "http://www.gut-trechow.de/index.php?loknya=/proc/thread-self/root/proc/thread-self/root/proc/thread-self/root/proc/thread-self/root/proc/thread-self/root/kunden/kunden/kunden/kunden/kunden/kunden/proc/thread-self/root/kunden/lib/ruby" "Mozilla/5.0 AppleWebKit/537.36 (KHTML, like Gecko; compatible; GPTBot/1.4; +https://openai.com/gptbot)" "-"
135.181.213.0 - - [21/Sep/2026:00:38:22 +0200] "GET /?loknya=/homepages/19/d819440648 HTTP/1.1" 200 14101 gut-trechow.de "-" "Mozilla/5.0 (compatible; MJ12bot/v1.4.8; http://mj12bot.com/)" "-"
116.179.32.0 - - [21/Sep/2026:00:38:24 +0200] "GET /impressum/?lokasie=/homepages/18/d822080496/phpinilist&loknya=/homepages/18/d822080496 HTTP/1.1" 429 267 s818981589.online.de "-" "Mozilla/5.0 (compatible; Baiduspider/2.0; +http://www.baidu.com/search/spider.html)" "-"
220.181.108.0 - - [21/Sep/2026:00:38:24 +0200] "GET /impressum/?lokasie=/homepages/18/d822080496/htaccesslist&loknya=/homepages/18/d822080496 HTTP/1.1" 429 267 s818981589.online.de "-" "Mozilla/5.0 (compatible; Baiduspider/2.0; +http://www.baidu.com/search/spider.html)" "-"
220.181.108.0 - - [21/Sep/2026:00:38:24 +0200] "GET /impressum/?loknya=/homepages/18/d822080496/.config HTTP/1.1" 429 267 s818981589.online.de "-" "Mozilla/5.0 (compatible; Baiduspider/2.0; +http://www.baidu.com/search/spider.html)" "-"
116.179.32.0 - - [21/Sep/2026:00:38:24 +0200] "GET /impressum/?lokasie=/homepages/18/d822080496/DASTOOLSTART&loknya=/homepages/18/d822080496 HTTP/1.1" 429 267 s818981589.online.de "-" "Mozilla/5.0 (compatible; Baiduspider/2.0; +http://www.baidu.com/search/spider.html)" "-"
111.225.214.0 - - [21/Sep/2026:00:38:24 +0200] "GET /impressum/?lokasie=/homepages/18/d822080496/htaccesslist&loknya=/homepages/18/d822080496 HTTP/1.1" 200 4086 s818981589.online.de "-" "Mozilla/5.0 (Windows NT 10.0; WOW64) AppleWebKit/537.36 (KHTML, like Gecko) Chrome/48.0.2564.116 Safari/537.36" "-"
135.181.213.0 - - [21/Sep/2026:00:38:24 +0200] "GET /?loknya=/homepages/19/d819461986 HTTP/1.1" 200 20897 gut-trechow.de "-" "Mozilla/5.0 (compatible; MJ12bot/v1.4.8; http://mj12bot.com/)" "-"
119.249.100.0 - - [21/Sep/2026:00:38:25 +0200] "GET /impressum/?lokasie=/homepages/18/d822080496/phpinilist&loknya=/homepages/18/d822080496 HTTP/1.1" 200 4084 s818981589.online.de "-" "Mozilla/5.0 (Windows NT 10.0; WOW64) AppleWebKit/537.36 (KHTML, like Gecko) Chrome/48.0.2564.116 Safari/537.36" "-"
111.225.214.0 - - [21/Sep/2026:00:38:25 +0200] "GET /impressum/?loknya=/homepages/18/d822080496/.config HTTP/1.1" 200 5275 s818981589.online.de "-" "Mozilla/5.0 (Windows NT 10.0; WOW64) AppleWebKit/537.36 (KHTML, like Gecko) Chrome/48.0.2564.116 Safari/537.36" "-"
119.249.100.0 - - [21/Sep/2026:00:38:25 +0200] "GET /impressum/?lokasie=/homepages/18/d822080496/DASTOOLSTART&loknya=/homepages/18/d822080496 HTTP/1.1" 200 4086 s818981589.online.de "-" "Mozilla/5.0 (Windows NT 10.0; WOW64) AppleWebKit/537.36 (KHTML, like Gecko) Chrome/48.0.2564.116 Safari/537.36" "-"
74.7.227.0 - - [21/Sep/2026:00:38:26 +0200] "GET /index.php?loknya=/proc/thread-self/root/proc/thread-self/root/proc/thread-self/root/proc/thread-self/root/proc/thread-self/root/kunden/kunden/kunden/kunden/kunden/kunden/proc/thread-self/root/usr/sbin HTTP/1.1" 429 267 www.gut-trechow.de "http://www.gut-trechow.de/index.php?loknya=/proc/thread-self/root/proc/thread-self/root/proc/thread-self/root/proc/thread-self/root/proc/thread-self/root/kunden/kunden/kunden/kunden/kunden/kunden/proc/thread-self/root/usr" "Mozilla/5.0 AppleWebKit/537.36 (KHTML, like Gecko; compatible; GPTBot/1.4; +https://openai.com/gptbot)" "-"
135.181.213.0 - - [21/Sep/2026:00:38:26 +0200] "GET /?loknya=/homepages/19/d820284345 HTTP/1.1" 200 19539 gut-trechow.de "-" "Mozilla/5.0 (compatible; MJ12bot/v1.4.8; http://mj12bot.com/)" "-"
135.181.213.0 - - [21/Sep/2026:00:38:29 +0200] "GET /?loknya=/homepages/19/d820363070 HTTP/1.1" 200 15470 gut-trechow.de "-" "Mozilla/5.0 (compatible; MJ12bot/v1.4.8; http://mj12bot.com/)" "-"
220.181.108.0 - - [21/Sep/2026:00:38:31 +0200] "GET /impressum/?loknya=/homepages/41/d819236643/managed HTTP/1.1" 429 267 s818981589.online.de "-" "Mozilla/5.0 (compatible; Baiduspider/2.0; +http://www.baidu.com/search/spider.html)" "-"
220.181.108.0 - - [21/Sep/2026:00:38:31 +0200] "GET /impressum/?lokasie=/homepages/41/d819236643/last_traffic&loknya=/homepages/41/d819236643 HTTP/1.1" 429 267 s818981589.online.de "-" "Mozilla/5.0 (compatible; Baiduspider/2.0; +http://www.baidu.com/search/spider.html)" "-"
220.181.108.0 - - [21/Sep/2026:00:38:31 +0200] "GET /impressum/?lokasie=/homepages/8/d821989870/htaccesslist&loknya=/homepages/8/d821989870 HTTP/1.1" 429 267 s818981589.online.de "-" "Mozilla/5.0 (compatible; Baiduspider/2.0; +http://www.baidu.com/search/spider.html)" "-"
220.181.108.0 - - [21/Sep/2026:00:38:31 +0200] "GET /impressum/?lokasie=/homepages/41/d819236643/htpasswd&loknya=/homepages/41/d819236643 HTTP/1.1" 429 267 s818981589.online.de "-" "Mozilla/5.0 (compatible; Baiduspider/2.0; +http://www.baidu.com/search/spider.html)" "-"
135.181.213.0 - - [21/Sep/2026:00:38:31 +0200] "GET /?loknya=/homepages/19/d820376418 HTTP/1.1" 200 12738 gut-trechow.de "-" "Mozilla/5.0 (compatible; MJ12bot/v1.4.8; http://mj12bot.com/)" "-"
111.225.214.0 - - [21/Sep/2026:00:38:32 +0200] "GET /impressum/?lokasie=/homepages/41/d819236643/last_traffic&loknya=/homepages/41/d819236643 HTTP/1.1" 200 4086 s818981589.online.de "-" "Mozilla/5.0 (Windows NT 10.0; WOW64) AppleWebKit/537.36 (KHTML, like Gecko) Chrome/48.0.2564.116 Safari/537.36" "-"
119.249.100.0 - - [21/Sep/2026:00:38:32 +0200] "GET /impressum/?loknya=/homepages/41/d819236643/managed HTTP/1.1" 200 5275 s818981589.online.de "-" "Mozilla/5.0 (Windows NT 10.0; WOW64) AppleWebKit/537.36 (KHTML, like Gecko) Chrome/48.0.2564.116 Safari/537.36" "-"
111.225.214.0 - - [21/Sep/2026:00:38:32 +0200] "GET /impressum/?lokasie=/homepages/8/d821989870/htaccesslist&loknya=/homepages/8/d821989870 HTTP/1.1" 200 4082 s818981589.online.de "-" "Mozilla/5.0 (Windows NT 10.0; WOW64) AppleWebKit/537.36 (KHTML, like Gecko) Chrome/48.0.2564.116 Safari/537.36" "-"
119.249.100.0 - - [21/Sep/2026:00:38:32 +0200] "GET /impressum/?lokasie=/homepages/41/d819236643/htpasswd&loknya=/homepages/41/d819236643 HTTP/1.1" 200 4082 s818981589.online.de "-" "Mozilla/5.0 (Windows NT 10.0; WOW64) AppleWebKit/537.36 (KHTML, like Gecko) Chrome/48.0.2564.116 Safari/537.36" "-"
74.7.227.0 - - [21/Sep/2026:00:38:33 +0200] "GET /index.php?loknya=/proc/thread-self/root/proc/thread-self/root/proc/thread-self/root/proc/thread-self/root/proc/thread-self/root/kunden/kunden/kunden/kunden/kunden/kunden/proc/thread-self/root/usr/bin HTTP/1.1" 429 267 www.gut-trechow.de "http://www.gut-trechow.de/index.php?loknya=/proc/thread-self/root/proc/thread-self/root/proc/thread-self/root/proc/thread-self/root/proc/thread-self/root/kunden/kunden/kunden/kunden/kunden/kunden/proc/thread-self/root/usr" "Mozilla/5.0 AppleWebKit/537.36 (KHTML, like Gecko; compatible; GPTBot/1.4; +https://openai.com/gptbot)" "-"
135.181.213.0 - - [21/Sep/2026:00:38:33 +0200] "GET /?loknya=/homepages/19/d820442077 HTTP/1.1" 200 12741 gut-trechow.de "-" "Mozilla/5.0 (compatible; MJ12bot/v1.4.8; http://mj12bot.com/)" "-"
116.179.32.0 - - [21/Sep/2026:00:38:33 +0200] "GET /impressum/?lokasie=/homepages/8/d821989870/DASTOOLSTART&loknya=/homepages/8/d821989870 HTTP/1.1" 429 267 s818981589.online.de "-" "Mozilla/5.0 (compatible; Baiduspider/2.0; +http://www.baidu.com/search/spider.html)" "-"
74.7.242.0 - - [21/Sep/2026:00:38:33 +0200] "GET /index.php?loknya=/proc/thread-self/root/proc/thread-self/root/proc/thread-self/root/proc/thread-self/root/proc/thread-self/root/kunden/kunden/proc/thread-self/root/kunden/proc/thread-self/root/var/cache/man/ru/cat1 HTTP/1.1" 200 9562 s818981589.online.de "http://s818981589.online.de/index.php?loknya=/proc/thread-self/root/proc/thread-self/root/proc/thread-self/root/proc/thread-self/root/proc/thread-self/root/kunden/kunden/proc/thread-self/root/kunden/proc/thread-self/root/var/cache/man/ru" "Mozilla/5.0 AppleWebKit/537.36 (KHTML, like Gecko; compatible; GPTBot/1.4; +https://openai.com/gptbot)" "-"
111.225.214.0 - - [21/Sep/2026:00:38:33 +0200] "GET /impressum/?lokasie=/homepages/8/d821989870/DASTOOLSTART&loknya=/homepages/8/d821989870 HTTP/1.1" 200 4082 s818981589.online.de "-" "Mozilla/5.0 (Windows NT 10.0; WOW64) AppleWebKit/537.36 (KHTML, like Gecko) Chrome/48.0.2564.116 Safari/537.36" "-"
135.181.213.0 - - [21/Sep/2026:00:38:35 +0200] "GET /?loknya=/homepages/19/d820612828 HTTP/1.1" 200 12741 gut-trechow.de "-" "Mozilla/5.0 (compatible; MJ12bot/v1.4.8; http://mj12bot.com/)" "-"
116.179.32.0 - - [21/Sep/2026:00:38:35 +0200] "GET /impressum/?lokasie=/homepages/18/d822080496/distributor.lock&loknya=/homepages/18/d822080496 HTTP/1.1" 429 267 s818981589.online.de "-" "Mozilla/5.0 (compatible; Baiduspider/2.0; +http://www.baidu.com/search/spider.html)" "-"
119.249.100.0 - - [21/Sep/2026:00:38:35 +0200] "GET /impressum/?lokasie=/homepages/18/d822080496/distributor.lock&loknya=/homepages/18/d822080496 HTTP/1.1" 200 4090 s818981589.online.de "-" "Mozilla/5.0 (Windows NT 10.0; WOW64) AppleWebKit/537.36 (KHTML, like Gecko) Chrome/48.0.2564.116 Safari/537.36" "-"
135.181.213.0 - - [21/Sep/2026:00:38:37 +0200] "GET /?loknya=/homepages/19/d820640981 HTTP/1.1" 200 14093 gut-trechow.de "-" "Mozilla/5.0 (compatible; MJ12bot/v1.4.8; http://mj12bot.com/)" "-"
135.181.213.0 - - [21/Sep/2026:00:38:39 +0200] "GET /?loknya=/homepages/19/d820931535 HTTP/1.1" 200 12738 gut-trechow.de "-" "Mozilla/5.0 (compatible; MJ12bot/v1.4.8; http://mj12bot.com/)" "-"
220.181.108.0 - - [21/Sep/2026:00:38:39 +0200] "GET /impressum/?lokasie=/homepages/41/d819236643/.created&loknya=/homepages/41/d819236643 HTTP/1.1" 429 267 s818981589.online.de "-" "Mozilla/5.0 (compatible; Baiduspider/2.0; +http://www.baidu.com/search/spider.html)" "-"
116.179.32.0 - - [21/Sep/2026:00:38:39 +0200] "GET /impressum/?loknya=/homepages/8/d821989870/managed HTTP/1.1" 429 267 s818981589.online.de "-" "Mozilla/5.0 (compatible; Baiduspider/2.0; +http://www.baidu.com/search/spider.html)" "-"
119.249.100.0 - - [21/Sep/2026:00:38:39 +0200] "GET /impressum/?lokasie=/homepages/41/d819236643/.created&loknya=/homepages/41/d819236643 HTTP/1.1" 200 4092 s818981589.online.de "-" "Mozilla/5.0 (Windows NT 10.0; WOW64) AppleWebKit/537.36 (KHTML, like Gecko) Chrome/48.0.2564.116 Safari/537.36" "-"
62.138.6.0 - - [21/Sep/2026:00:38:40 +0200] "GET /index.php?loknya=/homepages/13/d818981593/htdocs/GutTrechow/wp-content/updraft/emptydir HTTP/1.1" 200 5778 www.gut-trechow.de "-" "Mozilla/5.0 (X11; Linux x86_64) AppleWebKit/537.36 (KHTML, like Gecko) Chrome/124.0.0.0 Safari/537.36" "-"
135.181.213.0 - - [21/Sep/2026:00:38:41 +0200] "GET /?loknya=/homepages/19/d821030470 HTTP/1.1" 429 267 gut-trechow.de "-" "Mozilla/5.0 (compatible; MJ12bot/v1.4.8; http://mj12bot.com/)" "-"
111.225.214.0 - - [21/Sep/2026:00:38:42 +0200] "GET /impressum/?loknya=/homepages/8/d821989870/managed HTTP/1.1" 200 5268 s818981589.online.de "-" "Mozilla/5.0 (Windows NT 10.0; WOW64) AppleWebKit/537.36 (KHTML, like Gecko) Chrome/48.0.2564.116 Safari/537.36" "-"
135.181.213.0 - - [21/Sep/2026:00:38:43 +0200] "GET /?loknya=/homepages/19/d821350211 HTTP/1.1" 429 267 gut-trechow.de "-" "Mozilla/5.0 (compatible; MJ12bot/v1.4.8; http://mj12bot.com/)" "-"
74.7.227.0 - - [21/Sep/2026:00:38:43 +0200] "GET /index.php?loknya=/proc/thread-self/root/proc/thread-self/root/proc/thread-self/root/proc/thread-self/root/proc/thread-self/root/kunden/proc/thread-self/root/kunden/kunden/kunden/proc/thread-self/root/kunden/kunden/lib/pam.d HTTP/1.1" 429 267 www.gut-trechow.de "http://www.gut-trechow.de/index.php?loknya=/proc/thread-self/root/proc/thread-self/root/proc/thread-self/root/proc/thread-self/root/proc/thread-self/root/kunden/proc/thread-self/root/kunden/kunden/kunden/proc/thread-self/root/kunden/kunden/lib" "Mozilla/5.0 AppleWebKit/537.36 (KHTML, like Gecko; compatible; GPTBot/1.4; +https://openai.com/gptbot)" "-"
135.181.213.0 - - [21/Sep/2026:00:38:44 +0200] "GET /?loknya=/homepages/19/d821420805 HTTP/1.1" 429 267 gut-trechow.de "-" "Mozilla/5.0 (compatible; MJ12bot/v1.4.8; http://mj12bot.com/)" "-"
74.7.242.0 - - [21/Sep/2026:00:38:45 +0200] "GET /index.php?loknya=/proc/thread-self/root/proc/thread-self/root/proc/thread-self/root/proc/thread-self/root/proc/thread-self/root/kunden/kunden/proc/thread-self/root/kunden/proc/thread-self/root/var/cache/man/id/cat5 HTTP/1.1" 200 9562 s818981589.online.de "http://s818981589.online.de/index.php?loknya=/proc/thread-self/root/proc/thread-self/root/proc/thread-self/root/proc/thread-self/root/proc/thread-self/root/kunden/kunden/proc/thread-self/root/kunden/proc/thread-self/root/var/cache/man/id" "Mozilla/5.0 AppleWebKit/537.36 (KHTML, like Gecko; compatible; GPTBot/1.4; +https://openai.com/gptbot)" "-"
135.181.213.0 - - [21/Sep/2026:00:38:46 +0200] "GET /?loknya=/homepages/19/d821535485 HTTP/1.1" 429 267 gut-trechow.de "-" "Mozilla/5.0 (compatible; MJ12bot/v1.4.8; http://mj12bot.com/)" "-"
116.179.32.0 - - [21/Sep/2026:00:38:46 +0200] "GET /impressum/?lokasie=/homepages/8/d821989870/distributor.lock&loknya=/homepages/8/d821989870 HTTP/1.1" 429 267 s818981589.online.de "-" "Mozilla/5.0 (compatible; Baiduspider/2.0; +http://www.baidu.com/search/spider.html)" "-"
116.179.32.0 - - [21/Sep/2026:00:38:46 +0200] "GET /impressum/?lokasie=/homepages/8/d821989870/metadata.json&loknya=/homepages/8/d821989870 HTTP/1.1" 429 267 s818981589.online.de "-" "Mozilla/5.0 (compatible; Baiduspider/2.0; +http://www.baidu.com/search/spider.html)" "-"
119.249.100.0 - - [21/Sep/2026:00:38:46 +0200] "GET /impressum/?lokasie=/homepages/8/d821989870/distributor.lock&loknya=/homepages/8/d821989870 HTTP/1.1" 200 4085 s818981589.online.de "-" "Mozilla/5.0 (Windows NT 10.0; WOW64) AppleWebKit/537.36 (KHTML, like Gecko) Chrome/48.0.2564.116 Safari/537.36" "-"
111.225.214.0 - - [21/Sep/2026:00:38:46 +0200] "GET /impressum/?lokasie=/homepages/8/d821989870/metadata.json&loknya=/homepages/8/d821989870 HTTP/1.1" 200 4083 s818981589.online.de "-" "Mozilla/5.0 (Windows NT 10.0; WOW64) AppleWebKit/537.36 (KHTML, like Gecko) Chrome/48.0.2564.116 Safari/537.36" "-"
135.181.213.0 - - [21/Sep/2026:00:38:47 +0200] "GET /?loknya=/homepages/19/d821600392 HTTP/1.1" 429 267 gut-trechow.de "-" "Mozilla/5.0 (compatible; MJ12bot/v1.4.8; http://mj12bot.com/)" "-"
220.181.108.0 - - [21/Sep/2026:00:38:47 +0200] "GET /impressum/?lokasie=/homepages/8/d821989870/.htaccess&loknya=/homepages/8/d821989870 HTTP/1.1" 429 267 s818981589.online.de "-" "Mozilla/5.0 (compatible; Baiduspider/2.0; +http://www.baidu.com/search/spider.html)" "-"
116.179.32.0 - - [21/Sep/2026:00:38:47 +0200] "GET /impressum/?lokasie=/homepages/8/d821989870/phpinilist&loknya=/homepages/8/d821989870 HTTP/1.1" 429 267 s818981589.online.de "-" "Mozilla/5.0 (compatible; Baiduspider/2.0; +http://www.baidu.com/search/spider.html)" "-"
119.249.100.0 - - [21/Sep/2026:00:38:47 +0200] "GET /impressum/?lokasie=/homepages/8/d821989870/.htaccess&loknya=/homepages/8/d821989870 HTTP/1.1" 200 4079 s818981589.online.de "-" "Mozilla/5.0 (Windows NT 10.0; WOW64) AppleWebKit/537.36 (KHTML, like Gecko) Chrome/48.0.2564.116 Safari/537.36" "-"
119.249.100.0 - - [21/Sep/2026:00:38:47 +0200] "GET /impressum/?lokasie=/homepages/8/d821989870/phpinilist&loknya=/homepages/8/d821989870 HTTP/1.1" 200 4080 s818981589.online.de "-" "Mozilla/5.0 (Windows NT 10.0; WOW64) AppleWebKit/537.36 (KHTML, like Gecko) Chrome/48.0.2564.116 Safari/537.36" "-"
220.181.108.0 - - [21/Sep/2026:00:38:48 +0200] "GET /impressum/?lokasie=/homepages/18/d822080496/distributor.lock&loknya=/homepages/18/d822080496 HTTP/1.1" 429 267 s818981589.online.de "-" "Mozilla/5.0 (compatible; Baiduspider/2.0; +http://www.baidu.com/search/spider.html)" "-"
116.179.32.0 - - [21/Sep/2026:00:38:48 +0200] "GET /impressum/?lokasie=/homepages/41/d819236643/phpinilist&loknya=/homepages/41/d819236643 HTTP/1.1" 429 267 s818981589.online.de "-" "Mozilla/5.0 (compatible; Baiduspider/2.0; +http://www.baidu.com/search/spider.html)" "-"
119.249.100.0 - - [21/Sep/2026:00:38:48 +0200] "GET /impressum/?lokasie=/homepages/18/d822080496/distributor.lock&loknya=/homepages/18/d822080496 HTTP/1.1" 200 4090 s818981589.online.de "-" "Mozilla/5.0 (Windows NT 10.0; WOW64) AppleWebKit/537.36 (KHTML, like Gecko) Chrome/48.0.2564.116 Safari/537.36" "-"
135.181.213.0 - - [21/Sep/2026:00:38:49 +0200] "GET /?loknya=/homepages/19/d821613881 HTTP/1.1" 429 267 gut-trechow.de "-" "Mozilla/5.0 (compatible; MJ12bot/v1.4.8; http://mj12bot.com/)" "-"
111.225.214.0 - - [21/Sep/2026:00:38:49 +0200] "GET /impressum/?lokasie=/homepages/41/d819236643/phpinilist&loknya=/homepages/41/d819236643 HTTP/1.1" 200 4084 s818981589.online.de "-" "Mozilla/5.0 (Windows NT 10.0; WOW64) AppleWebKit/537.36 (KHTML, like Gecko) Chrome/48.0.2564.116 Safari/537.36" "-"
135.181.213.0 - - [21/Sep/2026:00:38:50 +0200] "GET /?loknya=/homepages/19/d821745716 HTTP/1.1" 429 267 gut-trechow.de "-" "Mozilla/5.0 (compatible; MJ12bot/v1.4.8; http://mj12bot.com/)" "-"
216.73.216.0 - - [21/Sep/2026:00:38:50 +0200] "GET /sitemap.xml?lokasie=%2Fbin%2Fpython&loknya=%2Fbin HTTP/1.1" 429 267 www.gut-trechow.de "-" "Mozilla/5.0 AppleWebKit/537.36 (KHTML, like Gecko; compatible; ClaudeBot/1.0; +claudebot@anthropic.com)" "-"
216.73.216.0 - - [21/Sep/2026:00:38:51 +0200] "GET /sitemap.xml?lokasie=%2Fbin%2Fx86_64-linux-gnu-cpp&loknya=%2Fbin HTTP/1.1" 429 267 www.gut-trechow.de "-" "Mozilla/5.0 AppleWebKit/537.36 (KHTML, like Gecko; compatible; ClaudeBot/1.0; +claudebot@anthropic.com)" "-"
216.73.216.0 - - [21/Sep/2026:00:38:51 +0200] "GET /sitemap.xml?lokasie=%2Fbin%2Fpython3&loknya=%2Fbin HTTP/1.1" 429 267 www.gut-trechow.de "-" "Mozilla/5.0 AppleWebKit/537.36 (KHTML, like Gecko; compatible; ClaudeBot/1.0; +claudebot@anthropic.com)" "-"
216.73.216.0 - - [21/Sep/2026:00:38:51 +0200] "GET /sitemap.xml?lokasie=%2Fbin%2Fpython3.13&loknya=%2Fbin HTTP/1.1" 429 267 www.gut-trechow.de "-" "Mozilla/5.0 AppleWebKit/537.36 (KHTML, like Gecko; compatible; ClaudeBot/1.0; +claudebot@anthropic.com)" "-"
216.73.216.0 - - [21/Sep/2026:00:38:52 +0200] "GET /sitemap.xml?lokasie=%2Fbin%2Fx86_64-linux-gnu-cpp-14&loknya=%2Fbin HTTP/1.1" 429 267 www.gut-trechow.de "-" "Mozilla/5.0 AppleWebKit/537.36 (KHTML, like Gecko; compatible; ClaudeBot/1.0; +claudebot@anthropic.com)" "-"
135.181.213.0 - - [21/Sep/2026:00:38:52 +0200] "GET /?loknya=/homepages/19/d821794455 HTTP/1.1" 429 267 gut-trechow.de "-" "Mozilla/5.0 (compatible; MJ12bot/v1.4.8; http://mj12bot.com/)" "-"
216.73.216.0 - - [21/Sep/2026:00:38:52 +0200] "GET /index.php?loknya=%2Fhomepages%2F13%2Fd818981593%2Fhtdocs%2FGutTrechow%2Fwp-admin%2Fjs%2Fwidgets HTTP/1.1" 429 267 www.gut-trechow.de "-" "Mozilla/5.0 AppleWebKit/537.36 (KHTML, like Gecko; compatible; ClaudeBot/1.0; +claudebot@anthropic.com)" "-"
216.73.216.0 - - [21/Sep/2026:00:38:53 +0200] "GET /sitemap.xml?lokasie=%2Fbin%2Fvim.basic&loknya=%2Fbin HTTP/1.1" 429 267 www.gut-trechow.de "-" "Mozilla/5.0 AppleWebKit/537.36 (KHTML, like Gecko; compatible; ClaudeBot/1.0; +claudebot@anthropic.com)" "-"
216.73.216.0 - - [21/Sep/2026:00:38:53 +0200] "GET /sitemap.xml?lokasie=%2Fbin%2Fcpp&loknya=%2Fbin HTTP/1.1" 429 267 www.gut-trechow.de "-" "Mozilla/5.0 AppleWebKit/537.36 (KHTML, like Gecko; compatible; ClaudeBot/1.0; +claudebot@anthropic.com)" "-"
135.181.213.0 - - [21/Sep/2026:00:38:53 +0200] "GET /?loknya=/homepages/19/d822184367 HTTP/1.1" 429 267 gut-trechow.de "-" "Mozilla/5.0 (compatible; MJ12bot/v1.4.8; http://mj12bot.com/)" "-"
220.181.108.0 - - [21/Sep/2026:00:38:53 +0200] "GET /impressum/?loknya=/homepages/41/d821628238/.config HTTP/1.1" 429 267 s818981589.online.de "-" "Mozilla/5.0 (compatible; Baiduspider/2.0; +http://www.baidu.com/search/spider.html)" "-"
116.179.32.0 - - [21/Sep/2026:00:38:53 +0200] "GET /impressum/?loknya=/homepages/8/d821989870/.config HTTP/1.1" 429 267 s818981589.online.de "-" "Mozilla/5.0 (compatible; Baiduspider/2.0; +http://www.baidu.com/search/spider.html)" "-"
116.179.32.0 - - [21/Sep/2026:00:38:53 +0200] "GET /impressum/?lokasie=/homepages/41/d819236643/.htaccess&loknya=/homepages/41/d819236643 HTTP/1.1" 429 267 s818981589.online.de "-" "Mozilla/5.0 (compatible; Baiduspider/2.0; +http://www.baidu.com/search/spider.html)" "-"
220.181.108.0 - - [21/Sep/2026:00:38:53 +0200] "GET /impressum/?lokasie=/homepages/8/d821989870/.created&loknya=/homepages/8/d821989870 HTTP/1.1" 429 267 s818981589.online.de "-" "Mozilla/5.0 (compatible; Baiduspider/2.0; +http://www.baidu.com/search/spider.html)" "-"
116.179.32.0 - - [21/Sep/2026:00:38:53 +0200] "GET /impressum/?lokasie=/homepages/8/d821989870/last_traffic&loknya=/homepages/8/d821989870 HTTP/1.1" 429 267 s818981589.online.de "-" "Mozilla/5.0 (compatible; Baiduspider/2.0; +http://www.baidu.com/search/spider.html)" "-"
220.181.108.0 - - [21/Sep/2026:00:38:53 +0200] "GET /impressum/?lokasie=/homepages/41/d819236643/DASTOOLSTART&loknya=/homepages/41/d819236643 HTTP/1.1" 429 267 s818981589.online.de "-" "Mozilla/5.0 (compatible; Baiduspider/2.0; +http://www.baidu.com/search/spider.html)" "-"
216.73.216.0 - - [21/Sep/2026:00:38:54 +0200] "GET /sitemap.xml?lokasie=%2Fbin%2Fresolve_stack_dump&loknya=%2Fbin HTTP/1.1" 429 267 www.gut-trechow.de "-" "Mozilla/5.0 AppleWebKit/537.36 (KHTML, like Gecko; compatible; ClaudeBot/1.0; +claudebot@anthropic.com)" "-"
216.73.216.0 - - [21/Sep/2026:00:38:54 +0200] "GET /sitemap.xml?lokasie=%2Fbin%2Fphp8.5-cli&loknya=%2Fbin HTTP/1.1" 429 267 www.gut-trechow.de "-" "Mozilla/5.0 AppleWebKit/537.36 (KHTML, like Gecko; compatible; ClaudeBot/1.0; +claudebot@anthropic.com)" "-"
116.179.32.0 - - [21/Sep/2026:00:38:54 +0200] "GET /impressum/?lokasie=/homepages/41/d819236643/htaccesslist&loknya=/homepages/41/d819236643 HTTP/1.1" 429 267 s818981589.online.de "-" "Mozilla/5.0 (compatible; Baiduspider/2.0; +http://www.baidu.com/search/spider.html)" "-"
119.249.100.0 - - [21/Sep/2026:00:38:54 +0200] "GET /impressum/?loknya=/homepages/41/d821628238/.config HTTP/1.1" 200 5275 s818981589.online.de "-" "Mozilla/5.0 (Windows NT 10.0; WOW64) AppleWebKit/537.36 (KHTML, like Gecko) Chrome/48.0.2564.116 Safari/537.36" "-"
111.225.214.0 - - [21/Sep/2026:00:38:54 +0200] "GET /impressum/?loknya=/homepages/8/d821989870/.config HTTP/1.1" 200 5268 s818981589.online.de "-" "Mozilla/5.0 (Windows NT 10.0; WOW64) AppleWebKit/537.36 (KHTML, like Gecko) Chrome/48.0.2564.116 Safari/537.36" "-"
111.225.214.0 - - [21/Sep/2026:00:38:54 +0200] "GET /impressum/?lokasie=/homepages/8/d821989870/last_traffic&loknya=/homepages/8/d821989870 HTTP/1.1" 200 4082 s818981589.online.de "-" "Mozilla/5.0 (Windows NT 10.0; WOW64) AppleWebKit/537.36 (KHTML, like Gecko) Chrome/48.0.2564.116 Safari/537.36" "-"
111.225.214.0 - - [21/Sep/2026:00:38:54 +0200] "GET /impressum/?lokasie=/homepages/41/d819236643/.htaccess&loknya=/homepages/41/d819236643 HTTP/1.1" 200 4083 s818981589.online.de "-" "Mozilla/5.0 (Windows NT 10.0; WOW64) AppleWebKit/537.36 (KHTML, like Gecko) Chrome/48.0.2564.116 Safari/537.36" "-"
111.225.214.0 - - [21/Sep/2026:00:38:54 +0200] "GET /impressum/?lokasie=/homepages/8/d821989870/.created&loknya=/homepages/8/d821989870 HTTP/1.1" 200 4089 s818981589.online.de "-" "Mozilla/5.0 (Windows NT 10.0; WOW64) AppleWebKit/537.36 (KHTML, like Gecko) Chrome/48.0.2564.116 Safari/537.36" "-"
119.249.100.0 - - [21/Sep/2026:00:38:54 +0200] "GET /impressum/?lokasie=/homepages/41/d819236643/DASTOOLSTART&loknya=/homepages/41/d819236643 HTTP/1.1" 200 4085 s818981589.online.de "-" "Mozilla/5.0 (Windows NT 10.0; WOW64) AppleWebKit/537.36 (KHTML, like Gecko) Chrome/48.0.2564.116 Safari/537.36" "-"
111.225.214.0 - - [21/Sep/2026:00:38:54 +0200] "GET /impressum/?lokasie=/homepages/41/d819236643/htaccesslist&loknya=/homepages/41/d819236643 HTTP/1.1" 200 4086 s818981589.online.de "-" "Mozilla/5.0 (Windows NT 10.0; WOW64) AppleWebKit/537.36 (KHTML, like Gecko) Chrome/48.0.2564.116 Safari/537.36" "-"
216.73.216.0 - - [21/Sep/2026:00:38:55 +0200] "GET /sitemap.xml?loknya=%2Frun%2Flock HTTP/1.1" 429 267 www.gut-trechow.de "-" "Mozilla/5.0 AppleWebKit/537.36 (KHTML, like Gecko; compatible; ClaudeBot/1.0; +claudebot@anthropic.com)" "-"
135.181.213.0 - - [21/Sep/2026:00:38:55 +0200] "GET /?loknya=/homepages/19/d822278367 HTTP/1.1" 429 267 gut-trechow.de "-" "Mozilla/5.0 (compatible; MJ12bot/v1.4.8; http://mj12bot.com/)" "-"
135.181.213.0 - - [21/Sep/2026:00:38:56 +0200] "GET /?loknya=/homepages/2/d817666992 HTTP/1.1" 429 267 gut-trechow.de "-" "Mozilla/5.0 (compatible; MJ12bot/v1.4.8; http://mj12bot.com/)" "-"
74.7.242.0 - - [21/Sep/2026:00:38:56 +0200] "GET /index.php?loknya=/proc/thread-self/root/proc/thread-self/root/proc/thread-self/root/proc/thread-self/root/proc/thread-self/root/kunden/kunden/proc/thread-self/root/kunden/proc/thread-self/root/var/cache/man/hu HTTP/1.1" 200 16423 s818981589.online.de "http://s818981589.online.de/index.php?loknya=/proc/thread-self/root/proc/thread-self/root/proc/thread-self/root/proc/thread-self/root/proc/thread-self/root/kunden/kunden/proc/thread-self/root/kunden/proc/thread-self/root/var/cache/man" "Mozilla/5.0 AppleWebKit/537.36 (KHTML, like Gecko; compatible; GPTBot/1.4; +https://openai.com/gptbot)" "-"
135.181.213.0 - - [21/Sep/2026:00:38:58 +0200] "GET /?loknya=/homepages/2/d818445077 HTTP/1.1" 429 267 gut-trechow.de "-" "Mozilla/5.0 (compatible; MJ12bot/v1.4.8; http://mj12bot.com/)" "-"
74.7.227.0 - - [21/Sep/2026:00:38:58 +0200] "GET /index.php?loknya=/proc/thread-self/root/proc/thread-self/root/proc/thread-self/root/proc/thread-self/root/proc/thread-self/root/kunden/proc/thread-self/root/kunden/kunden/kunden/proc/thread-self/root/kunden/kunden/lib/apt HTTP/1.1" 429 267 www.gut-trechow.de "http://www.gut-trechow.de/index.php?loknya=/proc/thread-self/root/proc/thread-self/root/proc/thread-self/root/proc/thread-self/root/proc/thread-self/root/kunden/proc/thread-self/root/kunden/kunden/kunden/proc/thread-self/root/kunden/kunden/lib" "Mozilla/5.0 AppleWebKit/537.36 (KHTML, like Gecko; compatible; GPTBot/1.4; +https://openai.com/gptbot)" "-"
216.73.216.0 - - [21/Sep/2026:00:38:59 +0200] "GET /sitemap.xml?lokasie=%2Fbin%2Fvimdiff&loknya=%2Fbin HTTP/1.1" 429 267 www.gut-trechow.de "-" "Mozilla/5.0 AppleWebKit/537.36 (KHTML, like Gecko; compatible; ClaudeBot/1.0; +claudebot@anthropic.com)" "-"
135.181.213.0 - - [21/Sep/2026:00:38:59 +0200] "GET /?loknya=/homepages/2/d818672416 HTTP/1.1" 429 267 gut-trechow.de "-" "Mozilla/5.0 (compatible; MJ12bot/v1.4.8; http://mj12bot.com/)" "-"
216.73.216.0 - - [21/Sep/2026:00:38:59 +0200] "GET /index.php?loknya=%2Fhomepages%2F13%2Fd818981593%2Fhtdocs%2FGutTrechow%2Fwp-admin%2F HTTP/1.1" 429 267 www.gut-trechow.de "-" "Mozilla/5.0 AppleWebKit/537.36 (KHTML, like Gecko; compatible; ClaudeBot/1.0; +claudebot@anthropic.com)" "-"
220.181.108.0 - - [21/Sep/2026:00:38:59 +0200] "GET /impressum/?lokasie=/homepages/8/d821989870/htpasswd&loknya=/homepages/8/d821989870 HTTP/1.1" 429 267 s818981589.online.de "-" "Mozilla/5.0 (compatible; Baiduspider/2.0; +http://www.baidu.com/search/spider.html)" "-"
119.249.100.0 - - [21/Sep/2026:00:38:59 +0200] "GET /impressum/?lokasie=/homepages/8/d821989870/htpasswd&loknya=/homepages/8/d821989870 HTTP/1.1" 200 4078 s818981589.online.de "-" "Mozilla/5.0 (Windows NT 10.0; WOW64) AppleWebKit/537.36 (KHTML, like Gecko) Chrome/48.0.2564.116 Safari/537.36" "-"
216.73.216.0 - - [21/Sep/2026:00:39:00 +0200] "GET /sitemap.xml?lokasie=%2Fbin%2Fui-sqlmapper&loknya=%2Fbin HTTP/1.1" 429 267 www.gut-trechow.de "-" "Mozilla/5.0 AppleWebKit/537.36 (KHTML, like Gecko; compatible; ClaudeBot/1.0; +claudebot@anthropic.com)" "-"
62.138.6.0 - - [21/Sep/2026:00:39:00 +0200] "GET /index.php?lokasie=/homepages/13/d818981593/htdocs/GutTrechow/wp-content/updraft/log.a0fa4220f8c8.txt&loknya=/homepages/13/d818981593/htdocs/GutTrechow/wp-content/updraft HTTP/1.1" 200 69331 www.gut-trechow.de "-" "Mozilla/5.0 (X11; Linux x86_64) AppleWebKit/537.36 (KHTML, like Gecko) Chrome/124.0.0.0 Safari/537.36" "-"
135.181.213.0 - - [21/Sep/2026:00:39:01 +0200] "GET /?loknya=/homepages/2/d818693284 HTTP/1.1" 429 267 gut-trechow.de "-" "Mozilla/5.0 (compatible; MJ12bot/v1.4.8; http://mj12bot.com/)" "-"
220.181.108.0 - - [21/Sep/2026:00:39:01 +0200] "GET /impressum/?lokasie=/homepages/18/d821406281/DASTOOLSTART&loknya=/homepages/18/d821406281 HTTP/1.1" 429 267 s818981589.online.de "-" "Mozilla/5.0 (compatible; Baiduspider/2.0; +http://www.baidu.com/search/spider.html)" "-"
220.181.108.0 - - [21/Sep/2026:00:39:01 +0200] "GET /impressum/?lokasie=/homepages/41/d819236643/metadata.json&loknya=/homepages/41/d819236643 HTTP/1.1" 429 267 s818981589.online.de "-" "Mozilla/5.0 (compatible; Baiduspider/2.0; +http://www.baidu.com/search/spider.html)" "-"
220.181.108.0 - - [21/Sep/2026:00:39:01 +0200] "GET /impressum/?loknya=/homepages/41/d819236643/.config HTTP/1.1" 429 267 s818981589.online.de "-" "Mozilla/5.0 (compatible; Baiduspider/2.0; +http://www.baidu.com/search/spider.html)" "-"
116.179.32.0 - - [21/Sep/2026:00:39:01 +0200] "GET /impressum/?lokasie=/homepages/18/d821406281/htaccesslist&loknya=/homepages/18/d821406281 HTTP/1.1" 429 267 s818981589.online.de "-" "Mozilla/5.0 (compatible; Baiduspider/2.0; +http://www.baidu.com/search/spider.html)" "-"
116.179.32.0 - - [21/Sep/2026:00:39:01 +0200] "GET /impressum/?lokasie=/homepages/41/d819236643/distributor.lock&loknya=/homepages/41/d819236643 HTTP/1.1" 429 267 s818981589.online.de "-" "Mozilla/5.0 (compatible; Baiduspider/2.0; +http://www.baidu.com/search/spider.html)" "-"
111.225.214.0 - - [21/Sep/2026:00:39:01 +0200] "GET /impressum/?lokasie=/homepages/41/d819236643/metadata.json&loknya=/homepages/41/d819236643 HTTP/1.1" 200 4087 s818981589.online.de "-" "Mozilla/5.0 (Windows NT 10.0; WOW64) AppleWebKit/537.36 (KHTML, like Gecko) Chrome/48.0.2564.116 Safari/537.36" "-"
119.249.100.0 - - [21/Sep/2026:00:39:01 +0200] "GET /impressum/?loknya=/homepages/41/d819236643/.config HTTP/1.1" 200 5275 s818981589.online.de "-" "Mozilla/5.0 (Windows NT 10.0; WOW64) AppleWebKit/537.36 (KHTML, like Gecko) Chrome/48.0.2564.116 Safari/537.36" "-"
119.249.100.0 - - [21/Sep/2026:00:39:01 +0200] "GET /impressum/?lokasie=/homepages/18/d821406281/DASTOOLSTART&loknya=/homepages/18/d821406281 HTTP/1.1" 200 4086 s818981589.online.de "-" "Mozilla/5.0 (Windows NT 10.0; WOW64) AppleWebKit/537.36 (KHTML, like Gecko) Chrome/48.0.2564.116 Safari/537.36" "-"
119.249.100.0 - - [21/Sep/2026:00:39:01 +0200] "GET /impressum/?lokasie=/homepages/18/d821406281/htaccesslist&loknya=/homepages/18/d821406281 HTTP/1.1" 200 4086 s818981589.online.de "-" "Mozilla/5.0 (Windows NT 10.0; WOW64) AppleWebKit/537.36 (KHTML, like Gecko) Chrome/48.0.2564.116 Safari/537.36" "-"
135.181.213.0 - - [21/Sep/2026:00:39:02 +0200] "GET /?loknya=/homepages/2/d818720685 HTTP/1.1" 429 267 gut-trechow.de "-" "Mozilla/5.0 (compatible; MJ12bot/v1.4.8; http://mj12bot.com/)" "-"
111.225.214.0 - - [21/Sep/2026:00:39:02 +0200] "GET /impressum/?lokasie=/homepages/41/d819236643/distributor.lock&loknya=/homepages/41/d819236643 HTTP/1.1" 200 4090 s818981589.online.de "-" "Mozilla/5.0 (Windows NT 10.0; WOW64) AppleWebKit/537.36 (KHTML, like Gecko) Chrome/48.0.2564.116 Safari/537.36" "-"
216.73.216.0 - - [21/Sep/2026:00:39:03 +0200] "GET /?loknya=%2Fkunden%2Ftmp%2F.priv HTTP/1.1" 429 267 www.gut-trechow.de "-" "Mozilla/5.0 AppleWebKit/537.36 (KHTML, like Gecko; compatible; ClaudeBot/1.0; +claudebot@anthropic.com)" "-"
216.73.216.0 - - [21/Sep/2026:00:39:04 +0200] "GET /sitemap.xml?lokasie=%2Fbin%2Fx86_64-linux-gnu-objdump&loknya=%2Fbin HTTP/1.1" 429 267 www.gut-trechow.de "-" "Mozilla/5.0 AppleWebKit/537.36 (KHTML, like Gecko; compatible; ClaudeBot/1.0; +claudebot@anthropic.com)" "-"
135.181.213.0 - - [21/Sep/2026:00:39:04 +0200] "GET /?loknya=/homepages/2/d818757157 HTTP/1.1" 429 267 gut-trechow.de "-" "Mozilla/5.0 (compatible; MJ12bot/v1.4.8; http://mj12bot.com/)" "-"
216.73.216.0 - - [21/Sep/2026:00:39:04 +0200] "GET /?loknya=%2Fkunden%2Ftmp-private HTTP/1.1" 429 267 www.gut-trechow.de "-" "Mozilla/5.0 AppleWebKit/537.36 (KHTML, like Gecko; compatible; ClaudeBot/1.0; +claudebot@anthropic.com)" "-"
34.10.254.0 - - [21/Sep/2026:00:39:04 +0200] "GET /?lokasie=/homepages/13/d818981593/htdocs/GutTrechow/wp-includes/class-json.php&loknya=/homepages/13/d818981593/htdocs/GutTrechow/wp-includes HTTP/1.1" 200 51147 s818981589.online.de "-" "Mozilla/5.0 (Macintosh; Intel Mac OS X 10_15_7) AppleWebKit/537.36 (KHTML, like Gecko) Chrome/120.0.0.0 Safari/537.36" "-"
74.7.242.0 - - [21/Sep/2026:00:39:04 +0200] "GET /index.php?loknya=/proc/thread-self/root/proc/thread-self/root/proc/thread-self/root/proc/thread-self/root/proc/thread-self/root/kunden/kunden/proc/thread-self/root/kunden/proc/thread-self/root/var/cache/man/de HTTP/1.1" 200 21082 s818981589.online.de "http://s818981589.online.de/index.php?loknya=/proc/thread-self/root/proc/thread-self/root/proc/thread-self/root/proc/thread-self/root/proc/thread-self/root/kunden/kunden/proc/thread-self/root/kunden/proc/thread-self/root/var/cache/man" "Mozilla/5.0 AppleWebKit/537.36 (KHTML, like Gecko; compatible; GPTBot/1.4; +https://openai.com/gptbot)" "-"
135.181.213.0 - - [21/Sep/2026:00:39:05 +0200] "GET /?loknya=/homepages/2/d818796402 HTTP/1.1" 429 267 gut-trechow.de "-" "Mozilla/5.0 (compatible; MJ12bot/v1.4.8; http://mj12bot.com/)" "-"
216.73.216.0 - - [21/Sep/2026:00:39:05 +0200] "GET /index.php?lokasie=%2Fhomepages%2F13%2Fd818981593%2Fhtdocs%2FGutTrechow%2Fwp-admin%2Fjs%2Fplugin-install.min.js&loknya=%2Fhomepages%2F13%2Fd818981593%2Fhtdocs%2FGutTrechow%2Fwp-admin%2Fjs HTTP/1.1" 429 267 www.gut-trechow.de "-" "Mozilla/5.0 AppleWebKit/537.36 (KHTML, like Gecko; compatible; ClaudeBot/1.0; +claudebot@anthropic.com)" "-"
216.73.216.0 - - [21/Sep/2026:00:39:05 +0200] "GET /index.php?lokasie=%2Fhomepages%2F13%2Fd818981593%2Fhtdocs%2FGutTrechow%2Fwp-admin%2Fjs%2Fcustomize-widgets.min.js&loknya=%2Fhomepages%2F13%2Fd818981593%2Fhtdocs%2FGutTrechow%2Fwp-admin%2Fjs HTTP/1.1" 429 267 www.gut-trechow.de "-" "Mozilla/5.0 AppleWebKit/537.36 (KHTML, like Gecko; compatible; ClaudeBot/1.0; +claudebot@anthropic.com)" "-"
216.73.216.0 - - [21/Sep/2026:00:39:06 +0200] "GET /sitemap.xml?lokasie=%2Fbin%2Fx86_64-linux-gnu-gcc-ranlib&loknya=%2Fbin HTTP/1.1" 429 267 www.gut-trechow.de "-" "Mozilla/5.0 AppleWebKit/537.36 (KHTML, like Gecko; compatible; ClaudeBot/1.0; +claudebot@anthropic.com)" "-"
216.73.216.0 - - [21/Sep/2026:00:39:06 +0200] "GET /sitemap.xml?lokasie=%2Fbin%2Fdirname&loknya=%2Fbin HTTP/1.1" 429 267 www.gut-trechow.de "-" "Mozilla/5.0 AppleWebKit/537.36 (KHTML, like Gecko; compatible; ClaudeBot/1.0; +claudebot@anthropic.com)" "-"
216.73.216.0 - - [21/Sep/2026:00:39:07 +0200] "GET /index.php?lokasie=%2Fhomepages%2F13%2Fd818981593%2Fhtdocs%2FGutTrechow%2Fwp-admin%2Fjs%2Fwidgets.js&loknya=%2Fhomepages%2F13%2Fd818981593%2Fhtdocs%2FGutTrechow%2Fwp-admin%2Fjs HTTP/1.1" 429 267 www.gut-trechow.de "-" "Mozilla/5.0 AppleWebKit/537.36 (KHTML, like Gecko; compatible; ClaudeBot/1.0; +claudebot@anthropic.com)" "-"
135.181.213.0 - - [21/Sep/2026:00:39:07 +0200] "GET /?loknya=/homepages/2/d819003719 HTTP/1.1" 429 267 gut-trechow.de "-" "Mozilla/5.0 (compatible; MJ12bot/v1.4.8; http://mj12bot.com/)" "-"
216.73.216.0 - - [21/Sep/2026:00:39:07 +0200] "GET /sitemap.xml?lokasie=%2Fbin%2Fvim&loknya=%2Fbin HTTP/1.1" 429 267 www.gut-trechow.de "-" "Mozilla/5.0 AppleWebKit/537.36 (KHTML, like Gecko; compatible; ClaudeBot/1.0; +claudebot@anthropic.com)" "-"
216.73.216.0 - - [21/Sep/2026:00:39:08 +0200] "GET /sitemap.xml?lokasie=%2Fbin%2Ffc-cache&loknya=%2Fbin HTTP/1.1" 429 267 www.gut-trechow.de "-" "Mozilla/5.0 AppleWebKit/537.36 (KHTML, like Gecko; compatible; ClaudeBot/1.0; +claudebot@anthropic.com)" "-"
216.73.216.0 - - [21/Sep/2026:00:39:08 +0200] "GET /index.php?lokasie=%2Fhomepages%2F13%2Fd818981593%2Fhtdocs%2FGutTrechow%2Fwp-admin%2Fjs%2Fcomment.js&loknya=%2Fhomepages%2F13%2Fd818981593%2Fhtdocs%2FGutTrechow%2Fwp-admin%2Fjs HTTP/1.1" 429 267 www.gut-trechow.de "-" "Mozilla/5.0 AppleWebKit/537.36 (KHTML, like Gecko; compatible; ClaudeBot/1.0; +claudebot@anthropic.com)" "-"
216.73.216.0 - - [21/Sep/2026:00:39:08 +0200] "GET /sitemap.xml?lokasie=%2Fbin%2Fsystemd-machine-id-setup&loknya=%2Fbin HTTP/1.1" 429 267 www.gut-trechow.de "-" "Mozilla/5.0 AppleWebKit/537.36 (KHTML, like Gecko; compatible; ClaudeBot/1.0; +claudebot@anthropic.com)" "-"
135.181.213.0 - - [21/Sep/2026:00:39:08 +0200] "GET /?loknya=/homepages/2/d819079530 HTTP/1.1" 429 267 gut-trechow.de "-" "Mozilla/5.0 (compatible; MJ12bot/v1.4.8; http://mj12bot.com/)" "-"
216.73.216.0 - - [21/Sep/2026:00:39:08 +0200] "GET /index.php?lokasie=%2Fhomepages%2F13%2Fd818981593%2Fhtdocs%2FGutTrechow%2Fwp-admin%2Fjs%2Fedit-comments.min.js&loknya=%2Fhomepages%2F13%2Fd818981593%2Fhtdocs%2FGutTrechow%2Fwp-admin%2Fjs HTTP/1.1" 429 267 www.gut-trechow.de "-" "Mozilla/5.0 AppleWebKit/537.36 (KHTML, like Gecko; compatible; ClaudeBot/1.0; +claudebot@anthropic.com)" "-"
116.179.32.0 - - [21/Sep/2026:00:39:08 +0200] "GET /impressum/?lokasie=/homepages/18/d821406281/.created&loknya=/homepages/18/d821406281 HTTP/1.1" 429 267 s818981589.online.de "-" "Mozilla/5.0 (compatible; Baiduspider/2.0; +http://www.baidu.com/search/spider.html)" "-"
116.179.32.0 - - [21/Sep/2026:00:39:08 +0200] "GET /impressum/?loknya=/homepages/18/d821406281/.config HTTP/1.1" 429 267 s818981589.online.de "-" "Mozilla/5.0 (compatible; Baiduspider/2.0; +http://www.baidu.com/search/spider.html)" "-"
119.249.100.0 - - [21/Sep/2026:00:39:08 +0200] "GET /impressum/?loknya=/homepages/18/d821406281/.config HTTP/1.1" 200 5275 s818981589.online.de "-" "Mozilla/5.0 (Windows NT 10.0; WOW64) AppleWebKit/537.36 (KHTML, like Gecko) Chrome/48.0.2564.116 Safari/537.36" "-"
119.249.100.0 - - [21/Sep/2026:00:39:08 +0200] "GET /impressum/?lokasie=/homepages/18/d821406281/.created&loknya=/homepages/18/d821406281 HTTP/1.1" 200 4093 s818981589.online.de "-" "Mozilla/5.0 (Windows NT 10.0; WOW64) AppleWebKit/537.36 (KHTML, like Gecko) Chrome/48.0.2564.116 Safari/537.36" "-"
216.73.216.0 - - [21/Sep/2026:00:39:09 +0200] "GET /sitemap.xml?lokasie=%2Fbin%2Fzipnote&loknya=%2Fbin HTTP/1.1" 429 267 www.gut-trechow.de "-" "Mozilla/5.0 AppleWebKit/537.36 (KHTML, like Gecko; compatible; ClaudeBot/1.0; +claudebot@anthropic.com)" "-"
216.73.216.0 - - [21/Sep/2026:00:39:09 +0200] "GET /index.php?lokasie=%2Fhomepages%2F13%2Fd818981593%2Fhtdocs%2FGutTrechow%2Fwp-admin%2Fjs%2Feditor.min.js&loknya=%2Fhomepages%2F13%2Fd818981593%2Fhtdocs%2FGutTrechow%2Fwp-admin%2Fjs HTTP/1.1" 429 267 www.gut-trechow.de "-" "Mozilla/5.0 AppleWebKit/537.36 (KHTML, like Gecko; compatible; ClaudeBot/1.0; +claudebot@anthropic.com)" "-"
216.73.216.0 - - [21/Sep/2026:00:39:09 +0200] "GET /index.php?lokasie=%2Fhomepages%2F13%2Fd818981593%2Fhtdocs%2FGutTrechow%2Fwp-admin%2Fjs%2Fcustomize-controls.min.js&loknya=%2Fhomepages%2F13%2Fd818981593%2Fhtdocs%2FGutTrechow%2Fwp-admin%2Fjs HTTP/1.1" 429 267 www.gut-trechow.de "-" "Mozilla/5.0 AppleWebKit/537.36 (KHTML, like Gecko; compatible; ClaudeBot/1.0; +claudebot@anthropic.com)" "-"
216.73.216.0 - - [21/Sep/2026:00:39:10 +0200] "GET /sitemap.xml?lokasie=%2Fbin%2Flwp-dump&loknya=%2Fbin HTTP/1.1" 429 267 www.gut-trechow.de "-" "Mozilla/5.0 AppleWebKit/537.36 (KHTML, like Gecko; compatible; ClaudeBot/1.0; +claudebot@anthropic.com)" "-"
216.73.216.0 - - [21/Sep/2026:00:39:10 +0200] "GET /sitemap.xml?lokasie=%2Fbin%2Fsync&loknya=%2Fbin HTTP/1.1" 429 267 www.gut-trechow.de "-" "Mozilla/5.0 AppleWebKit/537.36 (KHTML, like Gecko; compatible; ClaudeBot/1.0; +claudebot@anthropic.com)" "-"
135.181.213.0 - - [21/Sep/2026:00:39:10 +0200] "GET /?loknya=/homepages/2/d819080470 HTTP/1.1" 429 267 gut-trechow.de "-" "Mozilla/5.0 (compatible; MJ12bot/v1.4.8; http://mj12bot.com/)" "-"
216.73.216.0 - - [21/Sep/2026:00:39:10 +0200] "GET /sitemap.xml?lokasie=%2Fbin%2Fc++&loknya=%2Fbin HTTP/1.1" 429 267 www.gut-trechow.de "-" "Mozilla/5.0 AppleWebKit/537.36 (KHTML, like Gecko; compatible; ClaudeBot/1.0; +claudebot@anthropic.com)" "-"
216.73.216.0 - - [21/Sep/2026:00:39:10 +0200] "GET /sitemap.xml?lokasie=%2Fbin%2Fdh_autotools-dev_updateconfig&loknya=%2Fbin HTTP/1.1" 429 267 www.gut-trechow.de "-" "Mozilla/5.0 AppleWebKit/537.36 (KHTML, like Gecko; compatible; ClaudeBot/1.0; +claudebot@anthropic.com)" "-"
74.7.242.0 - - [21/Sep/2026:00:39:10 +0200] "GET /index.php?loknya=/proc/thread-self/root/proc/thread-self/root/proc/thread-self/root/proc/thread-self/root/proc/thread-self/root/kunden/kunden/proc/thread-self/root/kunden/proc/thread-self/root/var/cache/man/tr HTTP/1.1" 200 17970 s818981589.online.de "http://s818981589.online.de/index.php?loknya=/proc/thread-self/root/proc/thread-self/root/proc/thread-self/root/proc/thread-self/root/proc/thread-self/root/kunden/kunden/proc/thread-self/root/kunden/proc/thread-self/root/var/cache/man" "Mozilla/5.0 AppleWebKit/537.36 (KHTML, like Gecko; compatible; GPTBot/1.4; +https://openai.com/gptbot)" "-"
216.73.216.0 - - [21/Sep/2026:00:39:11 +0200] "GET /sitemap.xml?lokasie=%2Fbin%2Fdb_replicate&loknya=%2Fbin HTTP/1.1" 429 267 www.gut-trechow.de "-" "Mozilla/5.0 AppleWebKit/537.36 (KHTML, like Gecko; compatible; ClaudeBot/1.0; +claudebot@anthropic.com)" "-"
216.73.216.0 - - [21/Sep/2026:00:39:11 +0200] "GET /index.php?lokasie=%2Fhomepages%2F13%2Fd818981593%2Fhtdocs%2FGutTrechow%2Fwp-admin%2Fjs%2Fauth-app.js&loknya=%2Fhomepages%2F13%2Fd818981593%2Fhtdocs%2FGutTrechow%2Fwp-admin%2Fjs HTTP/1.1" 429 267 www.gut-trechow.de "-" "Mozilla/5.0 AppleWebKit/537.36 (KHTML, like Gecko; compatible; ClaudeBot/1.0; +claudebot@anthropic.com)" "-"
216.73.216.0 - - [21/Sep/2026:00:39:11 +0200] "GET /sitemap.xml?lokasie=%2Fbin%2Fsystemd-stdio-bridge&loknya=%2Fbin HTTP/1.1" 429 267 www.gut-trechow.de "-" "Mozilla/5.0 AppleWebKit/537.36 (KHTML, like Gecko; compatible; ClaudeBot/1.0; +claudebot@anthropic.com)" "-"
216.73.216.0 - - [21/Sep/2026:00:39:11 +0200] "GET /index.php?lokasie=%2Fhomepages%2F13%2Fd818981593%2Fhtdocs%2FGutTrechow%2Fwp-admin%2Fjs%2Fpassword-toggle.js&loknya=%2Fhomepages%2F13%2Fd818981593%2Fhtdocs%2FGutTrechow%2Fwp-admin%2Fjs HTTP/1.1" 429 267 www.gut-trechow.de "-" "Mozilla/5.0 AppleWebKit/537.36 (KHTML, like Gecko; compatible; ClaudeBot/1.0; +claudebot@anthropic.com)" "-"
135.181.213.0 - - [21/Sep/2026:00:39:11 +0200] "GET /?loknya=/homepages/2/d819155388 HTTP/1.1" 429 267 gut-trechow.de "-" "Mozilla/5.0 (compatible; MJ12bot/v1.4.8; http://mj12bot.com/)" "-"
216.73.216.0 - - [21/Sep/2026:00:39:12 +0200] "GET /sitemap.xml?lokasie=%2Fbin%2Fx86_64-linux-gnu-as&loknya=%2Fbin HTTP/1.1" 429 267 www.gut-trechow.de "-" "Mozilla/5.0 AppleWebKit/537.36 (KHTML, like Gecko; compatible; ClaudeBot/1.0; +claudebot@anthropic.com)" "-"
216.73.216.0 - - [21/Sep/2026:00:39:12 +0200] "GET /sitemap.xml?lokasie=%2Fbin%2Fsshpass&loknya=%2Fbin HTTP/1.1" 429 267 www.gut-trechow.de "-" "Mozilla/5.0 AppleWebKit/537.36 (KHTML, like Gecko; compatible; ClaudeBot/1.0; +claudebot@anthropic.com)" "-"
34.132.30.0 - - [21/Sep/2026:00:39:12 +0200] "GET /?lokasie=/homepages/13/d818981593/htdocs/GutTrechow/.htaccess&loknya=/homepages/13/d818981593/htdocs/GutTrechow HTTP/1.1" 200 4802 s818981589.online.de "-" "Mozilla/5.0 (Macintosh; Intel Mac OS X 10_15_7) AppleWebKit/537.36 (KHTML, like Gecko) Chrome/120.0.0.0 Safari/537.36" "-"
216.73.216.0 - - [21/Sep/2026:00:39:13 +0200] "GET /sitemap.xml?lokasie=%2Fbin%2Ffalse&loknya=%2Fbin HTTP/1.1" 429 267 www.gut-trechow.de "-" "Mozilla/5.0 AppleWebKit/537.36 (KHTML, like Gecko; compatible; ClaudeBot/1.0; +claudebot@anthropic.com)" "-"
135.181.213.0 - - [21/Sep/2026:00:39:13 +0200] "GET /?loknya=/homepages/2/d819168595 HTTP/1.1" 429 267 gut-trechow.de "-" "Mozilla/5.0 (compatible; MJ12bot/v1.4.8; http://mj12bot.com/)" "-"
216.73.216.0 - - [21/Sep/2026:00:39:13 +0200] "GET /index.php?lokasie=%2Fhomepages%2F13%2Fd818981593%2Fhtdocs%2FGutTrechow%2Fwp-admin%2Fjs%2Fdashboard.js&loknya=%2Fhomepages%2F13%2Fd818981593%2Fhtdocs%2FGutTrechow%2Fwp-admin%2Fjs HTTP/1.1" 429 267 www.gut-trechow.de "-" "Mozilla/5.0 AppleWebKit/537.36 (KHTML, like Gecko; compatible; ClaudeBot/1.0; +claudebot@anthropic.com)" "-"
216.73.216.0 - - [21/Sep/2026:00:39:14 +0200] "GET /index.php?lokasie=%2Fhomepages%2F13%2Fd818981593%2Fhtdocs%2FGutTrechow%2Fwp-admin%2Fjs%2Fcommon.js&loknya=%2Fhomepages%2F13%2Fd818981593%2Fhtdocs%2FGutTrechow%2Fwp-admin%2Fjs HTTP/1.1" 429 267 www.gut-trechow.de "-" "Mozilla/5.0 AppleWebKit/537.36 (KHTML, like Gecko; compatible; ClaudeBot/1.0; +claudebot@anthropic.com)" "-"
216.73.216.0 - - [21/Sep/2026:00:39:14 +0200] "GET /sitemap.xml?lokasie=%2Fbin%2Fmysql_plugin&loknya=%2Fbin HTTP/1.1" 429 267 www.gut-trechow.de "-" "Mozilla/5.0 AppleWebKit/537.36 (KHTML, like Gecko; compatible; ClaudeBot/1.0; +claudebot@anthropic.com)" "-"
135.181.213.0 - - [21/Sep/2026:00:39:14 +0200] "GET /?loknya=/homepages/2/d819234160 HTTP/1.1" 429 267 gut-trechow.de "-" "Mozilla/5.0 (compatible; MJ12bot/v1.4.8; http://mj12bot.com/)" "-"
216.73.216.0 - - [21/Sep/2026:00:39:15 +0200] "GET /sitemap.xml?lokasie=%2Fbin%2Fpkgconf&loknya=%2Fbin HTTP/1.1" 200 61000 www.gut-trechow.de "-" "Mozilla/5.0 AppleWebKit/537.36 (KHTML, like Gecko; compatible; ClaudeBot/1.0; +claudebot@anthropic.com)" "-"
216.73.216.0 - - [21/Sep/2026:00:39:15 +0200] "GET /sitemap.xml?lokasie=%2Fbin%2Fvdir&loknya=%2Fbin HTTP/1.1" 200 242754 www.gut-trechow.de "-" "Mozilla/5.0 AppleWebKit/537.36 (KHTML, like Gecko; compatible; ClaudeBot/1.0; +claudebot@anthropic.com)" "-"
216.73.216.0 - - [21/Sep/2026:00:39:15 +0200] "GET /sitemap.xml?lokasie=%2Fbin%2Fmysql_tzinfo_to_sql&loknya=%2Fbin HTTP/1.1" 200 6030761 www.gut-trechow.de "-" "Mozilla/5.0 AppleWebKit/537.36 (KHTML, like Gecko; compatible; ClaudeBot/1.0; +claudebot@anthropic.com)" "-"
220.181.108.0 - - [21/Sep/2026:00:39:15 +0200] "GET /index.php?lokasie=/homepages/13/d818027963/htpasswd&loknya=/homepages/13/d818027963 HTTP/1.1" 429 267 s818981589.online.de "-" "Mozilla/5.0 (compatible; Baiduspider/2.0; +http://www.baidu.com/search/spider.html)" "-"
116.179.32.0 - - [21/Sep/2026:00:39:15 +0200] "GET /impressum/?loknya=/homepages/18/d818448336/managed HTTP/1.1" 429 267 s818981589.online.de "-" "Mozilla/5.0 (compatible; Baiduspider/2.0; +http://www.baidu.com/search/spider.html)" "-"
116.179.32.0 - - [21/Sep/2026:00:39:15 +0200] "GET /impressum/?loknya=/homepages/18/d818448336/.config HTTP/1.1" 429 267 s818981589.online.de "-" "Mozilla/5.0 (compatible; Baiduspider/2.0; +http://www.baidu.com/search/spider.html)" "-"
220.181.108.0 - - [21/Sep/2026:00:39:15 +0200] "GET /impressum/?loknya=/homepages/18/d821406281/managed HTTP/1.1" 429 267 s818981589.online.de "-" "Mozilla/5.0 (compatible; Baiduspider/2.0; +http://www.baidu.com/search/spider.html)" "-"
135.181.213.0 - - [21/Sep/2026:00:39:16 +0200] "GET /?loknya=/homepages/2/d819289479 HTTP/1.1" 429 267 gut-trechow.de "-" "Mozilla/5.0 (compatible; MJ12bot/v1.4.8; http://mj12bot.com/)" "-"
216.73.216.0 - - [21/Sep/2026:00:39:16 +0200] "GET /sitemap.xml?lokasie=%2Fbin%2Fdeb-systemd-invoke&loknya=%2Fbin HTTP/1.1" 200 11994 www.gut-trechow.de "-" "Mozilla/5.0 AppleWebKit/537.36 (KHTML, like Gecko; compatible; ClaudeBot/1.0; +claudebot@anthropic.com)" "-"
