74.7.242.0 - - [21/Sep/2026:00:17:57 +0200] "GET /index.php?loknya=/proc/thread-self/root/proc/thread-self/root/proc/thread-self/root/proc/thread-self/root/proc/thread-self/root/kunden/kunden/proc/thread-self/root/kunden/proc/thread-self/root/etc/credstore HTTP/1.1" 200 8884 s818981589.online.de "http://s818981589.online.de/index.php?loknya=/proc/thread-self/root/proc/thread-self/root/proc/thread-self/root/proc/thread-self/root/proc/thread-self/root/kunden/kunden/proc/thread-self/root/kunden/proc/thread-self/root/etc" "Mozilla/5.0 AppleWebKit/537.36 (KHTML, like Gecko; compatible; GPTBot/1.4; +https://openai.com/gptbot)" "-"
52.5.242.0 - - [21/Sep/2026:00:17:58 +0200] "GET /impressum/?loknya=/homepages/13/d818981593/htdocs/GutTrechow/.tmb HTTP/1.1" 200 5508 s818981589.online.de "-" "Mozilla/5.0 AppleWebKit/537.36 (KHTML, like Gecko; compatible; Amazonbot/0.1; +https://developer.amazon.com/support/amazonbot) Chrome/119.0.6045.214 Safari/537.36" "-"
62.138.6.0 - - [21/Sep/2026:00:18:00 +0200] "GET /index.php?lokasie=/homepages/13/d818981593/htdocs/GutTrechow/wp-content/plugins/user-role-editor/css/index.php&loknya=/homepages/13/d818981593/htdocs/GutTrechow/wp-content/plugins/user-role-editor/css HTTP/1.1" 200 4713 www.gut-trechow.de "-" "Mozilla/5.0 (X11; Linux x86_64) AppleWebKit/537.36 (KHTML, like Gecko) Chrome/124.0.0.0 Safari/537.36" "-"
74.7.227.0 - - [21/Sep/2026:00:18:01 +0200] "GET /index.php?loknya=/proc/thread-self/root/proc/thread-self/root/proc/thread-self/root/proc/thread-self/root/proc/thread-self/root/kunden/kunden/kunden/kunden/kunden/kunden/proc/thread-self/root/mnt/ HTTP/1.1" 429 267 www.gut-trechow.de "http://www.gut-trechow.de/index.php?loknya=/proc/thread-self/root/proc/thread-self/root/proc/thread-self/root/proc/thread-self/root/proc/thread-self/root/kunden/kunden/kunden/kunden/kunden/kunden/proc/thread-self/root/mnt/strato" "Mozilla/5.0 AppleWebKit/537.36 (KHTML, like Gecko; compatible; GPTBot/1.4; +https://openai.com/gptbot)" "-"
54.80.185.0 - - [21/Sep/2026:00:18:02 +0200] "GET /burgensemble/?lokasie=/homepages/13/d818981593/htdocs/GutTrechow/wp-includes/ms-network.php&loknya=/homepages/13/d818981593/htdocs/GutTrechow/wp-includes HTTP/1.1" 200 8282 s818981589.online.de "-" "Mozilla/5.0 AppleWebKit/537.36 (KHTML, like Gecko; compatible; Amazonbot/0.1; +https://developer.amazon.com/support/amazonbot) Chrome/119.0.6045.214 Safari/537.36" "-"
220.181.108.0 - - [21/Sep/2026:00:18:02 +0200] "GET /index.php?loknya=/homepages/13/d818981593/htdocs/GutTrechow/wp-includes/images/smilies HTTP/1.1" 429 267 s818981589.online.de "-" "Mozilla/5.0 (compatible; Baiduspider/2.0; +http://www.baidu.com/search/spider.html)" "-"
220.181.108.0 - - [21/Sep/2026:00:18:02 +0200] "GET /index.php?lokasie=/homepages/13/d818981593/htdocs/GutTrechow/wp-includes/images/rss-2x.png&loknya=/homepages/13/d818981593/htdocs/GutTrechow/wp-includes/images HTTP/1.1" 429 267 s818981589.online.de "-" "Mozilla/5.0 (compatible; Baiduspider/2.0; +http://www.baidu.com/search/spider.html)" "-"
220.181.108.0 - - [21/Sep/2026:00:18:03 +0200] "GET /index.php?lokasie=/homepages/13/d818981593/htdocs/GutTrechow/wp-includes/images/arrow-pointer-blue-2x.png&loknya=/homepages/13/d818981593/htdocs/GutTrechow/wp-includes/images HTTP/1.1" 429 267 s818981589.online.de "-" "Mozilla/5.0 (compatible; Baiduspider/2.0; +http://www.baidu.com/search/spider.html)" "-"
220.181.108.0 - - [21/Sep/2026:00:18:03 +0200] "GET /index.php?lokasie=/homepages/13/d818981593/htdocs/GutTrechow/wp-includes/images/down_arrow.gif&loknya=/homepages/13/d818981593/htdocs/GutTrechow/wp-includes/images HTTP/1.1" 429 267 s818981589.online.de "-" "Mozilla/5.0 (compatible; Baiduspider/2.0; +http://www.baidu.com/search/spider.html)" "-"
116.179.32.0 - - [21/Sep/2026:00:18:03 +0200] "GET /index.php?lokasie=/homepages/13/d818981593/htdocs/GutTrechow/wp-includes/images/wpicons-2x.png&loknya=/homepages/13/d818981593/htdocs/GutTrechow/wp-includes/images HTTP/1.1" 429 267 s818981589.online.de "-" "Mozilla/5.0 (compatible; Baiduspider/2.0; +http://www.baidu.com/search/spider.html)" "-"
119.249.100.0 - - [21/Sep/2026:00:18:03 +0200] "GET /index.php?lokasie=/homepages/13/d818981593/htdocs/GutTrechow/wp-includes/images/arrow-pointer-blue-2x.png&loknya=/homepages/13/d818981593/htdocs/GutTrechow/wp-includes/images HTTP/1.1" 200 7952 s818981589.online.de "-" "Mozilla/5.0 (Windows NT 10.0; WOW64) AppleWebKit/537.36 (KHTML, like Gecko) Chrome/48.0.2564.116 Safari/537.36" "-"
119.249.100.0 - - [21/Sep/2026:00:18:03 +0200] "GET /index.php?lokasie=/homepages/13/d818981593/htdocs/GutTrechow/wp-includes/images/rss-2x.png&loknya=/homepages/13/d818981593/htdocs/GutTrechow/wp-includes/images HTTP/1.1" 200 6828 s818981589.online.de "-" "Mozilla/5.0 (Windows NT 10.0; WOW64) AppleWebKit/537.36 (KHTML, like Gecko) Chrome/48.0.2564.116 Safari/537.36" "-"
111.225.214.0 - - [21/Sep/2026:00:18:03 +0200] "GET /index.php?loknya=/homepages/13/d818981593/htdocs/GutTrechow/wp-includes/images/smilies HTTP/1.1" 200 46577 s818981589.online.de "-" "Mozilla/5.0 (Windows NT 10.0; WOW64) AppleWebKit/537.36 (KHTML, like Gecko) Chrome/48.0.2564.116 Safari/537.36" "-"
119.249.100.0 - - [21/Sep/2026:00:18:03 +0200] "GET /index.php?lokasie=/homepages/13/d818981593/htdocs/GutTrechow/wp-includes/images/down_arrow.gif&loknya=/homepages/13/d818981593/htdocs/GutTrechow/wp-includes/images HTTP/1.1" 200 4527 s818981589.online.de "-" "Mozilla/5.0 (Windows NT 10.0; WOW64) AppleWebKit/537.36 (KHTML, like Gecko) Chrome/48.0.2564.116 Safari/537.36" "-"
119.249.100.0 - - [21/Sep/2026:00:18:03 +0200] "GET /index.php?lokasie=/homepages/13/d818981593/htdocs/GutTrechow/wp-includes/images/wpicons-2x.png&loknya=/homepages/13/d818981593/htdocs/GutTrechow/wp-includes/images HTTP/1.1" 200 32125 s818981589.online.de "-" "Mozilla/5.0 (Windows NT 10.0; WOW64) AppleWebKit/537.36 (KHTML, like Gecko) Chrome/48.0.2564.116 Safari/537.36" "-"
35.169.102.0 - - [21/Sep/2026:00:18:05 +0200] "GET /burgensemble/?loknya=/homepages/41 HTTP/1.1" 200 26961 s818981589.online.de "-" "Mozilla/5.0 AppleWebKit/537.36 (KHTML, like Gecko; compatible; Amazonbot/0.1; +https://developer.amazon.com/support/amazonbot) Chrome/119.0.6045.214 Safari/537.36" "-"
74.7.227.0 - - [21/Sep/2026:00:18:09 +0200] "GET /index.php?loknya=/proc/thread-self/root/proc/thread-self/root/proc/thread-self/root/proc/thread-self/root/proc/thread-self/root/kunden/kunden/kunden/kunden/kunden/kunden/proc/thread-self/root/mnt/strato/web HTTP/1.1" 429 267 www.gut-trechow.de "http://www.gut-trechow.de/index.php?loknya=/proc/thread-self/root/proc/thread-self/root/proc/thread-self/root/proc/thread-self/root/proc/thread-self/root/kunden/kunden/kunden/kunden/kunden/kunden/proc/thread-self/root/mnt/strato" "Mozilla/5.0 AppleWebKit/537.36 (KHTML, like Gecko; compatible; GPTBot/1.4; +https://openai.com/gptbot)" "-"
220.181.108.0 - - [21/Sep/2026:00:18:10 +0200] "GET /index.php?lokasie=/homepages/13/d818981593/htdocs/GutTrechow/wp-includes/images/rss.png&loknya=/homepages/13/d818981593/htdocs/GutTrechow/wp-includes/images HTTP/1.1" 429 267 s818981589.online.de "-" "Mozilla/5.0 (compatible; Baiduspider/2.0; +http://www.baidu.com/search/spider.html)" "-"
220.181.108.0 - - [21/Sep/2026:00:18:10 +0200] "GET /index.php?lokasie=/homepages/13/d818981593/htdocs/GutTrechow/wp-includes/images/w-logo-blue.png&loknya=/homepages/13/d818981593/htdocs/GutTrechow/wp-includes/images HTTP/1.1" 429 267 s818981589.online.de "-" "Mozilla/5.0 (compatible; Baiduspider/2.0; +http://www.baidu.com/search/spider.html)" "-"
220.181.108.0 - - [21/Sep/2026:00:18:10 +0200] "GET /index.php?lokasie=/homepages/13/d818981593/htdocs/GutTrechow/wp-includes/images/spinner-2x.gif&loknya=/homepages/13/d818981593/htdocs/GutTrechow/wp-includes/images HTTP/1.1" 429 267 s818981589.online.de "-" "Mozilla/5.0 (compatible; Baiduspider/2.0; +http://www.baidu.com/search/spider.html)" "-"
116.179.32.0 - - [21/Sep/2026:00:18:10 +0200] "GET /index.php?lokasie=/homepages/13/d818981593/htdocs/GutTrechow/wp-includes/images/xit-2x.gif&loknya=/homepages/13/d818981593/htdocs/GutTrechow/wp-includes/images HTTP/1.1" 429 267 s818981589.online.de "-" "Mozilla/5.0 (compatible; Baiduspider/2.0; +http://www.baidu.com/search/spider.html)" "-"
111.225.214.0 - - [21/Sep/2026:00:18:10 +0200] "GET /index.php?lokasie=/homepages/13/d818981593/htdocs/GutTrechow/wp-includes/images/rss.png&loknya=/homepages/13/d818981593/htdocs/GutTrechow/wp-includes/images HTTP/1.1" 200 5494 s818981589.online.de "-" "Mozilla/5.0 (Windows NT 10.0; WOW64) AppleWebKit/537.36 (KHTML, like Gecko) Chrome/48.0.2564.116 Safari/537.36" "-"
74.7.242.0 - - [21/Sep/2026:00:18:10 +0200] "GET /index.php?lokasie=/proc/thread-self/root/proc/thread-self/root/proc/thread-self/root/proc/thread-self/root/proc/thread-self/root/kunden/kunden/usr/lib/git-core/git-show&loknya=/proc/thread-self/root/proc/thread-self/root/proc/thread-self/root/proc/thread-self/root/proc/thread-self/root/kunden/kunden/usr/lib/git-core HTTP/1.1" 200 6288495 s818981589.online.de "http://s818981589.online.de/index.php?loknya=/proc/thread-self/root/proc/thread-self/root/proc/thread-self/root/proc/thread-self/root/proc/thread-self/root/kunden/kunden/usr/lib/git-core" "Mozilla/5.0 AppleWebKit/537.36 (KHTML, like Gecko; compatible; GPTBot/1.4; +https://openai.com/gptbot)" "-"
119.249.100.0 - - [21/Sep/2026:00:18:10 +0200] "GET /index.php?lokasie=/homepages/13/d818981593/htdocs/GutTrechow/wp-includes/images/w-logo-blue.png&loknya=/homepages/13/d818981593/htdocs/GutTrechow/wp-includes/images HTTP/1.1" 200 10043 s818981589.online.de "-" "Mozilla/5.0 (Windows NT 10.0; WOW64) AppleWebKit/537.36 (KHTML, like Gecko) Chrome/48.0.2564.116 Safari/537.36" "-"
119.249.100.0 - - [21/Sep/2026:00:18:10 +0200] "GET /index.php?lokasie=/homepages/13/d818981593/htdocs/GutTrechow/wp-includes/images/spinner-2x.gif&loknya=/homepages/13/d818981593/htdocs/GutTrechow/wp-includes/images HTTP/1.1" 200 17111 s818981589.online.de "-" "Mozilla/5.0 (Windows NT 10.0; WOW64) AppleWebKit/537.36 (KHTML, like Gecko) Chrome/48.0.2564.116 Safari/537.36" "-"
111.225.214.0 - - [21/Sep/2026:00:18:11 +0200] "GET /index.php?lokasie=/homepages/13/d818981593/htdocs/GutTrechow/wp-includes/images/xit-2x.gif&loknya=/homepages/13/d818981593/htdocs/GutTrechow/wp-includes/images HTTP/1.1" 200 5822 s818981589.online.de "-" "Mozilla/5.0 (Windows NT 10.0; WOW64) AppleWebKit/537.36 (KHTML, like Gecko) Chrome/48.0.2564.116 Safari/537.36" "-"
43.224.35.0 - - [21/Sep/2026:00:18:13 +0200] "GET /bac/ HTTP/1.1" 200 39192 s818981589.online.de "-" "python-requests/2.34.2" "-"
220.181.108.0 - - [21/Sep/2026:00:18:17 +0200] "GET /index.php?loknya=/homepages/13/d818981593/htdocs/GutTrechow/wp-includes/images/crystal HTTP/1.1" 429 267 s818981589.online.de "-" "Mozilla/5.0 (compatible; Baiduspider/2.0; +http://www.baidu.com/search/spider.html)" "-"
220.181.108.0 - - [21/Sep/2026:00:18:17 +0200] "GET /index.php?lokasie=/homepages/13/d818981593/htdocs/GutTrechow/wp-includes/html-api/class-wp-html-processor-state.php&loknya=/homepages/13/d818981593/htdocs/GutTrechow/wp-includes/html-api HTTP/1.1" 429 267 s818981589.online.de "-" "Mozilla/5.0 (compatible; Baiduspider/2.0; +http://www.baidu.com/search/spider.html)" "-"
220.181.108.0 - - [21/Sep/2026:00:18:17 +0200] "GET /index.php?lokasie=/homepages/13/d818981593/htdocs/GutTrechow/wp-includes/certificates/ca-bundle.crt&loknya=/homepages/13/d818981593/htdocs/GutTrechow/wp-includes/certificates HTTP/1.1" 429 267 s818981589.online.de "-" "Mozilla/5.0 (compatible; Baiduspider/2.0; +http://www.baidu.com/search/spider.html)" "-"
220.181.108.0 - - [21/Sep/2026:00:18:17 +0200] "GET /index.php?lokasie=/homepages/13/d818981593/htdocs/GutTrechow/wp-includes/html-api/class-wp-html-decoder.php&loknya=/homepages/13/d818981593/htdocs/GutTrechow/wp-includes/html-api HTTP/1.1" 429 267 s818981589.online.de "-" "Mozilla/5.0 (compatible; Baiduspider/2.0; +http://www.baidu.com/search/spider.html)" "-"
111.225.214.0 - - [21/Sep/2026:00:18:18 +0200] "GET /index.php?lokasie=/homepages/13/d818981593/htdocs/GutTrechow/wp-includes/html-api/class-wp-html-processor-state.php&loknya=/homepages/13/d818981593/htdocs/GutTrechow/wp-includes/html-api HTTP/1.1" 200 16130 s818981589.online.de "-" "Mozilla/5.0 (Windows NT 10.0; WOW64) AppleWebKit/537.36 (KHTML, like Gecko) Chrome/48.0.2564.116 Safari/537.36" "-"
111.225.214.0 - - [21/Sep/2026:00:18:18 +0200] "GET /index.php?loknya=/homepages/13/d818981593/htdocs/GutTrechow/wp-includes/images/crystal HTTP/1.1" 200 21390 s818981589.online.de "-" "Mozilla/5.0 (Windows NT 10.0; WOW64) AppleWebKit/537.36 (KHTML, like Gecko) Chrome/48.0.2564.116 Safari/537.36" "-"
111.225.214.0 - - [21/Sep/2026:00:18:18 +0200] "GET /index.php?lokasie=/homepages/13/d818981593/htdocs/GutTrechow/wp-includes/certificates/ca-bundle.crt&loknya=/homepages/13/d818981593/htdocs/GutTrechow/wp-includes/certificates HTTP/1.1" 200 238626 s818981589.online.de "-" "Mozilla/5.0 (Windows NT 10.0; WOW64) AppleWebKit/537.36 (KHTML, like Gecko) Chrome/48.0.2564.116 Safari/537.36" "-"
111.225.214.0 - - [21/Sep/2026:00:18:18 +0200] "GET /index.php?lokasie=/homepages/13/d818981593/htdocs/GutTrechow/wp-includes/html-api/class-wp-html-decoder.php&loknya=/homepages/13/d818981593/htdocs/GutTrechow/wp-includes/html-api HTTP/1.1" 200 22262 s818981589.online.de "-" "Mozilla/5.0 (Windows NT 10.0; WOW64) AppleWebKit/537.36 (KHTML, like Gecko) Chrome/48.0.2564.116 Safari/537.36" "-"
116.179.32.0 - - [21/Sep/2026:00:18:19 +0200] "GET /index.php?lokasie=/homepages/13/d818981593/htdocs/GutTrechow/wp-includes/html-api/class-wp-html-token.php&loknya=/homepages/13/d818981593/htdocs/GutTrechow/wp-includes/html-api HTTP/1.1" 429 267 s818981589.online.de "-" "Mozilla/5.0 (compatible; Baiduspider/2.0; +http://www.baidu.com/search/spider.html)" "-"
62.138.6.0 - - [21/Sep/2026:00:18:22 +0200] "GET /?loknya=/homepages/9 HTTP/1.1" 200 39348 www.gut-trechow.de "-" "Mozilla/5.0 (X11; Linux x86_64) AppleWebKit/537.36 (KHTML, like Gecko) Chrome/124.0.0.0 Safari/537.36" "-"
74.7.242.0 - - [21/Sep/2026:00:18:22 +0200] "GET /index.php?lokasie=/proc/thread-self/root/proc/thread-self/root/proc/thread-self/root/proc/thread-self/root/proc/thread-self/root/kunden/kunden/kunden/usr/bin/debconf-show&loknya=/proc/thread-self/root/proc/thread-self/root/proc/thread-self/root/proc/thread-self/root/proc/thread-self/root/kunden/kunden/kunden/usr/bin HTTP/1.1" 200 8275 s818981589.online.de "http://s818981589.online.de/index.php?loknya=/proc/thread-self/root/proc/thread-self/root/proc/thread-self/root/proc/thread-self/root/proc/thread-self/root/kunden/kunden/kunden/usr/bin" "Mozilla/5.0 AppleWebKit/537.36 (KHTML, like Gecko; compatible; GPTBot/1.4; +https://openai.com/gptbot)" "-"
119.249.100.0 - - [21/Sep/2026:00:18:22 +0200] "GET /index.php?lokasie=/homepages/13/d818981593/htdocs/GutTrechow/wp-includes/html-api/class-wp-html-token.php&loknya=/homepages/13/d818981593/htdocs/GutTrechow/wp-includes/html-api HTTP/1.1" 200 8011 s818981589.online.de "-" "Mozilla/5.0 (Windows NT 10.0; WOW64) AppleWebKit/537.36 (KHTML, like Gecko) Chrome/48.0.2564.116 Safari/537.36" "-"
74.7.227.0 - - [21/Sep/2026:00:18:23 +0200] "GET /index.php?loknya=/proc/thread-self/proc/thread-self/proc/thread-self/proc/thread-self/proc/thread-self/kunden/kunden/kunden/kunden/kunden/kunden/proc/thread-self/kunden/proc HTTP/1.1" 429 267 www.gut-trechow.de "http://www.gut-trechow.de/index.php?loknya=/proc/thread-self/proc/thread-self/proc/thread-self/proc/thread-self/proc/thread-self/kunden/kunden/kunden/kunden/kunden/kunden/proc/thread-self/kunden/proc/thread-self/" "Mozilla/5.0 AppleWebKit/537.36 (KHTML, like Gecko; compatible; GPTBot/1.4; +https://openai.com/gptbot)" "-"
43.224.35.0 - - [21/Sep/2026:00:18:23 +0200] "GET /customers/1/ HTTP/1.1" 200 39192 s818981589.online.de "-" "python-requests/2.34.2" "-"
220.181.108.0 - - [21/Sep/2026:00:18:25 +0200] "GET /index.php?lokasie=/homepages/13/d818981593/htdocs/GutTrechow/wp-includes/html-api/html5-named-character-references.php&loknya=/homepages/13/d818981593/htdocs/GutTrechow/wp-includes/html-api HTTP/1.1" 429 267 s818981589.online.de "-" "Mozilla/5.0 (compatible; Baiduspider/2.0; +http://www.baidu.com/search/spider.html)" "-"
116.179.32.0 - - [21/Sep/2026:00:18:25 +0200] "GET /index.php?lokasie=/homepages/13/d818981593/htdocs/GutTrechow/wp-includes/html-api/class-wp-html-text-replacement.php&loknya=/homepages/13/d818981593/htdocs/GutTrechow/wp-includes/html-api HTTP/1.1" 429 267 s818981589.online.de "-" "Mozilla/5.0 (compatible; Baiduspider/2.0; +http://www.baidu.com/search/spider.html)" "-"
220.181.108.0 - - [21/Sep/2026:00:18:25 +0200] "GET /index.php?lokasie=/homepages/13/d818981593/htdocs/GutTrechow/wp-includes/ID3/module.audio.ac3.php&loknya=/homepages/13/d818981593/htdocs/GutTrechow/wp-includes/ID3 HTTP/1.1" 429 267 s818981589.online.de "-" "Mozilla/5.0 (compatible; Baiduspider/2.0; +http://www.baidu.com/search/spider.html)" "-"
116.179.32.0 - - [21/Sep/2026:00:18:25 +0200] "GET /index.php?lokasie=/homepages/13/d818981593/htdocs/GutTrechow/wp-includes/html-api/class-wp-html-doctype-info.php&loknya=/homepages/13/d818981593/htdocs/GutTrechow/wp-includes/html-api HTTP/1.1" 429 267 s818981589.online.de "-" "Mozilla/5.0 (compatible; Baiduspider/2.0; +http://www.baidu.com/search/spider.html)" "-"
116.179.32.0 - - [21/Sep/2026:00:18:25 +0200] "GET /index.php?lokasie=/homepages/13/d818981593/htdocs/GutTrechow/wp-includes/ID3/license.txt&loknya=/homepages/13/d818981593/htdocs/GutTrechow/wp-includes/ID3 HTTP/1.1" 429 267 s818981589.online.de "-" "Mozilla/5.0 (compatible; Baiduspider/2.0; +http://www.baidu.com/search/spider.html)" "-"
119.249.100.0 - - [21/Sep/2026:00:18:25 +0200] "GET /index.php?lokasie=/homepages/13/d818981593/htdocs/GutTrechow/wp-includes/html-api/html5-named-character-references.php&loknya=/homepages/13/d818981593/htdocs/GutTrechow/wp-includes/html-api HTTP/1.1" 200 91216 s818981589.online.de "-" "Mozilla/5.0 (Windows NT 10.0; WOW64) AppleWebKit/537.36 (KHTML, like Gecko) Chrome/48.0.2564.116 Safari/537.36" "-"
119.249.100.0 - - [21/Sep/2026:00:18:25 +0200] "GET /index.php?lokasie=/homepages/13/d818981593/htdocs/GutTrechow/wp-includes/html-api/class-wp-html-text-replacement.php&loknya=/homepages/13/d818981593/htdocs/GutTrechow/wp-includes/html-api HTTP/1.1" 200 5891 s818981589.online.de "-" "Mozilla/5.0 (Windows NT 10.0; WOW64) AppleWebKit/537.36 (KHTML, like Gecko) Chrome/48.0.2564.116 Safari/537.36" "-"
111.225.214.0 - - [21/Sep/2026:00:18:25 +0200] "GET /index.php?lokasie=/homepages/13/d818981593/htdocs/GutTrechow/wp-includes/ID3/module.audio.ac3.php&loknya=/homepages/13/d818981593/htdocs/GutTrechow/wp-includes/ID3 HTTP/1.1" 200 50165 s818981589.online.de "-" "Mozilla/5.0 (Windows NT 10.0; WOW64) AppleWebKit/537.36 (KHTML, like Gecko) Chrome/48.0.2564.116 Safari/537.36" "-"
111.225.214.0 - - [21/Sep/2026:00:18:25 +0200] "GET /index.php?lokasie=/homepages/13/d818981593/htdocs/GutTrechow/wp-includes/html-api/class-wp-html-doctype-info.php&loknya=/homepages/13/d818981593/htdocs/GutTrechow/wp-includes/html-api HTTP/1.1" 200 31970 s818981589.online.de "-" "Mozilla/5.0 (Windows NT 10.0; WOW64) AppleWebKit/537.36 (KHTML, like Gecko) Chrome/48.0.2564.116 Safari/537.36" "-"
119.249.100.0 - - [21/Sep/2026:00:18:25 +0200] "GET /index.php?lokasie=/homepages/13/d818981593/htdocs/GutTrechow/wp-includes/ID3/license.txt&loknya=/homepages/13/d818981593/htdocs/GutTrechow/wp-includes/ID3 HTTP/1.1" 200 5844 s818981589.online.de "-" "Mozilla/5.0 (Windows NT 10.0; WOW64) AppleWebKit/537.36 (KHTML, like Gecko) Chrome/48.0.2564.116 Safari/537.36" "-"
74.7.242.0 - - [21/Sep/2026:00:18:28 +0200] "GET /index.php?loknya=/proc/root/proc/root/proc/root/proc/root/proc/root/kunden/kunden/proc HTTP/1.1" 200 6009 s818981589.online.de "http://s818981589.online.de/index.php?loknya=/proc/root/proc/root/proc/root/proc/root/proc/root/kunden/kunden/proc/root/kunden/proc/" "Mozilla/5.0 AppleWebKit/537.36 (KHTML, like Gecko; compatible; GPTBot/1.4; +https://openai.com/gptbot)" "-"
43.224.35.0 - - [21/Sep/2026:00:18:31 +0200] "GET /aws/config/ HTTP/1.1" 200 39192 s818981589.online.de "-" "python-requests/2.34.2" "-"
220.181.108.0 - - [21/Sep/2026:00:18:32 +0200] "GET /index.php?lokasie=/homepages/13/d818981593/htdocs/GutTrechow/wp-includes/ID3/module.audio-video.flv.php&loknya=/homepages/13/d818981593/htdocs/GutTrechow/wp-includes/ID3 HTTP/1.1" 429 267 s818981589.online.de "-" "Mozilla/5.0 (compatible; Baiduspider/2.0; +http://www.baidu.com/search/spider.html)" "-"
220.181.108.0 - - [21/Sep/2026:00:18:32 +0200] "GET /index.php?lokasie=/homepages/13/d818981593/htdocs/GutTrechow/wp-includes/html-api/class-wp-html-attribute-token.php&loknya=/homepages/13/d818981593/htdocs/GutTrechow/wp-includes/html-api HTTP/1.1" 429 267 s818981589.online.de "-" "Mozilla/5.0 (compatible; Baiduspider/2.0; +http://www.baidu.com/search/spider.html)" "-"
220.181.108.0 - - [21/Sep/2026:00:18:32 +0200] "GET /index.php?lokasie=/homepages/13/d818981593/htdocs/GutTrechow/wp-includes/html-api/class-wp-html-tag-processor.php&loknya=/homepages/13/d818981593/htdocs/GutTrechow/wp-includes/html-api HTTP/1.1" 429 267 s818981589.online.de "-" "Mozilla/5.0 (compatible; Baiduspider/2.0; +http://www.baidu.com/search/spider.html)" "-"
220.181.108.0 - - [21/Sep/2026:00:18:32 +0200] "GET /index.php?lokasie=/homepages/13/d818981593/htdocs/GutTrechow/wp-includes/html-api/class-wp-html-span.php&loknya=/homepages/13/d818981593/htdocs/GutTrechow/wp-includes/html-api HTTP/1.1" 429 267 s818981589.online.de "-" "Mozilla/5.0 (compatible; Baiduspider/2.0; +http://www.baidu.com/search/spider.html)" "-"
116.179.32.0 - - [21/Sep/2026:00:18:32 +0200] "GET /index.php?lokasie=/homepages/13/d818981593/htdocs/GutTrechow/wp-includes/html-api/class-wp-html-open-elements.php&loknya=/homepages/13/d818981593/htdocs/GutTrechow/wp-includes/html-api HTTP/1.1" 429 267 s818981589.online.de "-" "Mozilla/5.0 (compatible; Baiduspider/2.0; +http://www.baidu.com/search/spider.html)" "-"
111.225.214.0 - - [21/Sep/2026:00:18:33 +0200] "GET /index.php?lokasie=/homepages/13/d818981593/htdocs/GutTrechow/wp-includes/html-api/class-wp-html-tag-processor.php&loknya=/homepages/13/d818981593/htdocs/GutTrechow/wp-includes/html-api HTTP/1.1" 200 168738 s818981589.online.de "-" "Mozilla/5.0 (Windows NT 10.0; WOW64) AppleWebKit/537.36 (KHTML, like Gecko) Chrome/48.0.2564.116 Safari/537.36" "-"
111.225.214.0 - - [21/Sep/2026:00:18:33 +0200] "GET /index.php?lokasie=/homepages/13/d818981593/htdocs/GutTrechow/wp-includes/html-api/class-wp-html-attribute-token.php&loknya=/homepages/13/d818981593/htdocs/GutTrechow/wp-includes/html-api HTTP/1.1" 200 7313 s818981589.online.de "-" "Mozilla/5.0 (Windows NT 10.0; WOW64) AppleWebKit/537.36 (KHTML, like Gecko) Chrome/48.0.2564.116 Safari/537.36" "-"
119.249.100.0 - - [21/Sep/2026:00:18:33 +0200] "GET /index.php?lokasie=/homepages/13/d818981593/htdocs/GutTrechow/wp-includes/ID3/module.audio-video.flv.php&loknya=/homepages/13/d818981593/htdocs/GutTrechow/wp-includes/ID3 HTTP/1.1" 200 35499 s818981589.online.de "-" "Mozilla/5.0 (Windows NT 10.0; WOW64) AppleWebKit/537.36 (KHTML, like Gecko) Chrome/48.0.2564.116 Safari/537.36" "-"
111.225.214.0 - - [21/Sep/2026:00:18:33 +0200] "GET /index.php?lokasie=/homepages/13/d818981593/htdocs/GutTrechow/wp-includes/html-api/class-wp-html-span.php&loknya=/homepages/13/d818981593/htdocs/GutTrechow/wp-includes/html-api HTTP/1.1" 200 5566 s818981589.online.de "-" "Mozilla/5.0 (Windows NT 10.0; WOW64) AppleWebKit/537.36 (KHTML, like Gecko) Chrome/48.0.2564.116 Safari/537.36" "-"
111.225.214.0 - - [21/Sep/2026:00:18:33 +0200] "GET /index.php?lokasie=/homepages/13/d818981593/htdocs/GutTrechow/wp-includes/html-api/class-wp-html-open-elements.php&loknya=/homepages/13/d818981593/htdocs/GutTrechow/wp-includes/html-api HTTP/1.1" 200 28996 s818981589.online.de "-" "Mozilla/5.0 (Windows NT 10.0; WOW64) AppleWebKit/537.36 (KHTML, like Gecko) Chrome/48.0.2564.116 Safari/537.36" "-"
136.114.7.0 - - [21/Sep/2026:00:18:34 +0200] "GET /index.php?lokasie=/homepages/13/d818981593/htdocs/GutTrechow/wp-links-opml.php&loknya=/homepages/13/d818981593/htdocs/GutTrechow HTTP/1.1" 200 7294 s818981589.online.de "-" "Mozilla/5.0 (Macintosh; Intel Mac OS X 10_15_7) AppleWebKit/537.36 (KHTML, like Gecko) Chrome/120.0.0.0 Safari/537.36" "-"
74.7.242.0 - - [21/Sep/2026:00:18:35 +0200] "GET /index.php?loknya=/proc/root/proc/root/proc/root/proc/root/proc/root/kunen/kunen/proc/ HTTP/1.1" 200 5998 s818981589.online.de "http://s818981589.online.de/index.php?loknya=/proc/threa-self/root/proc/threa-self/root/proc/threa-self/root/proc/threa-self/root/proc/threa-self/root/kunen/kunen/proc/threa-self" "Mozilla/5.0 AppleWebKit/537.36 (KHTML, like Gecko; compatible; GPTBot/1.4; +https://openai.com/gptbot)" "-"
220.181.108.0 - - [21/Sep/2026:00:18:39 +0200] "GET /index.php?lokasie=/homepages/13/d818981593/htdocs/GutTrechow/wp-includes/ID3/module.audio-video.asf.php&loknya=/homepages/13/d818981593/htdocs/GutTrechow/wp-includes/ID3 HTTP/1.1" 429 267 s818981589.online.de "-" "Mozilla/5.0 (compatible; Baiduspider/2.0; +http://www.baidu.com/search/spider.html)" "-"
220.181.108.0 - - [21/Sep/2026:00:18:39 +0200] "GET /index.php?lokasie=/homepages/13/d818981593/htdocs/GutTrechow/wp-includes/ID3/readme.txt&loknya=/homepages/13/d818981593/htdocs/GutTrechow/wp-includes/ID3 HTTP/1.1" 429 267 s818981589.online.de "-" "Mozilla/5.0 (compatible; Baiduspider/2.0; +http://www.baidu.com/search/spider.html)" "-"
62.138.6.0 - - [21/Sep/2026:00:18:40 +0200] "GET /?loknya=/homepages/23 HTTP/1.1" 200 35287 www.gut-trechow.de "-" "Mozilla/5.0 (X11; Linux x86_64) AppleWebKit/537.36 (KHTML, like Gecko) Chrome/124.0.0.0 Safari/537.36" "-"
220.181.108.0 - - [21/Sep/2026:00:18:40 +0200] "GET /index.php?lokasie=/homepages/13/d818981593/htdocs/GutTrechow/wp-includes/html-api/class-wp-html-active-formatting-elements.php&loknya=/homepages/13/d818981593/htdocs/GutTrechow/wp-includes/html-api HTTP/1.1" 429 267 s818981589.online.de "-" "Mozilla/5.0 (compatible; Baiduspider/2.0; +http://www.baidu.com/search/spider.html)" "-"
220.181.108.0 - - [21/Sep/2026:00:18:40 +0200] "GET /index.php?lokasie=/homepages/13/d818981593/htdocs/GutTrechow/wp-includes/html-api/class-wp-html-processor.php&loknya=/homepages/13/d818981593/htdocs/GutTrechow/wp-includes/html-api HTTP/1.1" 429 267 s818981589.online.de "-" "Mozilla/5.0 (compatible; Baiduspider/2.0; +http://www.baidu.com/search/spider.html)" "-"
116.179.32.0 - - [21/Sep/2026:00:18:40 +0200] "GET /index.php?lokasie=/homepages/13/d818981593/htdocs/GutTrechow/wp-includes/ID3/module.audio-video.quicktime.php&loknya=/homepages/13/d818981593/htdocs/GutTrechow/wp-includes/ID3 HTTP/1.1" 429 267 s818981589.online.de "-" "Mozilla/5.0 (compatible; Baiduspider/2.0; +http://www.baidu.com/search/spider.html)" "-"
111.225.214.0 - - [21/Sep/2026:00:18:40 +0200] "GET /index.php?lokasie=/homepages/13/d818981593/htdocs/GutTrechow/wp-includes/ID3/readme.txt&loknya=/homepages/13/d818981593/htdocs/GutTrechow/wp-includes/ID3 HTTP/1.1" 200 31329 s818981589.online.de "-" "Mozilla/5.0 (Windows NT 10.0; WOW64) AppleWebKit/537.36 (KHTML, like Gecko) Chrome/48.0.2564.116 Safari/537.36" "-"
119.249.100.0 - - [21/Sep/2026:00:18:40 +0200] "GET /index.php?lokasie=/homepages/13/d818981593/htdocs/GutTrechow/wp-includes/ID3/module.audio-video.asf.php&loknya=/homepages/13/d818981593/htdocs/GutTrechow/wp-includes/ID3 HTTP/1.1" 200 156131 s818981589.online.de "-" "Mozilla/5.0 (Windows NT 10.0; WOW64) AppleWebKit/537.36 (KHTML, like Gecko) Chrome/48.0.2564.116 Safari/537.36" "-"
119.249.100.0 - - [21/Sep/2026:00:18:40 +0200] "GET /index.php?lokasie=/homepages/13/d818981593/htdocs/GutTrechow/wp-includes/html-api/class-wp-html-processor.php&loknya=/homepages/13/d818981593/htdocs/GutTrechow/wp-includes/html-api HTTP/1.1" 200 246242 s818981589.online.de "-" "Mozilla/5.0 (Windows NT 10.0; WOW64) AppleWebKit/537.36 (KHTML, like Gecko) Chrome/48.0.2564.116 Safari/537.36" "-"
74.7.242.0 - - [21/Sep/2026:00:18:40 +0200] "GET /index.php?loknya=/proc/root/proc/root/proc/root/proc/root/proc/root/kunden/kunden HTTP/1.1" 200 5913 s818981589.online.de "http://s818981589.online.de/index.php?loknya=/proc/root/proc/root/proc/root/proc/root/proc/root/kunden/kunden/kunden/proc/" "Mozilla/5.0 AppleWebKit/537.36 (KHTML, like Gecko; compatible; GPTBot/1.4; +https://openai.com/gptbot)" "-"
119.249.100.0 - - [21/Sep/2026:00:18:41 +0200] "GET /index.php?lokasie=/homepages/13/d818981593/htdocs/GutTrechow/wp-includes/ID3/module.audio-video.quicktime.php&loknya=/homepages/13/d818981593/htdocs/GutTrechow/wp-includes/ID3 HTTP/1.1" 200 206454 s818981589.online.de "-" "Mozilla/5.0 (Windows NT 10.0; WOW64) AppleWebKit/537.36 (KHTML, like Gecko) Chrome/48.0.2564.116 Safari/537.36" "-"
111.225.214.0 - - [21/Sep/2026:00:18:41 +0200] "GET /index.php?lokasie=/homepages/13/d818981593/htdocs/GutTrechow/wp-includes/html-api/class-wp-html-active-formatting-elements.php&loknya=/homepages/13/d818981593/htdocs/GutTrechow/wp-includes/html-api HTTP/1.1" 200 12120 s818981589.online.de "-" "Mozilla/5.0 (Windows NT 10.0; WOW64) AppleWebKit/537.36 (KHTML, like Gecko) Chrome/48.0.2564.116 Safari/537.36" "-"
74.7.227.0 - - [21/Sep/2026:00:18:41 +0200] "GET /index.php?loknya=/proc/thread-self/proc/thread-self/proc/thread-self/proc/thread-self/proc/thread-self/kunden/kunden/kunden/kunden/kunden/kunden/proc/thread-self/kunden HTTP/1.1" 429 267 www.gut-trechow.de "http://www.gut-trechow.de/index.php?loknya=/proc/thread-self/proc/thread-self/proc/thread-self/proc/thread-self/proc/thread-self/kunden/kunden/kunden/kunden/kunden/kunden/proc/thread-self/kunden/proc/thread-self/" "Mozilla/5.0 AppleWebKit/537.36 (KHTML, like Gecko; compatible; GPTBot/1.4; +https://openai.com/gptbot)" "-"
74.7.242.0 - - [21/Sep/2026:00:18:44 +0200] "GET /index.php?loknya=/proc/thread-self/root/proc/thread-self/root/proc/thread-self/root/proc/thread-self/root/proc/thread-self/root/kunden/kunden/proc/thread-self/root/kunden/proc/thread-self/root/etc/groff HTTP/1.1" 200 12819 s818981589.online.de "http://s818981589.online.de/index.php?loknya=/proc/thread-self/root/proc/thread-self/root/proc/thread-self/root/proc/thread-self/root/proc/thread-self/root/kunden/kunden/proc/thread-self/root/kunden/proc/thread-self/root/etc" "Mozilla/5.0 AppleWebKit/537.36 (KHTML, like Gecko; compatible; GPTBot/1.4; +https://openai.com/gptbot)" "-"
43.224.35.0 - - [21/Sep/2026:00:18:45 +0200] "GET /website/blog/ HTTP/1.1" 200 39192 s818981589.online.de "-" "python-requests/2.34.2" "-"
116.179.32.0 - - [21/Sep/2026:00:18:47 +0200] "GET /index.php?lokasie=/homepages/13/d818981593/htdocs/GutTrechow/wp-includes/ID3/module.audio.ogg.php&loknya=/homepages/13/d818981593/htdocs/GutTrechow/wp-includes/ID3 HTTP/1.1" 429 267 s818981589.online.de "-" "Mozilla/5.0 (compatible; Baiduspider/2.0; +http://www.baidu.com/search/spider.html)" "-"
220.181.108.0 - - [21/Sep/2026:00:18:47 +0200] "GET /index.php?lokasie=/homepages/13/d818981593/htdocs/GutTrechow/wp-includes/html-api/class-wp-html-stack-event.php&loknya=/homepages/13/d818981593/htdocs/GutTrechow/wp-includes/html-api HTTP/1.1" 429 267 s818981589.online.de "-" "Mozilla/5.0 (compatible; Baiduspider/2.0; +http://www.baidu.com/search/spider.html)" "-"
220.181.108.0 - - [21/Sep/2026:00:18:47 +0200] "GET /index.php?lokasie=/homepages/13/d818981593/htdocs/GutTrechow/wp-includes/ID3/module.audio-video.riff.php&loknya=/homepages/13/d818981593/htdocs/GutTrechow/wp-includes/ID3 HTTP/1.1" 429 267 s818981589.online.de "-" "Mozilla/5.0 (compatible; Baiduspider/2.0; +http://www.baidu.com/search/spider.html)" "-"
116.179.32.0 - - [21/Sep/2026:00:18:47 +0200] "GET /index.php?lokasie=/homepages/13/d818981593/htdocs/GutTrechow/wp-includes/ID3/getid3.php&loknya=/homepages/13/d818981593/htdocs/GutTrechow/wp-includes/ID3 HTTP/1.1" 429 267 s818981589.online.de "-" "Mozilla/5.0 (compatible; Baiduspider/2.0; +http://www.baidu.com/search/spider.html)" "-"
119.249.100.0 - - [21/Sep/2026:00:18:47 +0200] "GET /index.php?lokasie=/homepages/13/d818981593/htdocs/GutTrechow/wp-includes/ID3/module.audio.ogg.php&loknya=/homepages/13/d818981593/htdocs/GutTrechow/wp-includes/ID3 HTTP/1.1" 200 59855 s818981589.online.de "-" "Mozilla/5.0 (Windows NT 10.0; WOW64) AppleWebKit/537.36 (KHTML, like Gecko) Chrome/48.0.2564.116 Safari/537.36" "-"
119.249.100.0 - - [21/Sep/2026:00:18:47 +0200] "GET /index.php?lokasie=/homepages/13/d818981593/htdocs/GutTrechow/wp-includes/html-api/class-wp-html-stack-event.php&loknya=/homepages/13/d818981593/htdocs/GutTrechow/wp-includes/html-api HTTP/1.1" 200 6156 s818981589.online.de "-" "Mozilla/5.0 (Windows NT 10.0; WOW64) AppleWebKit/537.36 (KHTML, like Gecko) Chrome/48.0.2564.116 Safari/537.36" "-"
119.249.100.0 - - [21/Sep/2026:00:18:47 +0200] "GET /index.php?lokasie=/homepages/13/d818981593/htdocs/GutTrechow/wp-includes/ID3/module.audio-video.riff.php&loknya=/homepages/13/d818981593/htdocs/GutTrechow/wp-includes/ID3 HTTP/1.1" 200 168923 s818981589.online.de "-" "Mozilla/5.0 (Windows NT 10.0; WOW64) AppleWebKit/537.36 (KHTML, like Gecko) Chrome/48.0.2564.116 Safari/537.36" "-"
119.249.100.0 - - [21/Sep/2026:00:18:48 +0200] "GET /index.php?lokasie=/homepages/13/d818981593/htdocs/GutTrechow/wp-includes/ID3/getid3.php&loknya=/homepages/13/d818981593/htdocs/GutTrechow/wp-includes/ID3 HTTP/1.1" 200 103714 s818981589.online.de "-" "Mozilla/5.0 (Windows NT 10.0; WOW64) AppleWebKit/537.36 (KHTML, like Gecko) Chrome/48.0.2564.116 Safari/537.36" "-"
74.7.242.0 - - [21/Sep/2026:00:18:48 +0200] "GET /index.php?loknya=/proc/thread-self/root/proc/thread-self/root/proc/thread-self/root/proc/thread-self/root/proc/thread-self/root/kunden/kunden/proc/thread-self/root/kunden/proc/thread-self/root/var HTTP/1.1" 200 26848 s818981589.online.de "http://s818981589.online.de/index.php?loknya=/proc/thread-self/root/proc/thread-self/root/proc/thread-self/root/proc/thread-self/root/proc/thread-self/root/kunden/kunden/proc/thread-self/root/kunden/proc/thread-self/root" "Mozilla/5.0 AppleWebKit/537.36 (KHTML, like Gecko; compatible; GPTBot/1.4; +https://openai.com/gptbot)" "-"
220.181.108.0 - - [21/Sep/2026:00:18:49 +0200] "GET /index.php?lokasie=/homepages/13/d818981593/htdocs/GutTrechow/wp-includes/ID3/getid3.lib.php&loknya=/homepages/13/d818981593/htdocs/GutTrechow/wp-includes/ID3 HTTP/1.1" 429 267 s818981589.online.de "-" "Mozilla/5.0 (compatible; Baiduspider/2.0; +http://www.baidu.com/search/spider.html)" "-"
111.225.214.0 - - [21/Sep/2026:00:18:49 +0200] "GET /index.php?lokasie=/homepages/13/d818981593/htdocs/GutTrechow/wp-includes/ID3/getid3.lib.php&loknya=/homepages/13/d818981593/htdocs/GutTrechow/wp-includes/ID3 HTTP/1.1" 200 64618 s818981589.online.de "-" "Mozilla/5.0 (Windows NT 10.0; WOW64) AppleWebKit/537.36 (KHTML, like Gecko) Chrome/48.0.2564.116 Safari/537.36" "-"
74.7.242.0 - - [21/Sep/2026:00:18:50 +0200] "GET /index.php?loknya=/proc/thread-self/root/proc/thread-self/root/proc/thread-self/root/proc/thread-self/root/proc/thread-self/root/kunden/kunden/proc/thread-self/root/kunden/proc/thread-self/root/etc/lynx HTTP/1.1" 200 12798 s818981589.online.de "http://s818981589.online.de/index.php?loknya=/proc/thread-self/root/proc/thread-self/root/proc/thread-self/root/proc/thread-self/root/proc/thread-self/root/kunden/kunden/proc/thread-self/root/kunden/proc/thread-self/root/etc" "Mozilla/5.0 AppleWebKit/537.36 (KHTML, like Gecko; compatible; GPTBot/1.4; +https://openai.com/gptbot)" "-"
74.7.242.0 - - [21/Sep/2026:00:18:53 +0200] "GET /index.php?loknya=/proc/thread-self/root/proc/thread-self/root/proc/thread-self/root/proc/thread-self/root/proc/thread-self/root/kunden/kunden/proc/thread-self/root/kunden/proc/thread-self/root/proc/thread-self/ HTTP/1.1" 200 82157 s818981589.online.de "http://s818981589.online.de/index.php?loknya=/proc/thread-self/root/proc/thread-self/root/proc/thread-self/root/proc/thread-self/root/proc/thread-self/root/kunden/kunden/proc/thread-self/root/kunden/proc/thread-self/root/proc/thread-self/attr" "Mozilla/5.0 AppleWebKit/537.36 (KHTML, like Gecko; compatible; GPTBot/1.4; +https://openai.com/gptbot)" "-"
220.181.108.0 - - [21/Sep/2026:00:18:54 +0200] "GET /index.php?lokasie=/homepages/13/d818981593/htdocs/GutTrechow/wp-includes/ID3/module.audio.dts.php&loknya=/homepages/13/d818981593/htdocs/GutTrechow/wp-includes/ID3 HTTP/1.1" 429 267 s818981589.online.de "-" "Mozilla/5.0 (compatible; Baiduspider/2.0; +http://www.baidu.com/search/spider.html)" "-"
116.179.32.0 - - [21/Sep/2026:00:18:54 +0200] "GET /index.php?lokasie=/homepages/13/d818981593/htdocs/GutTrechow/wp-includes/ID3/module.tag.apetag.php&loknya=/homepages/13/d818981593/htdocs/GutTrechow/wp-includes/ID3 HTTP/1.1" 429 267 s818981589.online.de "-" "Mozilla/5.0 (compatible; Baiduspider/2.0; +http://www.baidu.com/search/spider.html)" "-"
220.181.108.0 - - [21/Sep/2026:00:18:54 +0200] "GET /index.php?lokasie=/homepages/13/d818981593/htdocs/GutTrechow/wp-includes/ID3/module.audio.flac.php&loknya=/homepages/13/d818981593/htdocs/GutTrechow/wp-includes/ID3 HTTP/1.1" 429 267 s818981589.online.de "-" "Mozilla/5.0 (compatible; Baiduspider/2.0; +http://www.baidu.com/search/spider.html)" "-"
116.179.32.0 - - [21/Sep/2026:00:18:54 +0200] "GET /index.php?lokasie=/homepages/13/d818981593/htdocs/GutTrechow/wp-includes/ID3/module.tag.id3v2.php&loknya=/homepages/13/d818981593/htdocs/GutTrechow/wp-includes/ID3 HTTP/1.1" 429 267 s818981589.online.de "-" "Mozilla/5.0 (compatible; Baiduspider/2.0; +http://www.baidu.com/search/spider.html)" "-"
116.179.32.0 - - [21/Sep/2026:00:18:54 +0200] "GET /index.php?lokasie=/homepages/13/d818981593/htdocs/GutTrechow/wp-includes/html-api/class-wp-html-unsupported-exception.php&loknya=/homepages/13/d818981593/htdocs/GutTrechow/wp-includes/html-api HTTP/1.1" 429 267 s818981589.online.de "-" "Mozilla/5.0 (compatible; Baiduspider/2.0; +http://www.baidu.com/search/spider.html)" "-"
74.7.242.0 - - [21/Sep/2026:00:18:54 +0200] "GET /index.php?loknya=/proc/thread-self/root/proc/thread-self/root/proc/thread-self/root/proc/thread-self/root/proc/thread-self/root/kunden/kunden/proc/thread-self/root/kunden/proc/thread-self/root/etc/logrotate.d HTTP/1.1" 200 20814 s818981589.online.de "http://s818981589.online.de/index.php?loknya=/proc/thread-self/root/proc/thread-self/root/proc/thread-self/root/proc/thread-self/root/proc/thread-self/root/kunden/kunden/proc/thread-self/root/kunden/proc/thread-self/root/etc" "Mozilla/5.0 AppleWebKit/537.36 (KHTML, like Gecko; compatible; GPTBot/1.4; +https://openai.com/gptbot)" "-"
111.225.214.0 - - [21/Sep/2026:00:18:54 +0200] "GET /index.php?lokasie=/homepages/13/d818981593/htdocs/GutTrechow/wp-includes/ID3/module.tag.apetag.php&loknya=/homepages/13/d818981593/htdocs/GutTrechow/wp-includes/ID3 HTTP/1.1" 200 27412 s818981589.online.de "-" "Mozilla/5.0 (Windows NT 10.0; WOW64) AppleWebKit/537.36 (KHTML, like Gecko) Chrome/48.0.2564.116 Safari/537.36" "-"
119.249.100.0 - - [21/Sep/2026:00:18:55 +0200] "GET /index.php?lokasie=/homepages/13/d818981593/htdocs/GutTrechow/wp-includes/ID3/module.audio.dts.php&loknya=/homepages/13/d818981593/htdocs/GutTrechow/wp-includes/ID3 HTTP/1.1" 200 17886 s818981589.online.de "-" "Mozilla/5.0 (Windows NT 10.0; WOW64) AppleWebKit/537.36 (KHTML, like Gecko) Chrome/48.0.2564.116 Safari/537.36" "-"
111.225.214.0 - - [21/Sep/2026:00:18:55 +0200] "GET /index.php?lokasie=/homepages/13/d818981593/htdocs/GutTrechow/wp-includes/ID3/module.audio.flac.php&loknya=/homepages/13/d818981593/htdocs/GutTrechow/wp-includes/ID3 HTTP/1.1" 200 28389 s818981589.online.de "-" "Mozilla/5.0 (Windows NT 10.0; WOW64) AppleWebKit/537.36 (KHTML, like Gecko) Chrome/48.0.2564.116 Safari/537.36" "-"
111.225.214.0 - - [21/Sep/2026:00:18:55 +0200] "GET /index.php?lokasie=/homepages/13/d818981593/htdocs/GutTrechow/wp-includes/ID3/module.tag.id3v2.php&loknya=/homepages/13/d818981593/htdocs/GutTrechow/wp-includes/ID3 HTTP/1.1" 200 183810 s818981589.online.de "-" "Mozilla/5.0 (Windows NT 10.0; WOW64) AppleWebKit/537.36 (KHTML, like Gecko) Chrome/48.0.2564.116 Safari/537.36" "-"
119.249.100.0 - - [21/Sep/2026:00:18:55 +0200] "GET /index.php?lokasie=/homepages/13/d818981593/htdocs/GutTrechow/wp-includes/html-api/class-wp-html-unsupported-exception.php&loknya=/homepages/13/d818981593/htdocs/GutTrechow/wp-includes/html-api HTTP/1.1" 200 8104 s818981589.online.de "-" "Mozilla/5.0 (Windows NT 10.0; WOW64) AppleWebKit/537.36 (KHTML, like Gecko) Chrome/48.0.2564.116 Safari/537.36" "-"
74.7.242.0 - - [21/Sep/2026:00:18:56 +0200] "GET /index.php?loknya=/proc/thread-self/root/proc/thread-self/root/proc/thread-self/root/proc/thread-self/root/proc/thread-self/root/kunden/kunden/proc/thread-self/root/kunden/proc/thread-self/root/run/lock HTTP/1.1" 200 8864 s818981589.online.de "http://s818981589.online.de/index.php?loknya=/proc/thread-self/root/proc/thread-self/root/proc/thread-self/root/proc/thread-self/root/proc/thread-self/root/kunden/kunden/proc/thread-self/root/kunden/proc/thread-self/root/run" "Mozilla/5.0 AppleWebKit/537.36 (KHTML, like Gecko; compatible; GPTBot/1.4; +https://openai.com/gptbot)" "-"
43.224.35.0 - - [21/Sep/2026:00:18:57 +0200] "GET /wp-admin/images/ HTTP/1.1" 403 1271 s818981589.online.de "-" "python-requests/2.34.2" "-"
74.7.242.0 - - [21/Sep/2026:00:18:57 +0200] "GET /index.php?loknya=/proc/thread-self/root/proc/thread-self/root/proc/thread-self/root/proc/thread-self/root/proc/thread-self/root/kunden/kunden/proc/thread-self/root/kunden/proc/thread-self/root/proc/acpi HTTP/1.1" 200 8870 s818981589.online.de "http://s818981589.online.de/index.php?loknya=/proc/thread-self/root/proc/thread-self/root/proc/thread-self/root/proc/thread-self/root/proc/thread-self/root/kunden/kunden/proc/thread-self/root/kunden/proc/thread-self/root/proc" "Mozilla/5.0 AppleWebKit/537.36 (KHTML, like Gecko; compatible; GPTBot/1.4; +https://openai.com/gptbot)" "-"
74.7.242.0 - - [21/Sep/2026:00:18:58 +0200] "GET /index.php?loknya=/kunden/kunden/proc/thread-self/root/kunden/kunden/proc/thread-self/root/kunden/kunden/kunden/proc/thread-self/root/kunden/kunden/proc/thread-self/root/proc/thread-self/root/usr/lib/systemd/system.conf.d HTTP/1.1" 200 11423 s818981589.online.de "http://s818981589.online.de/index.php?loknya=/kunden/kunden/proc/thread-self/root/kunden/kunden/proc/thread-self/root/kunden/kunden/kunden/proc/thread-self/root/kunden/kunden/proc/thread-self/root/proc/thread-self/root/usr/lib/systemd" "Mozilla/5.0 AppleWebKit/537.36 (KHTML, like Gecko; compatible; GPTBot/1.4; +https://openai.com/gptbot)" "-"
74.7.242.0 - - [21/Sep/2026:00:18:58 +0200] "GET /index.php?loknya=/proc/thread-self/root/proc/thread-self/root/proc/thread-self/root/proc/thread-self/root/proc/thread-self/root/kunden/kunden/proc/thread-self/root/kunden/proc/thread-self/root/etc/terminfo HTTP/1.1" 200 10855 s818981589.online.de "http://s818981589.online.de/index.php?loknya=/proc/thread-self/root/proc/thread-self/root/proc/thread-self/root/proc/thread-self/root/proc/thread-self/root/kunden/kunden/proc/thread-self/root/kunden/proc/thread-self/root/etc" "Mozilla/5.0 AppleWebKit/537.36 (KHTML, like Gecko; compatible; GPTBot/1.4; +https://openai.com/gptbot)" "-"
74.7.242.0 - - [21/Sep/2026:00:18:59 +0200] "GET /index.php?loknya=/proc/root/proc/root/proc/root/proc/root/proc/root/kunen HTTP/1.1" 200 5801 s818981589.online.de "http://s818981589.online.de/index.php?loknya=/proc/root/proc/root/proc/root/proc/root/proc/root/kunen/kunen/proc/" "Mozilla/5.0 AppleWebKit/537.36 (KHTML, like Gecko; compatible; GPTBot/1.4; +https://openai.com/gptbot)" "-"
62.138.6.0 - - [21/Sep/2026:00:18:59 +0200] "GET /index.php?loknya=/homepages/13/d818981593/htdocs/GutTrechow/wp-content/uploads/2021/04 HTTP/1.1" 200 5867 www.gut-trechow.de "-" "Mozilla/5.0 (X11; Linux x86_64) AppleWebKit/537.36 (KHTML, like Gecko) Chrome/124.0.0.0 Safari/537.36" "-"
74.7.242.0 - - [21/Sep/2026:00:19:00 +0200] "GET /index.php?loknya=/proc/root/proc/root/proc/root/proc/root/proc/root/kunen/kunen HTTP/1.1" 200 5904 s818981589.online.de "http://s818981589.online.de/index.php?loknya=/proc/root/proc/root/proc/root/proc/root/proc/root/kunen/kunen/proc/" "Mozilla/5.0 AppleWebKit/537.36 (KHTML, like Gecko; compatible; GPTBot/1.4; +https://openai.com/gptbot)" "-"
74.7.242.0 - - [21/Sep/2026:00:19:00 +0200] "GET /index.php?loknya=/proc/root/proc/root/proc/root/proc/root/proc/root/kunen/kunen/proc HTTP/1.1" 200 5996 s818981589.online.de "http://s818981589.online.de/index.php?loknya=/proc/root/proc/root/proc/root/proc/root/proc/root/kunen/kunen/proc/" "Mozilla/5.0 AppleWebKit/537.36 (KHTML, like Gecko; compatible; GPTBot/1.4; +https://openai.com/gptbot)" "-"
74.7.242.0 - - [21/Sep/2026:00:19:01 +0200] "GET /index.php?loknya=/proc/thread-self/root/proc/thread-self/root/proc/thread-self/root/proc/thread-self/root/proc/thread-self/root/kunden/kunden/proc/thread-self/root/kunden/proc/thread-self/root/var/backups HTTP/1.1" 429 267 s818981589.online.de "http://s818981589.online.de/index.php?loknya=/proc/thread-self/root/proc/thread-self/root/proc/thread-self/root/proc/thread-self/root/proc/thread-self/root/kunden/kunden/proc/thread-self/root/kunden/proc/thread-self/root/var" "Mozilla/5.0 AppleWebKit/537.36 (KHTML, like Gecko; compatible; GPTBot/1.4; +https://openai.com/gptbot)" "-"
74.7.242.0 - - [21/Sep/2026:00:19:01 +0200] "GET /index.php?loknya=/proc/thread-self/root/proc/thread-self/root/proc/thread-self/root/proc/thread-self/root/proc/thread-self/root/kunden/kunden/proc/thread-self/root/kunden/proc/thread-self/root/var/opt HTTP/1.1" 429 267 s818981589.online.de "http://s818981589.online.de/index.php?loknya=/proc/thread-self/root/proc/thread-self/root/proc/thread-self/root/proc/thread-self/root/proc/thread-self/root/kunden/kunden/proc/thread-self/root/kunden/proc/thread-self/root/var" "Mozilla/5.0 AppleWebKit/537.36 (KHTML, like Gecko; compatible; GPTBot/1.4; +https://openai.com/gptbot)" "-"
220.181.108.0 - - [21/Sep/2026:00:19:01 +0200] "GET /index.php?lokasie=/homepages/13/d818981593/htdocs/GutTrechow/wp-includes/l10n/class-wp-translations.php&loknya=/homepages/13/d818981593/htdocs/GutTrechow/wp-includes/l10n HTTP/1.1" 429 267 s818981589.online.de "-" "Mozilla/5.0 (compatible; Baiduspider/2.0; +http://www.baidu.com/search/spider.html)" "-"
220.181.108.0 - - [21/Sep/2026:00:19:01 +0200] "GET /index.php?lokasie=/homepages/13/d818981593/htdocs/GutTrechow/wp-includes/ID3/module.audio-video.matroska.php&loknya=/homepages/13/d818981593/htdocs/GutTrechow/wp-includes/ID3 HTTP/1.1" 429 267 s818981589.online.de "-" "Mozilla/5.0 (compatible; Baiduspider/2.0; +http://www.baidu.com/search/spider.html)" "-"
220.181.108.0 - - [21/Sep/2026:00:19:01 +0200] "GET /index.php?lokasie=/homepages/13/d818981593/htdocs/GutTrechow/wp-includes/ID3/module.audio.mp3.php&loknya=/homepages/13/d818981593/htdocs/GutTrechow/wp-includes/ID3 HTTP/1.1" 429 267 s818981589.online.de "-" "Mozilla/5.0 (compatible; Baiduspider/2.0; +http://www.baidu.com/search/spider.html)" "-"
74.7.227.0 - - [21/Sep/2026:00:19:01 +0200] "GET /index.php?lokasie=/proc/thread-self/root/proc/thread-self/root/proc/thread-self/root/proc/thread-self/root/proc/thread-self/root/kunden/kunden/kunden/kunden/kunden/kunden/proc/thread-self/root/kunden/proc/sys/mars/copy_write_prio&loknya=/proc/thread-self/root/proc/thread-self/root/proc/thread-self/root/proc/thread-self/root/proc/thread-self/root/kunden/kunden/kunden/kunden/kunden/kunden/proc/thread-self/root/kunden/proc/sys/mars HTTP/1.1" 200 7895 www.gut-trechow.de "http://www.gut-trechow.de/index.php?loknya=/proc/thread-self/root/proc/thread-self/root/proc/thread-self/root/proc/thread-self/root/proc/thread-self/root/kunden/kunden/kunden/kunden/kunden/kunden/proc/thread-self/root/kunden/proc/sys/mars" "Mozilla/5.0 AppleWebKit/537.36 (KHTML, like Gecko; compatible; GPTBot/1.4; +https://openai.com/gptbot)" "-"
116.179.32.0 - - [21/Sep/2026:00:19:02 +0200] "GET /index.php?lokasie=/homepages/13/d818981593/htdocs/GutTrechow/wp-includes/ID3/module.tag.id3v1.php&loknya=/homepages/13/d818981593/htdocs/GutTrechow/wp-includes/ID3 HTTP/1.1" 429 267 s818981589.online.de "-" "Mozilla/5.0 (compatible; Baiduspider/2.0; +http://www.baidu.com/search/spider.html)" "-"
220.181.108.0 - - [21/Sep/2026:00:19:02 +0200] "GET /index.php?lokasie=/homepages/13/d818981593/htdocs/GutTrechow/wp-includes/ID3/module.tag.lyrics3.php&loknya=/homepages/13/d818981593/htdocs/GutTrechow/wp-includes/ID3 HTTP/1.1" 429 267 s818981589.online.de "-" "Mozilla/5.0 (compatible; Baiduspider/2.0; +http://www.baidu.com/search/spider.html)" "-"
74.7.242.0 - - [21/Sep/2026:00:19:02 +0200] "GET /index.php?loknya=/proc/thread-self/root/proc/thread-self/root/proc/thread-self/root/proc/thread-self/root/proc/thread-self/root/kunden/kunden/proc/thread-self/root/kunden/proc/thread-self/root/proc/thread-self/fd HTTP/1.1" 429 267 s818981589.online.de "http://s818981589.online.de/index.php?loknya=/proc/thread-self/root/proc/thread-self/root/proc/thread-self/root/proc/thread-self/root/proc/thread-self/root/kunden/kunden/proc/thread-self/root/kunden/proc/thread-self/root/proc/thread-self/" "Mozilla/5.0 AppleWebKit/537.36 (KHTML, like Gecko; compatible; GPTBot/1.4; +https://openai.com/gptbot)" "-"
119.249.100.0 - - [21/Sep/2026:00:19:02 +0200] "GET /index.php?lokasie=/homepages/13/d818981593/htdocs/GutTrechow/wp-includes/ID3/module.audio-video.matroska.php&loknya=/homepages/13/d818981593/htdocs/GutTrechow/wp-includes/ID3 HTTP/1.1" 200 124908 s818981589.online.de "-" "Mozilla/5.0 (Windows NT 10.0; WOW64) AppleWebKit/537.36 (KHTML, like Gecko) Chrome/48.0.2564.116 Safari/537.36" "-"
119.249.100.0 - - [21/Sep/2026:00:19:02 +0200] "GET /index.php?lokasie=/homepages/13/d818981593/htdocs/GutTrechow/wp-includes/l10n/class-wp-translations.php&loknya=/homepages/13/d818981593/htdocs/GutTrechow/wp-includes/l10n HTTP/1.1" 200 8430 s818981589.online.de "-" "Mozilla/5.0 (Windows NT 10.0; WOW64) AppleWebKit/537.36 (KHTML, like Gecko) Chrome/48.0.2564.116 Safari/537.36" "-"
