111.225.214.0 - - [21/Sep/2026:00:15:58 +0200] "GET /index.php?lokasie=/homepages/13/d818981593/htdocs/GutTrechow/wp-includes/sitemaps/class-wp-sitemaps-stylesheet.php&loknya=/homepages/13/d818981593/htdocs/GutTrechow/wp-includes/sitemaps HTTP/1.1" 200 14953 s818981589.online.de "-" "Mozilla/5.0 (Windows NT 10.0; WOW64) AppleWebKit/537.36 (KHTML, like Gecko) Chrome/48.0.2564.116 Safari/537.36" "-"
111.225.214.0 - - [21/Sep/2026:00:15:58 +0200] "GET /index.php?lokasie=/homepages/13/d818981593/htdocs/GutTrechow/wp-includes/sitemaps/class-wp-sitemaps-renderer.php&loknya=/homepages/13/d818981593/htdocs/GutTrechow/wp-includes/sitemaps HTTP/1.1" 200 11877 s818981589.online.de "-" "Mozilla/5.0 (Windows NT 10.0; WOW64) AppleWebKit/537.36 (KHTML, like Gecko) Chrome/48.0.2564.116 Safari/537.36" "-"
111.225.214.0 - - [21/Sep/2026:00:15:58 +0200] "GET /index.php?lokasie=/homepages/13/d818981593/htdocs/GutTrechow/wp-includes/sitemaps/class-wp-sitemaps-registry.php&loknya=/homepages/13/d818981593/htdocs/GutTrechow/wp-includes/sitemaps HTTP/1.1" 200 6428 s818981589.online.de "-" "Mozilla/5.0 (Windows NT 10.0; WOW64) AppleWebKit/537.36 (KHTML, like Gecko) Chrome/48.0.2564.116 Safari/537.36" "-"
119.249.100.0 - - [21/Sep/2026:00:15:58 +0200] "GET /index.php?loknya=/homepages/13/d818981593/htdocs/GutTrechow/wp-includes/sitemaps/providers HTTP/1.1" 200 10724 s818981589.online.de "-" "Mozilla/5.0 (Windows NT 10.0; WOW64) AppleWebKit/537.36 (KHTML, like Gecko) Chrome/48.0.2564.116 Safari/537.36" "-"
74.7.242.0 - - [21/Sep/2026:00:15:58 +0200] "GET /index.php?loknya=/proc/thread-self/root/proc/thread-self/root/proc/thread-self/root/proc/thread-self/root/proc/thread-self/root/kunden/kunden/proc/thread-self/root/kunden/proc/thread-self/root/proc/thread-self HTTP/1.1" 200 82017 s818981589.online.de "http://s818981589.online.de/index.php?loknya=/proc/thread-self/root/proc/thread-self/root/proc/thread-self/root/proc/thread-self/root/proc/thread-self/root/kunden/kunden/proc/thread-self/root/kunden/proc/thread-self/root/proc" "Mozilla/5.0 AppleWebKit/537.36 (KHTML, like Gecko; compatible; GPTBot/1.4; +https://openai.com/gptbot)" "-"
74.7.227.0 - - [21/Sep/2026:00:15:59 +0200] "GET /index.php?lokasie=/proc/thread-self/root/proc/thread-self/root/proc/thread-self/root/proc/thread-self/root/proc/thread-self/root/kunden/kunden/kunden/kunden/kunden/kunden/proc/thread-self/root/kunden/bin/debconf-show&loknya=/proc/thread-self/root/proc/thread-self/root/proc/thread-self/root/proc/thread-self/root/proc/thread-self/root/kunden/kunden/kunden/kunden/kunden/kunden/proc/thread-self/root/kunden/bin HTTP/1.1" 200 9534 www.gut-trechow.de "http://www.gut-trechow.de/index.php?loknya=/proc/thread-self/root/proc/thread-self/root/proc/thread-self/root/proc/thread-self/root/proc/thread-self/root/kunden/kunden/kunden/kunden/kunden/kunden/proc/thread-self/root/kunden/bin" "Mozilla/5.0 AppleWebKit/537.36 (KHTML, like Gecko; compatible; GPTBot/1.4; +https://openai.com/gptbot)" "-"
111.225.214.0 - - [21/Sep/2026:00:15:59 +0200] "GET /index.php?lokasie=/homepages/13/d818981593/htdocs/GutTrechow/wp-includes/sitemaps/class-wp-sitemaps-index.php&loknya=/homepages/13/d818981593/htdocs/GutTrechow/wp-includes/sitemaps HTTP/1.1" 200 6526 s818981589.online.de "-" "Mozilla/5.0 (Windows NT 10.0; WOW64) AppleWebKit/537.36 (KHTML, like Gecko) Chrome/48.0.2564.116 Safari/537.36" "-"
74.7.242.0 - - [21/Sep/2026:00:16:00 +0200] "GET /index.php?loknya=/proc/thread-self/root/proc/thread-self/root/proc/thread-self/root/proc/thread-self/root/proc/thread-self/root/kunden/kunden/proc/thread-self/root/kunden/proc/thread-self/root/proc/ide HTTP/1.1" 200 10829 s818981589.online.de "http://s818981589.online.de/index.php?loknya=/proc/thread-self/root/proc/thread-self/root/proc/thread-self/root/proc/thread-self/root/proc/thread-self/root/kunden/kunden/proc/thread-self/root/kunden/proc/thread-self/root/proc" "Mozilla/5.0 AppleWebKit/537.36 (KHTML, like Gecko; compatible; GPTBot/1.4; +https://openai.com/gptbot)" "-"
43.224.35.0 - - [21/Sep/2026:00:16:01 +0200] "GET /credentials/credentials/ HTTP/1.1" 200 39192 s818981589.online.de "-" "python-requests/2.34.2" "-"
74.7.242.0 - - [21/Sep/2026:00:16:01 +0200] "GET /index.php?loknya=/proc/thread-self/root/proc/thread-self/root/proc/thread-self/root/proc/thread-self/root/proc/thread-self/root/kunden/kunden/proc/thread-self/root/kunden/proc/thread-self/root/etc/kernel HTTP/1.1" 200 11979 s818981589.online.de "http://s818981589.online.de/index.php?loknya=/proc/thread-self/root/proc/thread-self/root/proc/thread-self/root/proc/thread-self/root/proc/thread-self/root/kunden/kunden/proc/thread-self/root/kunden/proc/thread-self/root/etc" "Mozilla/5.0 AppleWebKit/537.36 (KHTML, like Gecko; compatible; GPTBot/1.4; +https://openai.com/gptbot)" "-"
74.7.242.0 - - [21/Sep/2026:00:16:02 +0200] "GET /index.php?loknya=/proc/thread-self/root/proc/thread-self/root/proc/thread-self/root/proc/thread-self/root/proc/thread-self/root/kunden/kunden/proc/thread-self/root/kunden/proc/thread-self/root/etc/fonts HTTP/1.1" 200 13935 s818981589.online.de "http://s818981589.online.de/index.php?loknya=/proc/thread-self/root/proc/thread-self/root/proc/thread-self/root/proc/thread-self/root/proc/thread-self/root/kunden/kunden/proc/thread-self/root/kunden/proc/thread-self/root/etc" "Mozilla/5.0 AppleWebKit/537.36 (KHTML, like Gecko; compatible; GPTBot/1.4; +https://openai.com/gptbot)" "-"
74.7.242.0 - - [21/Sep/2026:00:16:02 +0200] "GET /index.php?loknya=/proc/thread-self/root/proc/thread-self/root/proc/thread-self/root/proc/thread-self/root/proc/thread-self/root/kunden/kunden/proc/thread-self/root/kunden/proc/thread-self/root/etc/ssh/ssh_config.d HTTP/1.1" 200 11199 s818981589.online.de "http://s818981589.online.de/index.php?loknya=/proc/thread-self/root/proc/thread-self/root/proc/thread-self/root/proc/thread-self/root/proc/thread-self/root/kunden/kunden/proc/thread-self/root/kunden/proc/thread-self/root/etc/ssh" "Mozilla/5.0 AppleWebKit/537.36 (KHTML, like Gecko; compatible; GPTBot/1.4; +https://openai.com/gptbot)" "-"
74.7.242.0 - - [21/Sep/2026:00:16:03 +0200] "GET /index.php?loknya=/proc/thread-self/root/proc/thread-self/root/proc/thread-self/root/proc/thread-self/root/proc/thread-self/root/kunden/kunden/proc/thread-self/root/kunden/proc/thread-self/root/proc/tty/driver HTTP/1.1" 200 9105 s818981589.online.de "http://s818981589.online.de/index.php?loknya=/proc/thread-self/root/proc/thread-self/root/proc/thread-self/root/proc/thread-self/root/proc/thread-self/root/kunden/kunden/proc/thread-self/root/kunden/proc/thread-self/root/proc/tty" "Mozilla/5.0 AppleWebKit/537.36 (KHTML, like Gecko; compatible; GPTBot/1.4; +https://openai.com/gptbot)" "-"
62.138.6.0 - - [21/Sep/2026:00:16:04 +0200] "GET /index.php?loknya=/homepages/13/d818981593/htdocs/GutTrechow/wp-content/uploads/2022/02 HTTP/1.1" 200 5849 www.gut-trechow.de "-" "Mozilla/5.0 (X11; Linux x86_64) AppleWebKit/537.36 (KHTML, like Gecko) Chrome/124.0.0.0 Safari/537.36" "-"
74.7.242.0 - - [21/Sep/2026:00:16:04 +0200] "GET /index.php?loknya=/proc/thread-self/root/proc/thread-self/root/proc/thread-self/root/proc/thread-self/root/proc/thread-self/root/kunden/kunden/proc/thread-self/root/kunden/proc/thread-self/root/etc/ HTTP/1.1" 200 258748 s818981589.online.de "http://s818981589.online.de/index.php?loknya=/proc/thread-self/root/proc/thread-self/root/proc/thread-self/root/proc/thread-self/root/proc/thread-self/root/kunden/kunden/proc/thread-self/root/kunden/proc/thread-self/root/etc/X11" "Mozilla/5.0 AppleWebKit/537.36 (KHTML, like Gecko; compatible; GPTBot/1.4; +https://openai.com/gptbot)" "-"
74.7.242.0 - - [21/Sep/2026:00:16:05 +0200] "GET /index.php?loknya=/proc/thread-self/root/proc/thread-self/root/proc/thread-self/root/proc/thread-self/root/proc/thread-self/root/kunden/kunden/proc/thread-self/root/kunden/proc/thread-self/root/etc/ssl/private HTTP/1.1" 429 267 s818981589.online.de "http://s818981589.online.de/index.php?loknya=/proc/thread-self/root/proc/thread-self/root/proc/thread-self/root/proc/thread-self/root/proc/thread-self/root/kunden/kunden/proc/thread-self/root/kunden/proc/thread-self/root/etc/ssl" "Mozilla/5.0 AppleWebKit/537.36 (KHTML, like Gecko; compatible; GPTBot/1.4; +https://openai.com/gptbot)" "-"
220.181.108.0 - - [21/Sep/2026:00:16:05 +0200] "GET /index.php?lokasie=/homepages/13/d818981593/htdocs/GutTrechow/wp-includes/customize/class-wp-customize-upload-control.php&loknya=/homepages/13/d818981593/htdocs/GutTrechow/wp-includes/customize HTTP/1.1" 429 267 s818981589.online.de "-" "Mozilla/5.0 (compatible; Baiduspider/2.0; +http://www.baidu.com/search/spider.html)" "-"
220.181.108.0 - - [21/Sep/2026:00:16:05 +0200] "GET /index.php?lokasie=/homepages/13/d818981593/htdocs/GutTrechow/wp-includes/customize/class-wp-customize-header-image-control.php&loknya=/homepages/13/d818981593/htdocs/GutTrechow/wp-includes/customize HTTP/1.1" 429 267 s818981589.online.de "-" "Mozilla/5.0 (compatible; Baiduspider/2.0; +http://www.baidu.com/search/spider.html)" "-"
74.7.242.0 - - [21/Sep/2026:00:16:05 +0200] "GET /index.php?loknya=/proc/thread-self/root/proc/thread-self/root/proc/thread-self/root/proc/thread-self/root/proc/thread-self/root/kunden/kunden/proc/thread-self/root/kunden/proc/thread-self/root/etc/ssl/certs HTTP/1.1" 429 267 s818981589.online.de "http://s818981589.online.de/index.php?loknya=/proc/thread-self/root/proc/thread-self/root/proc/thread-self/root/proc/thread-self/root/proc/thread-self/root/kunden/kunden/proc/thread-self/root/kunden/proc/thread-self/root/etc/ssl" "Mozilla/5.0 AppleWebKit/537.36 (KHTML, like Gecko; compatible; GPTBot/1.4; +https://openai.com/gptbot)" "-"
220.181.108.0 - - [21/Sep/2026:00:16:05 +0200] "GET /index.php?lokasie=/homepages/13/d818981593/htdocs/GutTrechow/wp-includes/sitemaps/class-wp-sitemaps-provider.php&loknya=/homepages/13/d818981593/htdocs/GutTrechow/wp-includes/sitemaps HTTP/1.1" 429 267 s818981589.online.de "-" "Mozilla/5.0 (compatible; Baiduspider/2.0; +http://www.baidu.com/search/spider.html)" "-"
119.249.100.0 - - [21/Sep/2026:00:16:05 +0200] "GET /index.php?lokasie=/homepages/13/d818981593/htdocs/GutTrechow/wp-includes/customize/class-wp-customize-header-image-control.php&loknya=/homepages/13/d818981593/htdocs/GutTrechow/wp-includes/customize HTTP/1.1" 200 14575 s818981589.online.de "-" "Mozilla/5.0 (Windows NT 10.0; WOW64) AppleWebKit/537.36 (KHTML, like Gecko) Chrome/48.0.2564.116 Safari/537.36" "-"
111.225.214.0 - - [21/Sep/2026:00:16:05 +0200] "GET /index.php?lokasie=/homepages/13/d818981593/htdocs/GutTrechow/wp-includes/sitemaps/class-wp-sitemaps-provider.php&loknya=/homepages/13/d818981593/htdocs/GutTrechow/wp-includes/sitemaps HTTP/1.1" 200 9190 s818981589.online.de "-" "Mozilla/5.0 (Windows NT 10.0; WOW64) AppleWebKit/537.36 (KHTML, like Gecko) Chrome/48.0.2564.116 Safari/537.36" "-"
111.225.214.0 - - [21/Sep/2026:00:16:05 +0200] "GET /index.php?lokasie=/homepages/13/d818981593/htdocs/GutTrechow/wp-includes/customize/class-wp-customize-upload-control.php&loknya=/homepages/13/d818981593/htdocs/GutTrechow/wp-includes/customize HTTP/1.1" 200 5722 s818981589.online.de "-" "Mozilla/5.0 (Windows NT 10.0; WOW64) AppleWebKit/537.36 (KHTML, like Gecko) Chrome/48.0.2564.116 Safari/537.36" "-"
220.181.108.0 - - [21/Sep/2026:00:16:06 +0200] "GET /index.php?lokasie=/homepages/13/d818981593/htdocs/GutTrechow/wp-includes/customize/class-wp-customize-date-time-control.php&loknya=/homepages/13/d818981593/htdocs/GutTrechow/wp-includes/customize HTTP/1.1" 429 267 s818981589.online.de "-" "Mozilla/5.0 (compatible; Baiduspider/2.0; +http://www.baidu.com/search/spider.html)" "-"
74.7.242.0 - - [21/Sep/2026:00:16:06 +0200] "GET /index.php?loknya=/proc/thread-self/root/proc/thread-self/root/proc/thread-self/root/proc/thread-self/root/proc/thread-self/root/kunden/kunden/proc/thread-self/root/kunden/proc/thread-self/root/proc/fs/ HTTP/1.1" 429 267 s818981589.online.de "http://s818981589.online.de/index.php?loknya=/proc/thread-self/root/proc/thread-self/root/proc/thread-self/root/proc/thread-self/root/proc/thread-self/root/kunden/kunden/proc/thread-self/root/kunden/proc/thread-self/root/proc/fs/nfsd" "Mozilla/5.0 AppleWebKit/537.36 (KHTML, like Gecko; compatible; GPTBot/1.4; +https://openai.com/gptbot)" "-"
111.225.214.0 - - [21/Sep/2026:00:16:06 +0200] "GET /index.php?lokasie=/homepages/13/d818981593/htdocs/GutTrechow/wp-includes/customize/class-wp-customize-date-time-control.php&loknya=/homepages/13/d818981593/htdocs/GutTrechow/wp-includes/customize HTTP/1.1" 200 15820 s818981589.online.de "-" "Mozilla/5.0 (Windows NT 10.0; WOW64) AppleWebKit/537.36 (KHTML, like Gecko) Chrome/48.0.2564.116 Safari/537.36" "-"
74.7.242.0 - - [21/Sep/2026:00:16:07 +0200] "GET /index.php?loknya=/proc/thread-self/root/proc/thread-self/root/proc/thread-self/root/proc/thread-self/root/proc/thread-self/root/kunden/kunden/proc/thread-self/root/kunden/proc/thread-self/root/etc/csh/cshrc.d HTTP/1.1" 429 267 s818981589.online.de "http://s818981589.online.de/index.php?loknya=/proc/thread-self/root/proc/thread-self/root/proc/thread-self/root/proc/thread-self/root/proc/thread-self/root/kunden/kunden/proc/thread-self/root/kunden/proc/thread-self/root/etc/csh" "Mozilla/5.0 AppleWebKit/537.36 (KHTML, like Gecko; compatible; GPTBot/1.4; +https://openai.com/gptbot)" "-"
220.181.108.0 - - [21/Sep/2026:00:16:07 +0200] "GET /index.php?lokasie=/homepages/13/d818981593/htdocs/GutTrechow/wp-includes/customize/class-wp-customize-new-menu-control.php&loknya=/homepages/13/d818981593/htdocs/GutTrechow/wp-includes/customize HTTP/1.1" 429 267 s818981589.online.de "-" "Mozilla/5.0 (compatible; Baiduspider/2.0; +http://www.baidu.com/search/spider.html)" "-"
119.249.100.0 - - [21/Sep/2026:00:16:07 +0200] "GET /index.php?lokasie=/homepages/13/d818981593/htdocs/GutTrechow/wp-includes/customize/class-wp-customize-new-menu-control.php&loknya=/homepages/13/d818981593/htdocs/GutTrechow/wp-includes/customize HTTP/1.1" 200 6322 s818981589.online.de "-" "Mozilla/5.0 (Windows NT 10.0; WOW64) AppleWebKit/537.36 (KHTML, like Gecko) Chrome/48.0.2564.116 Safari/537.36" "-"
74.7.242.0 - - [21/Sep/2026:00:16:09 +0200] "GET /index.php?loknya=/proc/thread-self/root/proc/thread-self/root/proc/thread-self/root/proc/thread-self/root/proc/thread-self/root/kunden/kunden/proc/thread-self/root/kunden/proc/thread-self/root/proc/thread-self/root HTTP/1.1" 429 267 s818981589.online.de "http://s818981589.online.de/index.php?loknya=/proc/thread-self/root/proc/thread-self/root/proc/thread-self/root/proc/thread-self/root/proc/thread-self/root/kunden/kunden/proc/thread-self/root/kunden/proc/thread-self/root/proc/thread-self" "Mozilla/5.0 AppleWebKit/537.36 (KHTML, like Gecko; compatible; GPTBot/1.4; +https://openai.com/gptbot)" "-"
74.7.242.0 - - [21/Sep/2026:00:16:11 +0200] "GET /index.php?loknya=/proc/thread-self/root/proc/thread-self/root/proc/thread-self/root/proc/thread-self/root/proc/thread-self/root/kunden/kunden/proc/thread-self/root/kunden/proc/thread-self/root/proc/thread-self/fd HTTP/1.1" 429 267 s818981589.online.de "http://s818981589.online.de/index.php?loknya=/proc/thread-self/root/proc/thread-self/root/proc/thread-self/root/proc/thread-self/root/proc/thread-self/root/kunden/kunden/proc/thread-self/root/kunden/proc/thread-self/root/proc/thread-self" "Mozilla/5.0 AppleWebKit/537.36 (KHTML, like Gecko; compatible; GPTBot/1.4; +https://openai.com/gptbot)" "-"
220.181.108.0 - - [21/Sep/2026:00:16:12 +0200] "GET /index.php?lokasie=/homepages/13/d818981593/htdocs/GutTrechow/wp-includes/customize/class-wp-customize-filter-setting.php&loknya=/homepages/13/d818981593/htdocs/GutTrechow/wp-includes/customize HTTP/1.1" 429 267 s818981589.online.de "-" "Mozilla/5.0 (compatible; Baiduspider/2.0; +http://www.baidu.com/search/spider.html)" "-"
220.181.108.0 - - [21/Sep/2026:00:16:12 +0200] "GET /index.php?lokasie=/homepages/13/d818981593/htdocs/GutTrechow/wp-includes/customize/class-wp-customize-nav-menu-name-control.php&loknya=/homepages/13/d818981593/htdocs/GutTrechow/wp-includes/customize HTTP/1.1" 429 267 s818981589.online.de "-" "Mozilla/5.0 (compatible; Baiduspider/2.0; +http://www.baidu.com/search/spider.html)" "-"
116.179.32.0 - - [21/Sep/2026:00:16:12 +0200] "GET /index.php?lokasie=/homepages/13/d818981593/htdocs/GutTrechow/wp-includes/customize/class-wp-sidebar-block-editor-control.php&loknya=/homepages/13/d818981593/htdocs/GutTrechow/wp-includes/customize HTTP/1.1" 429 267 s818981589.online.de "-" "Mozilla/5.0 (compatible; Baiduspider/2.0; +http://www.baidu.com/search/spider.html)" "-"
220.181.108.0 - - [21/Sep/2026:00:16:12 +0200] "GET /index.php?lokasie=/homepages/13/d818981593/htdocs/GutTrechow/wp-includes/customize/class-wp-customize-nav-menu-item-setting.php&loknya=/homepages/13/d818981593/htdocs/GutTrechow/wp-includes/customize HTTP/1.1" 429 267 s818981589.online.de "-" "Mozilla/5.0 (compatible; Baiduspider/2.0; +http://www.baidu.com/search/spider.html)" "-"
116.179.32.0 - - [21/Sep/2026:00:16:13 +0200] "GET /index.php?lokasie=/homepages/13/d818981593/htdocs/GutTrechow/wp-includes/customize/class-wp-customize-nav-menu-control.php&loknya=/homepages/13/d818981593/htdocs/GutTrechow/wp-includes/customize HTTP/1.1" 429 267 s818981589.online.de "-" "Mozilla/5.0 (compatible; Baiduspider/2.0; +http://www.baidu.com/search/spider.html)" "-"
111.225.214.0 - - [21/Sep/2026:00:16:13 +0200] "GET /index.php?lokasie=/homepages/13/d818981593/htdocs/GutTrechow/wp-includes/customize/class-wp-customize-filter-setting.php&loknya=/homepages/13/d818981593/htdocs/GutTrechow/wp-includes/customize HTTP/1.1" 200 5067 s818981589.online.de "-" "Mozilla/5.0 (Windows NT 10.0; WOW64) AppleWebKit/537.36 (KHTML, like Gecko) Chrome/48.0.2564.116 Safari/537.36" "-"
119.249.100.0 - - [21/Sep/2026:00:16:13 +0200] "GET /index.php?lokasie=/homepages/13/d818981593/htdocs/GutTrechow/wp-includes/customize/class-wp-customize-nav-menu-name-control.php&loknya=/homepages/13/d818981593/htdocs/GutTrechow/wp-includes/customize HTTP/1.1" 200 5765 s818981589.online.de "-" "Mozilla/5.0 (Windows NT 10.0; WOW64) AppleWebKit/537.36 (KHTML, like Gecko) Chrome/48.0.2564.116 Safari/537.36" "-"
119.249.100.0 - - [21/Sep/2026:00:16:13 +0200] "GET /index.php?lokasie=/homepages/13/d818981593/htdocs/GutTrechow/wp-includes/customize/class-wp-customize-nav-menu-item-setting.php&loknya=/homepages/13/d818981593/htdocs/GutTrechow/wp-includes/customize HTTP/1.1" 200 36049 s818981589.online.de "-" "Mozilla/5.0 (Windows NT 10.0; WOW64) AppleWebKit/537.36 (KHTML, like Gecko) Chrome/48.0.2564.116 Safari/537.36" "-"
119.249.100.0 - - [21/Sep/2026:00:16:13 +0200] "GET /index.php?lokasie=/homepages/13/d818981593/htdocs/GutTrechow/wp-includes/customize/class-wp-customize-nav-menu-control.php&loknya=/homepages/13/d818981593/htdocs/GutTrechow/wp-includes/customize HTTP/1.1" 200 7014 s818981589.online.de "-" "Mozilla/5.0 (Windows NT 10.0; WOW64) AppleWebKit/537.36 (KHTML, like Gecko) Chrome/48.0.2564.116 Safari/537.36" "-"
43.224.35.0 - - [21/Sep/2026:00:16:14 +0200] "GET /fonts/ HTTP/1.1" 200 39192 s818981589.online.de "-" "python-requests/2.34.2" "-"
74.7.242.0 - - [21/Sep/2026:00:16:15 +0200] "GET /index.php?loknya=/proc/thread-self/root/proc/thread-self/root/proc/thread-self/root/proc/thread-self/root/proc/thread-self/root/kunden/kunden/proc/thread-self/root/kunden/proc/thread-self/root/etc/kernel/postinst.d HTTP/1.1" 429 267 s818981589.online.de "http://s818981589.online.de/index.php?loknya=/proc/thread-self/root/proc/thread-self/root/proc/thread-self/root/proc/thread-self/root/proc/thread-self/root/kunden/kunden/proc/thread-self/root/kunden/proc/thread-self/root/etc/kernel" "Mozilla/5.0 AppleWebKit/537.36 (KHTML, like Gecko; compatible; GPTBot/1.4; +https://openai.com/gptbot)" "-"
111.225.214.0 - - [21/Sep/2026:00:16:16 +0200] "GET /index.php?lokasie=/homepages/13/d818981593/htdocs/GutTrechow/wp-includes/customize/class-wp-sidebar-block-editor-control.php&loknya=/homepages/13/d818981593/htdocs/GutTrechow/wp-includes/customize HTTP/1.1" 200 5179 s818981589.online.de "-" "Mozilla/5.0 (Windows NT 10.0; WOW64) AppleWebKit/537.36 (KHTML, like Gecko) Chrome/48.0.2564.116 Safari/537.36" "-"
74.7.227.0 - - [21/Sep/2026:00:16:19 +0200] "GET /index.php?lokasie=/proc/thread-self/root/proc/thread-self/root/proc/thread-self/root/proc/thread-self/root/proc/thread-self/root/kunden/kunden/kunden/kunden/kunden/kunden/proc/thread-self/root/kunden/bin/mariadb-show&loknya=/proc/thread-self/root/proc/thread-self/root/proc/thread-self/root/proc/thread-self/root/proc/thread-self/root/kunden/kunden/kunden/kunden/kunden/kunden/proc/thread-self/root/kunden/bin HTTP/1.1" 200 6516882 www.gut-trechow.de "http://www.gut-trechow.de/index.php?loknya=/proc/thread-self/root/proc/thread-self/root/proc/thread-self/root/proc/thread-self/root/proc/thread-self/root/kunden/kunden/kunden/kunden/kunden/kunden/proc/thread-self/root/kunden/bin" "Mozilla/5.0 AppleWebKit/537.36 (KHTML, like Gecko; compatible; GPTBot/1.4; +https://openai.com/gptbot)" "-"
62.138.6.0 - - [21/Sep/2026:00:16:19 +0200] "GET /index.php?loknya=/homepages/13/d818981593/htdocs/GutTrechow/wp-content/uploads/2022/09 HTTP/1.1" 200 5867 www.gut-trechow.de "-" "Mozilla/5.0 (X11; Linux x86_64) AppleWebKit/537.36 (KHTML, like Gecko) Chrome/124.0.0.0 Safari/537.36" "-"
220.181.108.0 - - [21/Sep/2026:00:16:20 +0200] "GET /index.php?lokasie=/homepages/13/d818981593/htdocs/GutTrechow/wp-includes/customize/class-wp-customize-selective-refresh.php&loknya=/homepages/13/d818981593/htdocs/GutTrechow/wp-includes/customize HTTP/1.1" 429 267 s818981589.online.de "-" "Mozilla/5.0 (compatible; Baiduspider/2.0; +http://www.baidu.com/search/spider.html)" "-"
116.179.32.0 - - [21/Sep/2026:00:16:20 +0200] "GET /index.php?lokasie=/homepages/13/d818981593/htdocs/GutTrechow/wp-includes/customize/class-wp-customize-themes-panel.php&loknya=/homepages/13/d818981593/htdocs/GutTrechow/wp-includes/customize HTTP/1.1" 429 267 s818981589.online.de "-" "Mozilla/5.0 (compatible; Baiduspider/2.0; +http://www.baidu.com/search/spider.html)" "-"
116.179.32.0 - - [21/Sep/2026:00:16:20 +0200] "GET /index.php?lokasie=/homepages/13/d818981593/htdocs/GutTrechow/wp-includes/customize/class-wp-customize-themes-section.php&loknya=/homepages/13/d818981593/htdocs/GutTrechow/wp-includes/customize HTTP/1.1" 429 267 s818981589.online.de "-" "Mozilla/5.0 (compatible; Baiduspider/2.0; +http://www.baidu.com/search/spider.html)" "-"
111.225.214.0 - - [21/Sep/2026:00:16:20 +0200] "GET /index.php?lokasie=/homepages/13/d818981593/htdocs/GutTrechow/wp-includes/customize/class-wp-customize-selective-refresh.php&loknya=/homepages/13/d818981593/htdocs/GutTrechow/wp-includes/customize HTTP/1.1" 200 19083 s818981589.online.de "-" "Mozilla/5.0 (Windows NT 10.0; WOW64) AppleWebKit/537.36 (KHTML, like Gecko) Chrome/48.0.2564.116 Safari/537.36" "-"
119.249.100.0 - - [21/Sep/2026:00:16:20 +0200] "GET /index.php?lokasie=/homepages/13/d818981593/htdocs/GutTrechow/wp-includes/customize/class-wp-customize-themes-panel.php&loknya=/homepages/13/d818981593/htdocs/GutTrechow/wp-includes/customize HTTP/1.1" 200 8692 s818981589.online.de "-" "Mozilla/5.0 (Windows NT 10.0; WOW64) AppleWebKit/537.36 (KHTML, like Gecko) Chrome/48.0.2564.116 Safari/537.36" "-"
111.225.214.0 - - [21/Sep/2026:00:16:20 +0200] "GET /index.php?lokasie=/homepages/13/d818981593/htdocs/GutTrechow/wp-includes/customize/class-wp-customize-themes-section.php&loknya=/homepages/13/d818981593/htdocs/GutTrechow/wp-includes/customize HTTP/1.1" 200 13010 s818981589.online.de "-" "Mozilla/5.0 (Windows NT 10.0; WOW64) AppleWebKit/537.36 (KHTML, like Gecko) Chrome/48.0.2564.116 Safari/537.36" "-"
74.7.242.0 - - [21/Sep/2026:00:16:21 +0200] "GET /index.php?loknya=/proc/thread-self/root/proc/thread-self/root/proc/thread-self/root/proc/thread-self/root/proc/thread-self/root/kunden/kunden/proc/thread-self/root/kunden/proc/thread-self/root/etc/fonts/conf.d HTTP/1.1" 429 267 s818981589.online.de "http://s818981589.online.de/index.php?loknya=/proc/thread-self/root/proc/thread-self/root/proc/thread-self/root/proc/thread-self/root/proc/thread-self/root/kunden/kunden/proc/thread-self/root/kunden/proc/thread-self/root/etc/fonts" "Mozilla/5.0 AppleWebKit/537.36 (KHTML, like Gecko; compatible; GPTBot/1.4; +https://openai.com/gptbot)" "-"
220.181.108.0 - - [21/Sep/2026:00:16:22 +0200] "GET /index.php?lokasie=/homepages/13/d818981593/htdocs/GutTrechow/wp-includes/customize/class-wp-customize-theme-control.php&loknya=/homepages/13/d818981593/htdocs/GutTrechow/wp-includes/customize HTTP/1.1" 429 267 s818981589.online.de "-" "Mozilla/5.0 (compatible; Baiduspider/2.0; +http://www.baidu.com/search/spider.html)" "-"
43.224.35.0 - - [21/Sep/2026:00:16:22 +0200] "GET /MYzoomsounds/ HTTP/1.1" 200 39192 s818981589.online.de "-" "python-requests/2.34.2" "-"
111.225.214.0 - - [21/Sep/2026:00:16:23 +0200] "GET /index.php?lokasie=/homepages/13/d818981593/htdocs/GutTrechow/wp-includes/customize/class-wp-customize-theme-control.php&loknya=/homepages/13/d818981593/htdocs/GutTrechow/wp-includes/customize HTTP/1.1" 200 19408 s818981589.online.de "-" "Mozilla/5.0 (Windows NT 10.0; WOW64) AppleWebKit/537.36 (KHTML, like Gecko) Chrome/48.0.2564.116 Safari/537.36" "-"
220.181.108.0 - - [21/Sep/2026:00:16:27 +0200] "GET /index.php?lokasie=/homepages/13/d818981593/htdocs/GutTrechow/wp-includes/customize/class-wp-customize-nav-menu-item-control.php&loknya=/homepages/13/d818981593/htdocs/GutTrechow/wp-includes/customize HTTP/1.1" 429 267 s818981589.online.de "-" "Mozilla/5.0 (compatible; Baiduspider/2.0; +http://www.baidu.com/search/spider.html)" "-"
220.181.108.0 - - [21/Sep/2026:00:16:27 +0200] "GET /index.php?lokasie=/homepages/13/d818981593/htdocs/GutTrechow/wp-includes/customize/class-wp-customize-header-image-setting.php&loknya=/homepages/13/d818981593/htdocs/GutTrechow/wp-includes/customize HTTP/1.1" 429 267 s818981589.online.de "-" "Mozilla/5.0 (compatible; Baiduspider/2.0; +http://www.baidu.com/search/spider.html)" "-"
220.181.108.0 - - [21/Sep/2026:00:16:27 +0200] "GET /index.php?lokasie=/homepages/13/d818981593/htdocs/GutTrechow/wp-includes/customize/class-wp-customize-nav-menu-section.php&loknya=/homepages/13/d818981593/htdocs/GutTrechow/wp-includes/customize HTTP/1.1" 429 267 s818981589.online.de "-" "Mozilla/5.0 (compatible; Baiduspider/2.0; +http://www.baidu.com/search/spider.html)" "-"
116.179.32.0 - - [21/Sep/2026:00:16:27 +0200] "GET /index.php?lokasie=/homepages/13/d818981593/htdocs/GutTrechow/wp-includes/customize/class-wp-customize-new-menu-section.php&loknya=/homepages/13/d818981593/htdocs/GutTrechow/wp-includes/customize HTTP/1.1" 429 267 s818981589.online.de "-" "Mozilla/5.0 (compatible; Baiduspider/2.0; +http://www.baidu.com/search/spider.html)" "-"
111.225.214.0 - - [21/Sep/2026:00:16:27 +0200] "GET /index.php?lokasie=/homepages/13/d818981593/htdocs/GutTrechow/wp-includes/customize/class-wp-customize-nav-menu-item-control.php&loknya=/homepages/13/d818981593/htdocs/GutTrechow/wp-includes/customize HTTP/1.1" 200 14660 s818981589.online.de "-" "Mozilla/5.0 (Windows NT 10.0; WOW64) AppleWebKit/537.36 (KHTML, like Gecko) Chrome/48.0.2564.116 Safari/537.36" "-"
111.225.214.0 - - [21/Sep/2026:00:16:27 +0200] "GET /index.php?lokasie=/homepages/13/d818981593/htdocs/GutTrechow/wp-includes/customize/class-wp-customize-header-image-setting.php&loknya=/homepages/13/d818981593/htdocs/GutTrechow/wp-includes/customize HTTP/1.1" 200 6395 s818981589.online.de "-" "Mozilla/5.0 (Windows NT 10.0; WOW64) AppleWebKit/537.36 (KHTML, like Gecko) Chrome/48.0.2564.116 Safari/537.36" "-"
119.249.100.0 - - [21/Sep/2026:00:16:28 +0200] "GET /index.php?lokasie=/homepages/13/d818981593/htdocs/GutTrechow/wp-includes/customize/class-wp-customize-nav-menu-section.php&loknya=/homepages/13/d818981593/htdocs/GutTrechow/wp-includes/customize HTTP/1.1" 200 5240 s818981589.online.de "-" "Mozilla/5.0 (Windows NT 10.0; WOW64) AppleWebKit/537.36 (KHTML, like Gecko) Chrome/48.0.2564.116 Safari/537.36" "-"
111.225.214.0 - - [21/Sep/2026:00:16:28 +0200] "GET /index.php?lokasie=/homepages/13/d818981593/htdocs/GutTrechow/wp-includes/customize/class-wp-customize-new-menu-section.php&loknya=/homepages/13/d818981593/htdocs/GutTrechow/wp-includes/customize HTTP/1.1" 200 6334 s818981589.online.de "-" "Mozilla/5.0 (Windows NT 10.0; WOW64) AppleWebKit/537.36 (KHTML, like Gecko) Chrome/48.0.2564.116 Safari/537.36" "-"
116.179.32.0 - - [21/Sep/2026:00:16:29 +0200] "GET /index.php?lokasie=/homepages/13/d818981593/htdocs/GutTrechow/wp-includes/customize/class-wp-customize-partial.php&loknya=/homepages/13/d818981593/htdocs/GutTrechow/wp-includes/customize HTTP/1.1" 429 267 s818981589.online.de "-" "Mozilla/5.0 (compatible; Baiduspider/2.0; +http://www.baidu.com/search/spider.html)" "-"
74.7.242.0 - - [21/Sep/2026:00:16:29 +0200] "GET /index.php?loknya=/proc/thread-self/root/proc/thread-self/root/proc/thread-self/root/proc/thread-self/root/proc/thread-self/root/kunden/kunden/proc/thread-self/root/kunden/proc/thread-self/root/etc/fonts/conf.avail HTTP/1.1" 429 267 s818981589.online.de "http://s818981589.online.de/index.php?loknya=/proc/thread-self/root/proc/thread-self/root/proc/thread-self/root/proc/thread-self/root/proc/thread-self/root/kunden/kunden/proc/thread-self/root/kunden/proc/thread-self/root/etc/fonts" "Mozilla/5.0 AppleWebKit/537.36 (KHTML, like Gecko; compatible; GPTBot/1.4; +https://openai.com/gptbot)" "-"
43.224.35.0 - - [21/Sep/2026:00:16:30 +0200] "GET /ALFA_DATA/alfacgiapi/ HTTP/1.1" 503 339 s818981589.online.de "-" "python-requests/2.34.2" "-"
111.225.214.0 - - [21/Sep/2026:00:16:32 +0200] "GET /index.php?lokasie=/homepages/13/d818981593/htdocs/GutTrechow/wp-includes/customize/class-wp-customize-partial.php&loknya=/homepages/13/d818981593/htdocs/GutTrechow/wp-includes/customize HTTP/1.1" 200 15404 s818981589.online.de "-" "Mozilla/5.0 (Windows NT 10.0; WOW64) AppleWebKit/537.36 (KHTML, like Gecko) Chrome/48.0.2564.116 Safari/537.36" "-"
220.181.108.0 - - [21/Sep/2026:00:16:34 +0200] "GET /index.php?lokasie=/homepages/13/d818981593/htdocs/GutTrechow/wp-includes/customize/class-wp-widget-area-customize-control.php&loknya=/homepages/13/d818981593/htdocs/GutTrechow/wp-includes/customize HTTP/1.1" 429 267 s818981589.online.de "-" "Mozilla/5.0 (compatible; Baiduspider/2.0; +http://www.baidu.com/search/spider.html)" "-"
116.179.32.0 - - [21/Sep/2026:00:16:34 +0200] "GET /index.php?lokasie=/homepages/13/d818981593/htdocs/GutTrechow/wp-includes/customize/class-wp-customize-image-control.php&loknya=/homepages/13/d818981593/htdocs/GutTrechow/wp-includes/customize HTTP/1.1" 429 267 s818981589.online.de "-" "Mozilla/5.0 (compatible; Baiduspider/2.0; +http://www.baidu.com/search/spider.html)" "-"
220.181.108.0 - - [21/Sep/2026:00:16:34 +0200] "GET /index.php?lokasie=/homepages/13/d818981593/htdocs/GutTrechow/wp-includes/customize/class-wp-customize-nav-menu-setting.php&loknya=/homepages/13/d818981593/htdocs/GutTrechow/wp-includes/customize HTTP/1.1" 429 267 s818981589.online.de "-" "Mozilla/5.0 (compatible; Baiduspider/2.0; +http://www.baidu.com/search/spider.html)" "-"
74.7.227.0 - - [21/Sep/2026:00:16:35 +0200] "GET /index.php?loknya=/proc/thread-self/root/proc/thread-self/root/proc/thread-self/root/proc/thread-self/root/proc/thread-self/root/kunden/kunden/kunden/kunden/kunden/kunden/proc/thread-self/root/kunden/var/tmp HTTP/1.1" 200 10669 www.gut-trechow.de "http://www.gut-trechow.de/index.php?loknya=/proc/thread-self/root/proc/thread-self/root/proc/thread-self/root/proc/thread-self/root/proc/thread-self/root/kunden/kunden/kunden/kunden/kunden/kunden/proc/thread-self/root/kunden/var" "Mozilla/5.0 AppleWebKit/537.36 (KHTML, like Gecko; compatible; GPTBot/1.4; +https://openai.com/gptbot)" "-"
116.179.32.0 - - [21/Sep/2026:00:16:35 +0200] "GET /index.php?lokasie=/homepages/13/d818981593/htdocs/GutTrechow/wp-includes/customize/class-wp-customize-custom-css-setting.php&loknya=/homepages/13/d818981593/htdocs/GutTrechow/wp-includes/customize HTTP/1.1" 429 267 s818981589.online.de "-" "Mozilla/5.0 (compatible; Baiduspider/2.0; +http://www.baidu.com/search/spider.html)" "-"
116.179.32.0 - - [21/Sep/2026:00:16:35 +0200] "GET /index.php?lokasie=/homepages/13/d818981593/htdocs/GutTrechow/wp-includes/customize/class-wp-customize-cropped-image-control.php&loknya=/homepages/13/d818981593/htdocs/GutTrechow/wp-includes/customize HTTP/1.1" 429 267 s818981589.online.de "-" "Mozilla/5.0 (compatible; Baiduspider/2.0; +http://www.baidu.com/search/spider.html)" "-"
119.249.100.0 - - [21/Sep/2026:00:16:35 +0200] "GET /index.php?lokasie=/homepages/13/d818981593/htdocs/GutTrechow/wp-includes/customize/class-wp-customize-image-control.php&loknya=/homepages/13/d818981593/htdocs/GutTrechow/wp-includes/customize HTTP/1.1" 200 5739 s818981589.online.de "-" "Mozilla/5.0 (Windows NT 10.0; WOW64) AppleWebKit/537.36 (KHTML, like Gecko) Chrome/48.0.2564.116 Safari/537.36" "-"
119.249.100.0 - - [21/Sep/2026:00:16:35 +0200] "GET /index.php?lokasie=/homepages/13/d818981593/htdocs/GutTrechow/wp-includes/customize/class-wp-widget-area-customize-control.php&loknya=/homepages/13/d818981593/htdocs/GutTrechow/wp-includes/customize HTTP/1.1" 200 6565 s818981589.online.de "-" "Mozilla/5.0 (Windows NT 10.0; WOW64) AppleWebKit/537.36 (KHTML, like Gecko) Chrome/48.0.2564.116 Safari/537.36" "-"
111.225.214.0 - - [21/Sep/2026:00:16:35 +0200] "GET /index.php?lokasie=/homepages/13/d818981593/htdocs/GutTrechow/wp-includes/customize/class-wp-customize-custom-css-setting.php&loknya=/homepages/13/d818981593/htdocs/GutTrechow/wp-includes/customize HTTP/1.1" 200 10059 s818981589.online.de "-" "Mozilla/5.0 (Windows NT 10.0; WOW64) AppleWebKit/537.36 (KHTML, like Gecko) Chrome/48.0.2564.116 Safari/537.36" "-"
119.249.100.0 - - [21/Sep/2026:00:16:35 +0200] "GET /index.php?lokasie=/homepages/13/d818981593/htdocs/GutTrechow/wp-includes/customize/class-wp-customize-nav-menu-setting.php&loknya=/homepages/13/d818981593/htdocs/GutTrechow/wp-includes/customize HTTP/1.1" 200 25115 s818981589.online.de "-" "Mozilla/5.0 (Windows NT 10.0; WOW64) AppleWebKit/537.36 (KHTML, like Gecko) Chrome/48.0.2564.116 Safari/537.36" "-"
111.225.214.0 - - [21/Sep/2026:00:16:36 +0200] "GET /index.php?lokasie=/homepages/13/d818981593/htdocs/GutTrechow/wp-includes/customize/class-wp-customize-cropped-image-control.php&loknya=/homepages/13/d818981593/htdocs/GutTrechow/wp-includes/customize HTTP/1.1" 200 6029 s818981589.online.de "-" "Mozilla/5.0 (Windows NT 10.0; WOW64) AppleWebKit/537.36 (KHTML, like Gecko) Chrome/48.0.2564.116 Safari/537.36" "-"
62.138.6.0 - - [21/Sep/2026:00:16:39 +0200] "GET /?lokasie=/homepages/13/d819056182/metadata.json&loknya=/homepages/13/d819056182 HTTP/1.1" 200 4083 www.gut-trechow.de "-" "Mozilla/5.0 (X11; Linux x86_64) AppleWebKit/537.36 (KHTML, like Gecko) Chrome/124.0.0.0 Safari/537.36" "-"
74.7.242.0 - - [21/Sep/2026:00:16:42 +0200] "GET /index.php?loknya=/proc/thread-self/root/proc/thread-self/root/proc/thread-self/root/proc/thread-self/root/proc/thread-self/root/kunden/kunden/proc/thread-self/root/kunden/proc/thread-self/root/proc/tty/ HTTP/1.1" 429 267 s818981589.online.de "http://s818981589.online.de/index.php?loknya=/proc/thread-self/root/proc/thread-self/root/proc/thread-self/root/proc/thread-self/root/proc/thread-self/root/kunden/kunden/proc/thread-self/root/kunden/proc/thread-self/root/proc/tty/driver" "Mozilla/5.0 AppleWebKit/537.36 (KHTML, like Gecko; compatible; GPTBot/1.4; +https://openai.com/gptbot)" "-"
116.179.32.0 - - [21/Sep/2026:00:16:42 +0200] "GET /index.php?lokasie=/homepages/13/d818981593/htdocs/GutTrechow/wp-includes/customize/class-wp-customize-color-control.php&loknya=/homepages/13/d818981593/htdocs/GutTrechow/wp-includes/customize HTTP/1.1" 429 267 s818981589.online.de "-" "Mozilla/5.0 (compatible; Baiduspider/2.0; +http://www.baidu.com/search/spider.html)" "-"
116.179.32.0 - - [21/Sep/2026:00:16:42 +0200] "GET /index.php?lokasie=/homepages/13/d818981593/htdocs/GutTrechow/wp-includes/customize/class-wp-customize-code-editor-control.php&loknya=/homepages/13/d818981593/htdocs/GutTrechow/wp-includes/customize HTTP/1.1" 429 267 s818981589.online.de "-" "Mozilla/5.0 (compatible; Baiduspider/2.0; +http://www.baidu.com/search/spider.html)" "-"
220.181.108.0 - - [21/Sep/2026:00:16:42 +0200] "GET /index.php?lokasie=/homepages/13/d818981593/htdocs/GutTrechow/wp-includes/customize/class-wp-widget-form-customize-control.php&loknya=/homepages/13/d818981593/htdocs/GutTrechow/wp-includes/customize HTTP/1.1" 429 267 s818981589.online.de "-" "Mozilla/5.0 (compatible; Baiduspider/2.0; +http://www.baidu.com/search/spider.html)" "-"
116.179.32.0 - - [21/Sep/2026:00:16:43 +0200] "GET /index.php?lokasie=/homepages/13/d818981593/htdocs/GutTrechow/wp-includes/customize/class-wp-customize-site-icon-control.php&loknya=/homepages/13/d818981593/htdocs/GutTrechow/wp-includes/customize HTTP/1.1" 429 267 s818981589.online.de "-" "Mozilla/5.0 (compatible; Baiduspider/2.0; +http://www.baidu.com/search/spider.html)" "-"
220.181.108.0 - - [21/Sep/2026:00:16:43 +0200] "GET /index.php?lokasie=/homepages/13/d818981593/htdocs/GutTrechow/wp-includes/customize/class-wp-customize-media-control.php&loknya=/homepages/13/d818981593/htdocs/GutTrechow/wp-includes/customize HTTP/1.1" 429 267 s818981589.online.de "-" "Mozilla/5.0 (compatible; Baiduspider/2.0; +http://www.baidu.com/search/spider.html)" "-"
43.224.35.0 - - [21/Sep/2026:00:16:43 +0200] "GET /wp-includes/ HTTP/1.1" 403 1271 s818981589.online.de "-" "python-requests/2.34.2" "-"
119.249.100.0 - - [21/Sep/2026:00:16:43 +0200] "GET /index.php?lokasie=/homepages/13/d818981593/htdocs/GutTrechow/wp-includes/customize/class-wp-customize-code-editor-control.php&loknya=/homepages/13/d818981593/htdocs/GutTrechow/wp-includes/customize HTTP/1.1" 200 7103 s818981589.online.de "-" "Mozilla/5.0 (Windows NT 10.0; WOW64) AppleWebKit/537.36 (KHTML, like Gecko) Chrome/48.0.2564.116 Safari/537.36" "-"
119.249.100.0 - - [21/Sep/2026:00:16:43 +0200] "GET /index.php?lokasie=/homepages/13/d818981593/htdocs/GutTrechow/wp-includes/customize/class-wp-customize-color-control.php&loknya=/homepages/13/d818981593/htdocs/GutTrechow/wp-includes/customize HTTP/1.1" 200 8185 s818981589.online.de "-" "Mozilla/5.0 (Windows NT 10.0; WOW64) AppleWebKit/537.36 (KHTML, like Gecko) Chrome/48.0.2564.116 Safari/537.36" "-"
119.249.100.0 - - [21/Sep/2026:00:16:43 +0200] "GET /index.php?lokasie=/homepages/13/d818981593/htdocs/GutTrechow/wp-includes/customize/class-wp-widget-form-customize-control.php&loknya=/homepages/13/d818981593/htdocs/GutTrechow/wp-includes/customize HTTP/1.1" 200 7368 s818981589.online.de "-" "Mozilla/5.0 (Windows NT 10.0; WOW64) AppleWebKit/537.36 (KHTML, like Gecko) Chrome/48.0.2564.116 Safari/537.36" "-"
111.225.214.0 - - [21/Sep/2026:00:16:43 +0200] "GET /index.php?lokasie=/homepages/13/d818981593/htdocs/GutTrechow/wp-includes/customize/class-wp-customize-site-icon-control.php&loknya=/homepages/13/d818981593/htdocs/GutTrechow/wp-includes/customize HTTP/1.1" 200 10607 s818981589.online.de "-" "Mozilla/5.0 (Windows NT 10.0; WOW64) AppleWebKit/537.36 (KHTML, like Gecko) Chrome/48.0.2564.116 Safari/537.36" "-"
111.225.214.0 - - [21/Sep/2026:00:16:44 +0200] "GET /index.php?lokasie=/homepages/13/d818981593/htdocs/GutTrechow/wp-includes/customize/class-wp-customize-media-control.php&loknya=/homepages/13/d818981593/htdocs/GutTrechow/wp-includes/customize HTTP/1.1" 200 16222 s818981589.online.de "-" "Mozilla/5.0 (Windows NT 10.0; WOW64) AppleWebKit/537.36 (KHTML, like Gecko) Chrome/48.0.2564.116 Safari/537.36" "-"
74.7.227.0 - - [21/Sep/2026:00:16:48 +0200] "GET /index.php?loknya=/proc/thread-self/root/proc/thread-self/root/proc/thread-self/root/proc/thread-self/root/proc/thread-self/root/kunden/kunden/kunden/kunden/kunden/kunden/proc/thread-self/root/kunden/proc/sys HTTP/1.1" 200 21470 www.gut-trechow.de "http://www.gut-trechow.de/index.php?loknya=/proc/thread-self/root/proc/thread-self/root/proc/thread-self/root/proc/thread-self/root/proc/thread-self/root/kunden/kunden/kunden/kunden/kunden/kunden/proc/thread-self/root/kunden/proc" "Mozilla/5.0 AppleWebKit/537.36 (KHTML, like Gecko; compatible; GPTBot/1.4; +https://openai.com/gptbot)" "-"
220.181.108.0 - - [21/Sep/2026:00:16:49 +0200] "GET /index.php?lokasie=/homepages/13/d818981593/htdocs/GutTrechow/wp-includes/customize/class-wp-customize-nav-menus-panel.php&loknya=/homepages/13/d818981593/htdocs/GutTrechow/wp-includes/customize HTTP/1.1" 429 267 s818981589.online.de "-" "Mozilla/5.0 (compatible; Baiduspider/2.0; +http://www.baidu.com/search/spider.html)" "-"
220.181.108.0 - - [21/Sep/2026:00:16:49 +0200] "GET /index.php?loknya=/homepages/13/d818981593/htdocs/GutTrechow/wp-includes/Requests/library HTTP/1.1" 429 267 s818981589.online.de "-" "Mozilla/5.0 (compatible; Baiduspider/2.0; +http://www.baidu.com/search/spider.html)" "-"
220.181.108.0 - - [21/Sep/2026:00:16:49 +0200] "GET /index.php?lokasie=/homepages/13/d818981593/htdocs/GutTrechow/wp-includes/customize/class-wp-customize-sidebar-section.php&loknya=/homepages/13/d818981593/htdocs/GutTrechow/wp-includes/customize HTTP/1.1" 429 267 s818981589.online.de "-" "Mozilla/5.0 (compatible; Baiduspider/2.0; +http://www.baidu.com/search/spider.html)" "-"
220.181.108.0 - - [21/Sep/2026:00:16:49 +0200] "GET /index.php?lokasie=/homepages/13/d818981593/htdocs/GutTrechow/wp-includes/IXR/class-IXR-message.php&loknya=/homepages/13/d818981593/htdocs/GutTrechow/wp-includes/IXR HTTP/1.1" 429 267 s818981589.online.de "-" "Mozilla/5.0 (compatible; Baiduspider/2.0; +http://www.baidu.com/search/spider.html)" "-"
119.249.100.0 - - [21/Sep/2026:00:16:50 +0200] "GET /index.php?loknya=/homepages/13/d818981593/htdocs/GutTrechow/wp-includes/Requests/library HTTP/1.1" 200 7355 s818981589.online.de "-" "Mozilla/5.0 (Windows NT 10.0; WOW64) AppleWebKit/537.36 (KHTML, like Gecko) Chrome/48.0.2564.116 Safari/537.36" "-"
111.225.214.0 - - [21/Sep/2026:00:16:50 +0200] "GET /index.php?lokasie=/homepages/13/d818981593/htdocs/GutTrechow/wp-includes/customize/class-wp-customize-sidebar-section.php&loknya=/homepages/13/d818981593/htdocs/GutTrechow/wp-includes/customize HTTP/1.1" 200 5574 s818981589.online.de "-" "Mozilla/5.0 (Windows NT 10.0; WOW64) AppleWebKit/537.36 (KHTML, like Gecko) Chrome/48.0.2564.116 Safari/537.36" "-"
116.179.32.0 - - [21/Sep/2026:00:16:50 +0200] "GET /index.php?loknya=/homepages/13/d818981593/htdocs/GutTrechow/wp-includes/Requests/src HTTP/1.1" 429 267 s818981589.online.de "-" "Mozilla/5.0 (compatible; Baiduspider/2.0; +http://www.baidu.com/search/spider.html)" "-"
111.225.214.0 - - [21/Sep/2026:00:16:50 +0200] "GET /index.php?lokasie=/homepages/13/d818981593/htdocs/GutTrechow/wp-includes/customize/class-wp-customize-nav-menus-panel.php&loknya=/homepages/13/d818981593/htdocs/GutTrechow/wp-includes/customize HTTP/1.1" 200 8376 s818981589.online.de "-" "Mozilla/5.0 (Windows NT 10.0; WOW64) AppleWebKit/537.36 (KHTML, like Gecko) Chrome/48.0.2564.116 Safari/537.36" "-"
119.249.100.0 - - [21/Sep/2026:00:16:50 +0200] "GET /index.php?lokasie=/homepages/13/d818981593/htdocs/GutTrechow/wp-includes/IXR/class-IXR-message.php&loknya=/homepages/13/d818981593/htdocs/GutTrechow/wp-includes/IXR HTTP/1.1" 200 13616 s818981589.online.de "-" "Mozilla/5.0 (Windows NT 10.0; WOW64) AppleWebKit/537.36 (KHTML, like Gecko) Chrome/48.0.2564.116 Safari/537.36" "-"
43.224.35.0 - - [21/Sep/2026:00:16:50 +0200] "GET /block-patterns/ HTTP/1.1" 200 39192 s818981589.online.de "-" "python-requests/2.34.2" "-"
111.225.214.0 - - [21/Sep/2026:00:16:51 +0200] "GET /index.php?loknya=/homepages/13/d818981593/htdocs/GutTrechow/wp-includes/Requests/src HTTP/1.1" 200 40637 s818981589.online.de "-" "Mozilla/5.0 (Windows NT 10.0; WOW64) AppleWebKit/537.36 (KHTML, like Gecko) Chrome/48.0.2564.116 Safari/537.36" "-"
220.181.108.0 - - [21/Sep/2026:00:16:56 +0200] "GET /index.php?lokasie=/homepages/13/d818981593/htdocs/GutTrechow/wp-includes/IXR/class-IXR-date.php&loknya=/homepages/13/d818981593/htdocs/GutTrechow/wp-includes/IXR HTTP/1.1" 429 267 s818981589.online.de "-" "Mozilla/5.0 (compatible; Baiduspider/2.0; +http://www.baidu.com/search/spider.html)" "-"
116.179.32.0 - - [21/Sep/2026:00:16:57 +0200] "GET /index.php?lokasie=/homepages/13/d818981593/htdocs/GutTrechow/wp-includes/IXR/class-IXR-server.php&loknya=/homepages/13/d818981593/htdocs/GutTrechow/wp-includes/IXR HTTP/1.1" 429 267 s818981589.online.de "-" "Mozilla/5.0 (compatible; Baiduspider/2.0; +http://www.baidu.com/search/spider.html)" "-"
116.179.32.0 - - [21/Sep/2026:00:16:57 +0200] "GET /index.php?lokasie=/homepages/13/d818981593/htdocs/GutTrechow/wp-includes/IXR/class-IXR-error.php&loknya=/homepages/13/d818981593/htdocs/GutTrechow/wp-includes/IXR HTTP/1.1" 429 267 s818981589.online.de "-" "Mozilla/5.0 (compatible; Baiduspider/2.0; +http://www.baidu.com/search/spider.html)" "-"
119.249.100.0 - - [21/Sep/2026:00:16:57 +0200] "GET /index.php?lokasie=/homepages/13/d818981593/htdocs/GutTrechow/wp-includes/IXR/class-IXR-date.php&loknya=/homepages/13/d818981593/htdocs/GutTrechow/wp-includes/IXR HTTP/1.1" 200 6354 s818981589.online.de "-" "Mozilla/5.0 (Windows NT 10.0; WOW64) AppleWebKit/537.36 (KHTML, like Gecko) Chrome/48.0.2564.116 Safari/537.36" "-"
111.225.214.0 - - [21/Sep/2026:00:16:57 +0200] "GET /index.php?lokasie=/homepages/13/d818981593/htdocs/GutTrechow/wp-includes/IXR/class-IXR-error.php&loknya=/homepages/13/d818981593/htdocs/GutTrechow/wp-includes/IXR HTTP/1.1" 200 5462 s818981589.online.de "-" "Mozilla/5.0 (Windows NT 10.0; WOW64) AppleWebKit/537.36 (KHTML, like Gecko) Chrome/48.0.2564.116 Safari/537.36" "-"
111.225.214.0 - - [21/Sep/2026:00:16:57 +0200] "GET /index.php?lokasie=/homepages/13/d818981593/htdocs/GutTrechow/wp-includes/IXR/class-IXR-server.php&loknya=/homepages/13/d818981593/htdocs/GutTrechow/wp-includes/IXR HTTP/1.1" 200 12100 s818981589.online.de "-" "Mozilla/5.0 (Windows NT 10.0; WOW64) AppleWebKit/537.36 (KHTML, like Gecko) Chrome/48.0.2564.116 Safari/537.36" "-"
136.65.150.0 - - [21/Sep/2026:00:16:57 +0200] "GET /?lokasie=/homepages/13/d818981593/htdocs/GutTrechow/wp-includes/template.php&loknya=/homepages/13/d818981593/htdocs/GutTrechow/wp-includes HTTP/1.1" 200 43314 s818981589.online.de "-" "Mozilla/5.0 (Macintosh; Intel Mac OS X 10_15_7) AppleWebKit/537.36 (KHTML, like Gecko) Chrome/120.0.0.0 Safari/537.36" "-"
74.7.227.0 - - [21/Sep/2026:00:16:58 +0200] "GET /index.php?loknya=/proc/thread-self/root/proc/thread-self/root/proc/thread-self/root/proc/thread-self/root/proc/thread-self/root/kunden/kunden/kunden/kunden/kunden/kunden/proc/thread-self/root/kunden/var/run HTTP/1.1" 200 18204 www.gut-trechow.de "http://www.gut-trechow.de/index.php?loknya=/proc/thread-self/root/proc/thread-self/root/proc/thread-self/root/proc/thread-self/root/proc/thread-self/root/kunden/kunden/kunden/kunden/kunden/kunden/proc/thread-self/root/kunden/var" "Mozilla/5.0 AppleWebKit/537.36 (KHTML, like Gecko; compatible; GPTBot/1.4; +https://openai.com/gptbot)" "-"
116.179.32.0 - - [21/Sep/2026:00:16:58 +0200] "GET /index.php?lokasie=/homepages/13/d818981593/htdocs/GutTrechow/wp-includes/IXR/class-IXR-client.php&loknya=/homepages/13/d818981593/htdocs/GutTrechow/wp-includes/IXR HTTP/1.1" 429 267 s818981589.online.de "-" "Mozilla/5.0 (compatible; Baiduspider/2.0; +http://www.baidu.com/search/spider.html)" "-"
220.181.108.0 - - [21/Sep/2026:00:16:58 +0200] "GET /index.php?lokasie=/homepages/13/d818981593/htdocs/GutTrechow/wp-includes/IXR/class-IXR-introspectionserver.php&loknya=/homepages/13/d818981593/htdocs/GutTrechow/wp-includes/IXR HTTP/1.1" 429 267 s818981589.online.de "-" "Mozilla/5.0 (compatible; Baiduspider/2.0; +http://www.baidu.com/search/spider.html)" "-"
119.249.100.0 - - [21/Sep/2026:00:16:58 +0200] "GET /index.php?lokasie=/homepages/13/d818981593/htdocs/GutTrechow/wp-includes/IXR/class-IXR-client.php&loknya=/homepages/13/d818981593/htdocs/GutTrechow/wp-includes/IXR HTTP/1.1" 200 9753 s818981589.online.de "-" "Mozilla/5.0 (Windows NT 10.0; WOW64) AppleWebKit/537.36 (KHTML, like Gecko) Chrome/48.0.2564.116 Safari/537.36" "-"
62.138.6.0 - - [21/Sep/2026:00:16:59 +0200] "GET /?loknya=/homepages/13/d819056182/.config HTTP/1.1" 200 5271 www.gut-trechow.de "-" "Mozilla/5.0 (X11; Linux x86_64) AppleWebKit/537.36 (KHTML, like Gecko) Chrome/124.0.0.0 Safari/537.36" "-"
119.249.100.0 - - [21/Sep/2026:00:16:59 +0200] "GET /index.php?lokasie=/homepages/13/d818981593/htdocs/GutTrechow/wp-includes/IXR/class-IXR-introspectionserver.php&loknya=/homepages/13/d818981593/htdocs/GutTrechow/wp-includes/IXR HTTP/1.1" 200 10460 s818981589.online.de "-" "Mozilla/5.0 (Windows NT 10.0; WOW64) AppleWebKit/537.36 (KHTML, like Gecko) Chrome/48.0.2564.116 Safari/537.36" "-"
74.7.242.0 - - [21/Sep/2026:00:17:01 +0200] "GET /index.php?loknya=/proc/thread-self/root/proc/thread-self/root/proc/thread-self/root/proc/thread-self/root/proc/thread-self/root/kunden/kunden/proc/thread-self/root/kunden/proc/thread-self/root/proc/thread-self/ns HTTP/1.1" 429 267 s818981589.online.de "http://s818981589.online.de/index.php?loknya=/proc/thread-self/root/proc/thread-self/root/proc/thread-self/root/proc/thread-self/root/proc/thread-self/root/kunden/kunden/proc/thread-self/root/kunden/proc/thread-self/root/proc/thread-self" "Mozilla/5.0 AppleWebKit/537.36 (KHTML, like Gecko; compatible; GPTBot/1.4; +https://openai.com/gptbot)" "-"
220.181.108.0 - - [21/Sep/2026:00:17:04 +0200] "GET /index.php?lokasie=/homepages/13/d818981593/htdocs/GutTrechow/wp-includes/IXR/class-IXR-request.php&loknya=/homepages/13/d818981593/htdocs/GutTrechow/wp-includes/IXR HTTP/1.1" 429 267 s818981589.online.de "-" "Mozilla/5.0 (compatible; Baiduspider/2.0; +http://www.baidu.com/search/spider.html)" "-"
