62.138.3.0 - - [21/Sep/2026:00:25:15 +0200] "GET /index.php?lokasie=/homepages/13/d818981593/htdocs/GutTrechow/wp-content/uploads/2021/03/web_Gut_Kurzen_Trechow_2018_%C3%82%C2%A9_DOMUSimages_13-720x400.jpg&loknya=/homepages/13/d818981593/htdocs/GutTrechow/wp-content/uploads/2021/03 HTTP/1.1" 200 4681 www.gut-trechow.de "http://www.gut-trechow.de/index.php?loknya=/homepages/13/d818981593/htdocs/GutTrechow/wp-content/uploads/2021/03" "Mozilla/5.0 (Macintosh; Intel Mac OS X 10.15; rv:103.0) Gecko/20100101 Firefox/103.0" "-"
62.138.2.0 - - [21/Sep/2026:00:25:15 +0200] "GET /index.php?lokasie=/homepages/13/d818981593/htdocs/GutTrechow/wp-content/uploads/2021/03/DSCN1840-223x300.jpg&loknya=/homepages/13/d818981593/htdocs/GutTrechow/wp-content/uploads/2021/03 HTTP/1.1" 200 40957 www.gut-trechow.de "http://www.gut-trechow.de/index.php?loknya=/homepages/13/d818981593/htdocs/GutTrechow/wp-content/uploads/2021/03" "Mozilla/5.0 (Macintosh; Intel Mac OS X 10.15; rv:103.0) Gecko/20100101 Firefox/103.0" "-"
62.138.3.0 - - [21/Sep/2026:00:25:15 +0200] "GET /index.php?lokasie=/homepages/13/d818981593/htdocs/GutTrechow/wp-content/uploads/2021/03/web_Gut_Kurzen_Trechow_2018_%C3%82%C2%A9_DOMUSimages_42-48x32.jpg&loknya=/homepages/13/d818981593/htdocs/GutTrechow/wp-content/uploads/2021/03 HTTP/1.1" 200 4679 www.gut-trechow.de "http://www.gut-trechow.de/index.php?loknya=/homepages/13/d818981593/htdocs/GutTrechow/wp-content/uploads/2021/03" "Mozilla/5.0 (Macintosh; Intel Mac OS X 10.15; rv:103.0) Gecko/20100101 Firefox/103.0" "-"
62.138.2.0 - - [21/Sep/2026:00:25:15 +0200] "GET /index.php?lokasie=/homepages/13/d818981593/htdocs/GutTrechow/wp-content/uploads/2021/03/IMG_3959_bearbeitet-1-48x32.jpg&loknya=/homepages/13/d818981593/htdocs/GutTrechow/wp-content/uploads/2021/03 HTTP/1.1" 200 7068 www.gut-trechow.de "http://www.gut-trechow.de/index.php?loknya=/homepages/13/d818981593/htdocs/GutTrechow/wp-content/uploads/2021/03" "Mozilla/5.0 (Macintosh; Intel Mac OS X 10.15; rv:103.0) Gecko/20100101 Firefox/103.0" "-"
62.138.2.0 - - [21/Sep/2026:00:25:15 +0200] "GET /index.php?lokasie=/homepages/13/d818981593/htdocs/GutTrechow/wp-content/uploads/2021/03/Gutskapelle-Foerderkreis-83x53.jpg&loknya=/homepages/13/d818981593/htdocs/GutTrechow/wp-content/uploads/2021/03 HTTP/1.1" 200 8964 www.gut-trechow.de "http://www.gut-trechow.de/index.php?loknya=/homepages/13/d818981593/htdocs/GutTrechow/wp-content/uploads/2021/03" "Mozilla/5.0 (Macintosh; Intel Mac OS X 10.15; rv:103.0) Gecko/20100101 Firefox/103.0" "-"
220.181.108.0 - - [21/Sep/2026:00:25:15 +0200] "GET /impressum/?lokasie=/homepages/8/d819597382/phpinilist&loknya=/homepages/8/d819597382 HTTP/1.1" 429 267 s818981589.online.de "-" "Mozilla/5.0 (compatible; Baiduspider/2.0; +http://www.baidu.com/search/spider.html)" "-"
116.179.32.0 - - [21/Sep/2026:00:25:15 +0200] "GET /impressum/?lokasie=/homepages/8/d819597382/htaccesslist&loknya=/homepages/8/d819597382 HTTP/1.1" 429 267 s818981589.online.de "-" "Mozilla/5.0 (compatible; Baiduspider/2.0; +http://www.baidu.com/search/spider.html)" "-"
220.181.108.0 - - [21/Sep/2026:00:25:15 +0200] "GET /impressum/?lokasie=/homepages/8/d819597382/metadata.json&loknya=/homepages/8/d819597382 HTTP/1.1" 429 267 s818981589.online.de "-" "Mozilla/5.0 (compatible; Baiduspider/2.0; +http://www.baidu.com/search/spider.html)" "-"
62.138.3.0 - - [21/Sep/2026:00:25:16 +0200] "GET /index.php?lokasie=/homepages/13/d818981593/htdocs/GutTrechow/wp-content/uploads/2021/03/web_Gut_Kurzen_Trechow_2018_%C3%82%C2%A9_DOMUSimages_20-1536x1024.jpg&loknya=/homepages/13/d818981593/htdocs/GutTrechow/wp-content/uploads/2021/03 HTTP/1.1" 200 4683 www.gut-trechow.de "http://www.gut-trechow.de/index.php?loknya=/homepages/13/d818981593/htdocs/GutTrechow/wp-content/uploads/2021/03" "Mozilla/5.0 (Macintosh; Intel Mac OS X 10.15; rv:103.0) Gecko/20100101 Firefox/103.0" "-"
62.138.6.0 - - [21/Sep/2026:00:25:16 +0200] "GET /index.php?lokasie=/homepages/13/d818981593/htdocs/GutTrechow/wp-content/uploads/2021/03/web_Gut_Kurzen_Trechow_2018_%C3%82%C2%A9_DOMUSimages_78-1536x1024.jpg&loknya=/homepages/13/d818981593/htdocs/GutTrechow/wp-content/uploads/2021/03 HTTP/1.1" 200 4683 www.gut-trechow.de "http://www.gut-trechow.de/index.php?loknya=/homepages/13/d818981593/htdocs/GutTrechow/wp-content/uploads/2021/03" "Mozilla/5.0 (Macintosh; Intel Mac OS X 10.15; rv:103.0) Gecko/20100101 Firefox/103.0" "-"
62.138.3.0 - - [21/Sep/2026:00:25:16 +0200] "GET /index.php?lokasie=/homepages/13/d818981593/htdocs/GutTrechow/wp-content/uploads/2021/03/web_Gut_Kurzen_Trechow_2018_%C3%82%C2%A9_DOMUSimages_38-768x512.jpg&loknya=/homepages/13/d818981593/htdocs/GutTrechow/wp-content/uploads/2021/03 HTTP/1.1" 200 4681 www.gut-trechow.de "http://www.gut-trechow.de/index.php?loknya=/homepages/13/d818981593/htdocs/GutTrechow/wp-content/uploads/2021/03" "Mozilla/5.0 (Macintosh; Intel Mac OS X 10.15; rv:103.0) Gecko/20100101 Firefox/103.0" "-"
62.138.3.0 - - [21/Sep/2026:00:25:16 +0200] "GET /index.php?lokasie=/homepages/13/d818981593/htdocs/GutTrechow/wp-content/uploads/2021/03/web_Gut_Kurzen_Trechow_2018_%C3%82%C2%A9_DOMUSimages_61-300x200.jpg&loknya=/homepages/13/d818981593/htdocs/GutTrechow/wp-content/uploads/2021/03 HTTP/1.1" 200 4681 www.gut-trechow.de "http://www.gut-trechow.de/index.php?loknya=/homepages/13/d818981593/htdocs/GutTrechow/wp-content/uploads/2021/03" "Mozilla/5.0 (Macintosh; Intel Mac OS X 10.15; rv:103.0) Gecko/20100101 Firefox/103.0" "-"
62.138.2.0 - - [21/Sep/2026:00:25:16 +0200] "GET /index.php?lokasie=/homepages/13/d818981593/htdocs/GutTrechow/wp-content/uploads/2021/03/web_Gut_Kurzen_Trechow_2018_%C3%82%C2%A9_DOMUSimages_13.jpg&loknya=/homepages/13/d818981593/htdocs/GutTrechow/wp-content/uploads/2021/03 HTTP/1.1" 200 4674 www.gut-trechow.de "http://www.gut-trechow.de/index.php?loknya=/homepages/13/d818981593/htdocs/GutTrechow/wp-content/uploads/2021/03" "Mozilla/5.0 (Macintosh; Intel Mac OS X 10.15; rv:103.0) Gecko/20100101 Firefox/103.0" "-"
62.138.6.0 - - [21/Sep/2026:00:25:16 +0200] "GET /index.php?lokasie=/homepages/13/d818981593/htdocs/GutTrechow/wp-content/uploads/2021/03/web_Gut_Kurzen_Trechow_2018_%C3%82%C2%A9_DOMUSimages_13-150x150.jpg&loknya=/homepages/13/d818981593/htdocs/GutTrechow/wp-content/uploads/2021/03 HTTP/1.1" 200 4681 www.gut-trechow.de "http://www.gut-trechow.de/index.php?loknya=/homepages/13/d818981593/htdocs/GutTrechow/wp-content/uploads/2021/03" "Mozilla/5.0 (Macintosh; Intel Mac OS X 10.15; rv:103.0) Gecko/20100101 Firefox/103.0" "-"
116.179.32.0 - - [21/Sep/2026:00:25:16 +0200] "GET /impressum/?lokasie=/homepages/8/d819597382/.created&loknya=/homepages/8/d819597382 HTTP/1.1" 429 267 s818981589.online.de "-" "Mozilla/5.0 (compatible; Baiduspider/2.0; +http://www.baidu.com/search/spider.html)" "-"
220.181.108.0 - - [21/Sep/2026:00:25:16 +0200] "GET /impressum/?lokasie=/homepages/8/d819597382/htpasswd&loknya=/homepages/8/d819597382 HTTP/1.1" 429 267 s818981589.online.de "-" "Mozilla/5.0 (compatible; Baiduspider/2.0; +http://www.baidu.com/search/spider.html)" "-"
111.225.214.0 - - [21/Sep/2026:00:25:16 +0200] "GET /impressum/?lokasie=/homepages/8/d819597382/htaccesslist&loknya=/homepages/8/d819597382 HTTP/1.1" 200 4082 s818981589.online.de "-" "Mozilla/5.0 (Windows NT 10.0; WOW64) AppleWebKit/537.36 (KHTML, like Gecko) Chrome/48.0.2564.116 Safari/537.36" "-"
119.249.100.0 - - [21/Sep/2026:00:25:16 +0200] "GET /impressum/?lokasie=/homepages/8/d819597382/phpinilist&loknya=/homepages/8/d819597382 HTTP/1.1" 200 4079 s818981589.online.de "-" "Mozilla/5.0 (Windows NT 10.0; WOW64) AppleWebKit/537.36 (KHTML, like Gecko) Chrome/48.0.2564.116 Safari/537.36" "-"
119.249.100.0 - - [21/Sep/2026:00:25:16 +0200] "GET /impressum/?lokasie=/homepages/8/d819597382/metadata.json&loknya=/homepages/8/d819597382 HTTP/1.1" 200 4083 s818981589.online.de "-" "Mozilla/5.0 (Windows NT 10.0; WOW64) AppleWebKit/537.36 (KHTML, like Gecko) Chrome/48.0.2564.116 Safari/537.36" "-"
119.249.100.0 - - [21/Sep/2026:00:25:16 +0200] "GET /impressum/?lokasie=/homepages/8/d819597382/htpasswd&loknya=/homepages/8/d819597382 HTTP/1.1" 200 4078 s818981589.online.de "-" "Mozilla/5.0 (Windows NT 10.0; WOW64) AppleWebKit/537.36 (KHTML, like Gecko) Chrome/48.0.2564.116 Safari/537.36" "-"
111.225.214.0 - - [21/Sep/2026:00:25:16 +0200] "GET /impressum/?lokasie=/homepages/8/d819597382/.created&loknya=/homepages/8/d819597382 HTTP/1.1" 200 4089 s818981589.online.de "-" "Mozilla/5.0 (Windows NT 10.0; WOW64) AppleWebKit/537.36 (KHTML, like Gecko) Chrome/48.0.2564.116 Safari/537.36" "-"
43.224.35.0 - - [21/Sep/2026:00:25:16 +0200] "GET /tmb/ HTTP/1.1" 200 39192 s818981589.online.de "-" "python-requests/2.34.2" "-"
62.138.3.0 - - [21/Sep/2026:00:25:17 +0200] "GET /index.php?lokasie=/homepages/13/d818981593/htdocs/GutTrechow/wp-content/uploads/2021/03/web_Gut_Kurzen_Trechow_2018_%C3%82%C2%A9_DOMUSimages_14-1024x683.jpg&loknya=/homepages/13/d818981593/htdocs/GutTrechow/wp-content/uploads/2021/03 HTTP/1.1" 200 4682 www.gut-trechow.de "http://www.gut-trechow.de/index.php?loknya=/homepages/13/d818981593/htdocs/GutTrechow/wp-content/uploads/2021/03" "Mozilla/5.0 (Macintosh; Intel Mac OS X 10.15; rv:103.0) Gecko/20100101 Firefox/103.0" "-"
62.138.2.0 - - [21/Sep/2026:00:25:17 +0200] "GET /index.php?lokasie=/homepages/13/d818981593/htdocs/GutTrechow/wp-content/uploads/2021/03/web_Gut_Kurzen_Trechow_2018_%C3%82%C2%A9_DOMUSimages_54-768x512.jpg&loknya=/homepages/13/d818981593/htdocs/GutTrechow/wp-content/uploads/2021/03 HTTP/1.1" 200 4682 www.gut-trechow.de "http://www.gut-trechow.de/index.php?loknya=/homepages/13/d818981593/htdocs/GutTrechow/wp-content/uploads/2021/03" "Mozilla/5.0 (Macintosh; Intel Mac OS X 10.15; rv:103.0) Gecko/20100101 Firefox/103.0" "-"
62.138.6.0 - - [21/Sep/2026:00:25:17 +0200] "GET /index.php?lokasie=/homepages/13/d818981593/htdocs/GutTrechow/wp-content/uploads/2021/03/IMG_4981-scaled-620x388.jpg&loknya=/homepages/13/d818981593/htdocs/GutTrechow/wp-content/uploads/2021/03 HTTP/1.1" 200 112842 www.gut-trechow.de "http://www.gut-trechow.de/index.php?loknya=/homepages/13/d818981593/htdocs/GutTrechow/wp-content/uploads/2021/03" "Mozilla/5.0 (Macintosh; Intel Mac OS X 10.15; rv:103.0) Gecko/20100101 Firefox/103.0" "-"
62.138.3.0 - - [21/Sep/2026:00:25:17 +0200] "GET /index.php?lokasie=/homepages/13/d818981593/htdocs/GutTrechow/wp-content/uploads/2021/03/web_Gut_Kurzen_Trechow_2018_%C3%82%C2%A9_DOMUSimages_17-79x53.jpg&loknya=/homepages/13/d818981593/htdocs/GutTrechow/wp-content/uploads/2021/03 HTTP/1.1" 200 4679 www.gut-trechow.de "http://www.gut-trechow.de/index.php?loknya=/homepages/13/d818981593/htdocs/GutTrechow/wp-content/uploads/2021/03" "Mozilla/5.0 (Macintosh; Intel Mac OS X 10.15; rv:103.0) Gecko/20100101 Firefox/103.0" "-"
62.138.2.0 - - [21/Sep/2026:00:25:18 +0200] "GET /index.php?lokasie=/homepages/13/d818981593/htdocs/GutTrechow/wp-content/uploads/2021/03/web_Gut_Kurzen_Trechow_2018_%C3%82%C2%A9_DOMUSimages_73-215x215.jpg&loknya=/homepages/13/d818981593/htdocs/GutTrechow/wp-content/uploads/2021/03 HTTP/1.1" 200 4682 www.gut-trechow.de "http://www.gut-trechow.de/index.php?loknya=/homepages/13/d818981593/htdocs/GutTrechow/wp-content/uploads/2021/03" "Mozilla/5.0 (Macintosh; Intel Mac OS X 10.15; rv:103.0) Gecko/20100101 Firefox/103.0" "-"
62.138.6.0 - - [21/Sep/2026:00:25:18 +0200] "GET /index.php?lokasie=/homepages/13/d818981593/htdocs/GutTrechow/wp-content/uploads/2021/03/web_Gut_Kurzen_Trechow_2018_%C3%82%C2%A9_DOMUSimages_54-300x200.jpg&loknya=/homepages/13/d818981593/htdocs/GutTrechow/wp-content/uploads/2021/03 HTTP/1.1" 200 4681 www.gut-trechow.de "http://www.gut-trechow.de/index.php?loknya=/homepages/13/d818981593/htdocs/GutTrechow/wp-content/uploads/2021/03" "Mozilla/5.0 (Macintosh; Intel Mac OS X 10.15; rv:103.0) Gecko/20100101 Firefox/103.0" "-"
62.138.2.0 - - [21/Sep/2026:00:25:18 +0200] "GET /index.php?lokasie=/homepages/13/d818981593/htdocs/GutTrechow/wp-content/uploads/2021/03/web_Gut_Kurzen_Trechow_2018_%C3%82%C2%A9_DOMUSimages_70-1024x683.jpg&loknya=/homepages/13/d818981593/htdocs/GutTrechow/wp-content/uploads/2021/03 HTTP/1.1" 200 4683 www.gut-trechow.de "http://www.gut-trechow.de/index.php?loknya=/homepages/13/d818981593/htdocs/GutTrechow/wp-content/uploads/2021/03" "Mozilla/5.0 (Macintosh; Intel Mac OS X 10.15; rv:103.0) Gecko/20100101 Firefox/103.0" "-"
62.138.3.0 - - [21/Sep/2026:00:25:18 +0200] "GET /index.php?lokasie=/homepages/13/d818981593/htdocs/GutTrechow/wp-content/uploads/2021/03/web_Gut_Kurzen_Trechow_2018_%C3%82%C2%A9_DOMUSimages_20-36x24.jpg&loknya=/homepages/13/d818981593/htdocs/GutTrechow/wp-content/uploads/2021/03 HTTP/1.1" 200 4679 www.gut-trechow.de "http://www.gut-trechow.de/index.php?loknya=/homepages/13/d818981593/htdocs/GutTrechow/wp-content/uploads/2021/03" "Mozilla/5.0 (Macintosh; Intel Mac OS X 10.15; rv:103.0) Gecko/20100101 Firefox/103.0" "-"
74.7.242.0 - - [21/Sep/2026:00:25:18 +0200] "GET /index.php?loknya=/proc/thread-self/root/proc/thread-self/root/proc/thread-self/root/proc/thread-self/root/proc/thread-self/root/kunden/kunden/proc/thread-self/root/kunden/proc/thread-self/root/lib/mime HTTP/1.1" 429 267 s818981589.online.de "http://s818981589.online.de/index.php?loknya=/proc/thread-self/root/proc/thread-self/root/proc/thread-self/root/proc/thread-self/root/proc/thread-self/root/kunden/kunden/proc/thread-self/root/kunden/proc/thread-self/root/lib" "Mozilla/5.0 AppleWebKit/537.36 (KHTML, like Gecko; compatible; GPTBot/1.4; +https://openai.com/gptbot)" "-"
62.138.2.0 - - [21/Sep/2026:00:25:19 +0200] "GET /index.php?lokasie=/homepages/13/d818981593/htdocs/GutTrechow/wp-content/uploads/2021/03/web_Gut_Kurzen_Trechow_2018_%C3%82%C2%A9_DOMUSimages_84-720x400.jpg&loknya=/homepages/13/d818981593/htdocs/GutTrechow/wp-content/uploads/2021/03 HTTP/1.1" 200 4682 www.gut-trechow.de "http://www.gut-trechow.de/index.php?loknya=/homepages/13/d818981593/htdocs/GutTrechow/wp-content/uploads/2021/03" "Mozilla/5.0 (Macintosh; Intel Mac OS X 10.15; rv:103.0) Gecko/20100101 Firefox/103.0" "-"
62.138.2.0 - - [21/Sep/2026:00:25:19 +0200] "GET /index.php?lokasie=/homepages/13/d818981593/htdocs/GutTrechow/wp-content/uploads/2021/03/09-Novemer-2016-1536x1109.jpg&loknya=/homepages/13/d818981593/htdocs/GutTrechow/wp-content/uploads/2021/03 HTTP/1.1" 200 852065 www.gut-trechow.de "http://www.gut-trechow.de/index.php?loknya=/homepages/13/d818981593/htdocs/GutTrechow/wp-content/uploads/2021/03" "Mozilla/5.0 (Macintosh; Intel Mac OS X 10.15; rv:103.0) Gecko/20100101 Firefox/103.0" "-"
62.138.6.0 - - [21/Sep/2026:00:25:20 +0200] "GET /?loknya=/homepages/14 HTTP/1.1" 200 34242 www.gut-trechow.de "-" "Mozilla/5.0 (X11; Linux x86_64) AppleWebKit/537.36 (KHTML, like Gecko) Chrome/124.0.0.0 Safari/537.36" "-"
62.138.2.0 - - [21/Sep/2026:00:25:21 +0200] "GET /index.php?lokasie=/homepages/13/d818981593/htdocs/GutTrechow/wp-content/uploads/2021/03/web_Gut_Kurzen_Trechow_2018_%C3%82%C2%A9_DOMUSimages_38-36x24.jpg&loknya=/homepages/13/d818981593/htdocs/GutTrechow/wp-content/uploads/2021/03 HTTP/1.1" 200 4680 www.gut-trechow.de "http://www.gut-trechow.de/index.php?loknya=/homepages/13/d818981593/htdocs/GutTrechow/wp-content/uploads/2021/03" "Mozilla/5.0 (Macintosh; Intel Mac OS X 10.15; rv:103.0) Gecko/20100101 Firefox/103.0" "-"
62.138.2.0 - - [21/Sep/2026:00:25:21 +0200] "GET /index.php?lokasie=/homepages/13/d818981593/htdocs/GutTrechow/wp-content/uploads/2021/03/web_Gut_Kurzen_Trechow_2018_%C3%82%C2%A9_DOMUSimages_10-1024x683.jpg&loknya=/homepages/13/d818981593/htdocs/GutTrechow/wp-content/uploads/2021/03 HTTP/1.1" 200 4683 www.gut-trechow.de "http://www.gut-trechow.de/index.php?loknya=/homepages/13/d818981593/htdocs/GutTrechow/wp-content/uploads/2021/03" "Mozilla/5.0 (Macintosh; Intel Mac OS X 10.15; rv:103.0) Gecko/20100101 Firefox/103.0" "-"
43.224.35.0 - - [21/Sep/2026:00:25:21 +0200] "GET /new/ HTTP/1.1" 200 39192 s818981589.online.de "-" "python-requests/2.34.2" "-"
62.138.2.0 - - [21/Sep/2026:00:25:22 +0200] "GET /index.php?lokasie=/homepages/13/d818981593/htdocs/GutTrechow/wp-content/uploads/2021/03/web_Gut_Kurzen_Trechow_2018_%C3%82%C2%A9_DOMUSimages_78-79x53.jpg&loknya=/homepages/13/d818981593/htdocs/GutTrechow/wp-content/uploads/2021/03 HTTP/1.1" 200 4680 www.gut-trechow.de "http://www.gut-trechow.de/index.php?loknya=/homepages/13/d818981593/htdocs/GutTrechow/wp-content/uploads/2021/03" "Mozilla/5.0 (Macintosh; Intel Mac OS X 10.15; rv:103.0) Gecko/20100101 Firefox/103.0" "-"
220.181.108.0 - - [21/Sep/2026:00:25:23 +0200] "GET /impressum/?loknya=/homepages/8/d819597382/managed HTTP/1.1" 429 267 s818981589.online.de "-" "Mozilla/5.0 (compatible; Baiduspider/2.0; +http://www.baidu.com/search/spider.html)" "-"
220.181.108.0 - - [21/Sep/2026:00:25:23 +0200] "GET /impressum/?loknya=/homepages/8/d819597382/.config HTTP/1.1" 429 267 s818981589.online.de "-" "Mozilla/5.0 (compatible; Baiduspider/2.0; +http://www.baidu.com/search/spider.html)" "-"
116.179.32.0 - - [21/Sep/2026:00:25:23 +0200] "GET /impressum/?lokasie=/homepages/8/d819597382/distributor.lock&loknya=/homepages/8/d819597382 HTTP/1.1" 429 267 s818981589.online.de "-" "Mozilla/5.0 (compatible; Baiduspider/2.0; +http://www.baidu.com/search/spider.html)" "-"
220.181.108.0 - - [21/Sep/2026:00:25:23 +0200] "GET /impressum/?lokasie=/homepages/8/d819597382/DASTOOLSTART&loknya=/homepages/8/d819597382 HTTP/1.1" 429 267 s818981589.online.de "-" "Mozilla/5.0 (compatible; Baiduspider/2.0; +http://www.baidu.com/search/spider.html)" "-"
119.249.100.0 - - [21/Sep/2026:00:25:23 +0200] "GET /impressum/?loknya=/homepages/8/d819597382/.config HTTP/1.1" 200 5268 s818981589.online.de "-" "Mozilla/5.0 (Windows NT 10.0; WOW64) AppleWebKit/537.36 (KHTML, like Gecko) Chrome/48.0.2564.116 Safari/537.36" "-"
119.249.100.0 - - [21/Sep/2026:00:25:23 +0200] "GET /impressum/?loknya=/homepages/8/d819597382/managed HTTP/1.1" 200 5268 s818981589.online.de "-" "Mozilla/5.0 (Windows NT 10.0; WOW64) AppleWebKit/537.36 (KHTML, like Gecko) Chrome/48.0.2564.116 Safari/537.36" "-"
111.225.214.0 - - [21/Sep/2026:00:25:23 +0200] "GET /impressum/?lokasie=/homepages/8/d819597382/DASTOOLSTART&loknya=/homepages/8/d819597382 HTTP/1.1" 200 4082 s818981589.online.de "-" "Mozilla/5.0 (Windows NT 10.0; WOW64) AppleWebKit/537.36 (KHTML, like Gecko) Chrome/48.0.2564.116 Safari/537.36" "-"
111.225.214.0 - - [21/Sep/2026:00:25:23 +0200] "GET /impressum/?lokasie=/homepages/8/d819597382/distributor.lock&loknya=/homepages/8/d819597382 HTTP/1.1" 200 4086 s818981589.online.de "-" "Mozilla/5.0 (Windows NT 10.0; WOW64) AppleWebKit/537.36 (KHTML, like Gecko) Chrome/48.0.2564.116 Safari/537.36" "-"
116.179.32.0 - - [21/Sep/2026:00:25:24 +0200] "GET /impressum/?lokasie=/homepages/8/d821397529/distributor.lock&loknya=/homepages/8/d821397529 HTTP/1.1" 429 267 s818981589.online.de "-" "Mozilla/5.0 (compatible; Baiduspider/2.0; +http://www.baidu.com/search/spider.html)" "-"
43.224.35.0 - - [21/Sep/2026:00:25:24 +0200] "GET /pma/ HTTP/1.1" 200 39192 s818981589.online.de "-" "python-requests/2.34.2" "-"
119.249.100.0 - - [21/Sep/2026:00:25:25 +0200] "GET /impressum/?lokasie=/homepages/8/d821397529/distributor.lock&loknya=/homepages/8/d821397529 HTTP/1.1" 200 4086 s818981589.online.de "-" "Mozilla/5.0 (Windows NT 10.0; WOW64) AppleWebKit/537.36 (KHTML, like Gecko) Chrome/48.0.2564.116 Safari/537.36" "-"
43.224.35.0 - - [21/Sep/2026:00:25:29 +0200] "GET /home/ HTTP/1.1" 200 39192 s818981589.online.de "-" "python-requests/2.34.2" "-"
74.7.227.0 - - [21/Sep/2026:00:25:30 +0200] "GET /index.php?loknya=/proc/thread-self/root/proc/thread-self/root/proc/thread-self/root/proc/thread-self/root/proc/thread-self/root/kunden/kunden/kunden/kunden/kunden/kunden/proc/thread-self/root/kunden/lib HTTP/1.1" 200 105231 www.gut-trechow.de "http://www.gut-trechow.de/index.php?loknya=/proc/thread-self/root/proc/thread-self/root/proc/thread-self/root/proc/thread-self/root/proc/thread-self/root/kunden/kunden/kunden/kunden/kunden/kunden/proc/thread-self/root/kunden" "Mozilla/5.0 AppleWebKit/537.36 (KHTML, like Gecko; compatible; GPTBot/1.4; +https://openai.com/gptbot)" "-"
220.181.108.0 - - [21/Sep/2026:00:25:30 +0200] "GET /impressum/?lokasie=/homepages/8/d821397529/htpasswd&loknya=/homepages/8/d821397529 HTTP/1.1" 429 267 s818981589.online.de "-" "Mozilla/5.0 (compatible; Baiduspider/2.0; +http://www.baidu.com/search/spider.html)" "-"
116.179.32.0 - - [21/Sep/2026:00:25:30 +0200] "GET /impressum/?loknya=/homepages/8/d821397529/.config HTTP/1.1" 429 267 s818981589.online.de "-" "Mozilla/5.0 (compatible; Baiduspider/2.0; +http://www.baidu.com/search/spider.html)" "-"
116.179.32.0 - - [21/Sep/2026:00:25:30 +0200] "GET /impressum/?lokasie=/homepages/8/d821397529/phpinilist&loknya=/homepages/8/d821397529 HTTP/1.1" 429 267 s818981589.online.de "-" "Mozilla/5.0 (compatible; Baiduspider/2.0; +http://www.baidu.com/search/spider.html)" "-"
220.181.108.0 - - [21/Sep/2026:00:25:31 +0200] "GET /impressum/?lokasie=/homepages/8/d821397529/.created&loknya=/homepages/8/d821397529 HTTP/1.1" 429 267 s818981589.online.de "-" "Mozilla/5.0 (compatible; Baiduspider/2.0; +http://www.baidu.com/search/spider.html)" "-"
116.179.32.0 - - [21/Sep/2026:00:25:31 +0200] "GET /impressum/?lokasie=/homepages/8/d821397529/htaccesslist&loknya=/homepages/8/d821397529 HTTP/1.1" 429 267 s818981589.online.de "-" "Mozilla/5.0 (compatible; Baiduspider/2.0; +http://www.baidu.com/search/spider.html)" "-"
111.225.214.0 - - [21/Sep/2026:00:25:31 +0200] "GET /impressum/?lokasie=/homepages/8/d821397529/htpasswd&loknya=/homepages/8/d821397529 HTTP/1.1" 200 4078 s818981589.online.de "-" "Mozilla/5.0 (Windows NT 10.0; WOW64) AppleWebKit/537.36 (KHTML, like Gecko) Chrome/48.0.2564.116 Safari/537.36" "-"
111.225.214.0 - - [21/Sep/2026:00:25:31 +0200] "GET /impressum/?loknya=/homepages/8/d821397529/.config HTTP/1.1" 200 5268 s818981589.online.de "-" "Mozilla/5.0 (Windows NT 10.0; WOW64) AppleWebKit/537.36 (KHTML, like Gecko) Chrome/48.0.2564.116 Safari/537.36" "-"
74.7.242.0 - - [21/Sep/2026:00:25:31 +0200] "GET /index.php?loknya=/proc/thread-self/root/proc/thread-self/root/proc/thread-self/root/proc/thread-self/root/proc/thread-self/root/kunden/kunden/proc/thread-self/root/kunden/proc/thread-self/root/lib/gcc HTTP/1.1" 429 267 s818981589.online.de "http://s818981589.online.de/index.php?loknya=/proc/thread-self/root/proc/thread-self/root/proc/thread-self/root/proc/thread-self/root/proc/thread-self/root/kunden/kunden/proc/thread-self/root/kunden/proc/thread-self/root/lib" "Mozilla/5.0 AppleWebKit/537.36 (KHTML, like Gecko; compatible; GPTBot/1.4; +https://openai.com/gptbot)" "-"
119.249.100.0 - - [21/Sep/2026:00:25:31 +0200] "GET /impressum/?lokasie=/homepages/8/d821397529/.created&loknya=/homepages/8/d821397529 HTTP/1.1" 200 4089 s818981589.online.de "-" "Mozilla/5.0 (Windows NT 10.0; WOW64) AppleWebKit/537.36 (KHTML, like Gecko) Chrome/48.0.2564.116 Safari/537.36" "-"
111.225.214.0 - - [21/Sep/2026:00:25:31 +0200] "GET /impressum/?lokasie=/homepages/8/d821397529/phpinilist&loknya=/homepages/8/d821397529 HTTP/1.1" 200 4080 s818981589.online.de "-" "Mozilla/5.0 (Windows NT 10.0; WOW64) AppleWebKit/537.36 (KHTML, like Gecko) Chrome/48.0.2564.116 Safari/537.36" "-"
111.225.214.0 - - [21/Sep/2026:00:25:31 +0200] "GET /impressum/?lokasie=/homepages/8/d821397529/htaccesslist&loknya=/homepages/8/d821397529 HTTP/1.1" 200 4082 s818981589.online.de "-" "Mozilla/5.0 (Windows NT 10.0; WOW64) AppleWebKit/537.36 (KHTML, like Gecko) Chrome/48.0.2564.116 Safari/537.36" "-"
43.224.35.0 - - [21/Sep/2026:00:25:34 +0200] "GET /wp-admin/ALFA_DATA/ HTTP/1.1" 200 39192 s818981589.online.de "-" "python-requests/2.34.2" "-"
220.181.108.0 - - [21/Sep/2026:00:25:38 +0200] "GET /impressum/?lokasie=/homepages/8/d821485419/DASTOOLSTART&loknya=/homepages/8/d821485419 HTTP/1.1" 429 267 s818981589.online.de "-" "Mozilla/5.0 (compatible; Baiduspider/2.0; +http://www.baidu.com/search/spider.html)" "-"
220.181.108.0 - - [21/Sep/2026:00:25:38 +0200] "GET /impressum/?lokasie=/homepages/8/d821397529/metadata.json&loknya=/homepages/8/d821397529 HTTP/1.1" 429 267 s818981589.online.de "-" "Mozilla/5.0 (compatible; Baiduspider/2.0; +http://www.baidu.com/search/spider.html)" "-"
116.179.32.0 - - [21/Sep/2026:00:25:38 +0200] "GET /impressum/?lokasie=/homepages/8/d819709336/htpasswd&loknya=/homepages/8/d819709336 HTTP/1.1" 429 267 s818981589.online.de "-" "Mozilla/5.0 (compatible; Baiduspider/2.0; +http://www.baidu.com/search/spider.html)" "-"
116.179.32.0 - - [21/Sep/2026:00:25:38 +0200] "GET /impressum/?lokasie=/homepages/8/d821485419/last_traffic&loknya=/homepages/8/d821485419 HTTP/1.1" 429 267 s818981589.online.de "-" "Mozilla/5.0 (compatible; Baiduspider/2.0; +http://www.baidu.com/search/spider.html)" "-"
116.179.32.0 - - [21/Sep/2026:00:25:38 +0200] "GET /impressum/?loknya=/homepages/8/d821397529/managed HTTP/1.1" 429 267 s818981589.online.de "-" "Mozilla/5.0 (compatible; Baiduspider/2.0; +http://www.baidu.com/search/spider.html)" "-"
111.225.214.0 - - [21/Sep/2026:00:25:38 +0200] "GET /impressum/?lokasie=/homepages/8/d821397529/metadata.json&loknya=/homepages/8/d821397529 HTTP/1.1" 200 4083 s818981589.online.de "-" "Mozilla/5.0 (Windows NT 10.0; WOW64) AppleWebKit/537.36 (KHTML, like Gecko) Chrome/48.0.2564.116 Safari/537.36" "-"
119.249.100.0 - - [21/Sep/2026:00:25:38 +0200] "GET /impressum/?lokasie=/homepages/8/d821485419/DASTOOLSTART&loknya=/homepages/8/d821485419 HTTP/1.1" 200 4082 s818981589.online.de "-" "Mozilla/5.0 (Windows NT 10.0; WOW64) AppleWebKit/537.36 (KHTML, like Gecko) Chrome/48.0.2564.116 Safari/537.36" "-"
111.225.214.0 - - [21/Sep/2026:00:25:38 +0200] "GET /impressum/?lokasie=/homepages/8/d819709336/htpasswd&loknya=/homepages/8/d819709336 HTTP/1.1" 200 4078 s818981589.online.de "-" "Mozilla/5.0 (Windows NT 10.0; WOW64) AppleWebKit/537.36 (KHTML, like Gecko) Chrome/48.0.2564.116 Safari/537.36" "-"
43.224.35.0 - - [21/Sep/2026:00:25:39 +0200] "GET /wp-content/ALFA_DATA/ HTTP/1.1" 200 39192 s818981589.online.de "-" "python-requests/2.34.2" "-"
119.249.100.0 - - [21/Sep/2026:00:25:39 +0200] "GET /impressum/?lokasie=/homepages/8/d821485419/last_traffic&loknya=/homepages/8/d821485419 HTTP/1.1" 200 4082 s818981589.online.de "-" "Mozilla/5.0 (Windows NT 10.0; WOW64) AppleWebKit/537.36 (KHTML, like Gecko) Chrome/48.0.2564.116 Safari/537.36" "-"
119.249.100.0 - - [21/Sep/2026:00:25:39 +0200] "GET /impressum/?loknya=/homepages/8/d821397529/managed HTTP/1.1" 200 5268 s818981589.online.de "-" "Mozilla/5.0 (Windows NT 10.0; WOW64) AppleWebKit/537.36 (KHTML, like Gecko) Chrome/48.0.2564.116 Safari/537.36" "-"
62.138.6.0 - - [21/Sep/2026:00:25:40 +0200] "GET /?loknya=/homepages/lnk HTTP/1.1" 200 5102 www.gut-trechow.de "-" "Mozilla/5.0 (X11; Linux x86_64) AppleWebKit/537.36 (KHTML, like Gecko) Chrome/124.0.0.0 Safari/537.36" "-"
74.7.227.0 - - [21/Sep/2026:00:25:43 +0200] "GET /index.php?loknya=/proc/thread-self/root/proc/thread-self/root/proc/thread-self/root/proc/thread-self/root/proc/thread-self/root/kunden/kunden/kunden/kunden/kunden/kunden/proc/thread-self/root/mnt/ HTTP/1.1" 200 11652 www.gut-trechow.de "http://www.gut-trechow.de/index.php?loknya=/proc/thread-self/root/proc/thread-self/root/proc/thread-self/root/proc/thread-self/root/proc/thread-self/root/kunden/kunden/kunden/kunden/kunden/kunden/proc/thread-self/root/mnt/rid" "Mozilla/5.0 AppleWebKit/537.36 (KHTML, like Gecko; compatible; GPTBot/1.4; +https://openai.com/gptbot)" "-"
43.224.35.0 - - [21/Sep/2026:00:25:44 +0200] "GET /admin/login/ HTTP/1.1" 200 39192 s818981589.online.de "-" "python-requests/2.34.2" "-"
116.179.32.0 - - [21/Sep/2026:00:25:45 +0200] "GET /impressum/?lokasie=/homepages/8/d821485419/.htaccess&loknya=/homepages/8/d821485419 HTTP/1.1" 429 267 s818981589.online.de "-" "Mozilla/5.0 (compatible; Baiduspider/2.0; +http://www.baidu.com/search/spider.html)" "-"
220.181.108.0 - - [21/Sep/2026:00:25:45 +0200] "GET /impressum/?lokasie=/homepages/8/d821485419/distributor.lock&loknya=/homepages/8/d821485419 HTTP/1.1" 429 267 s818981589.online.de "-" "Mozilla/5.0 (compatible; Baiduspider/2.0; +http://www.baidu.com/search/spider.html)" "-"
116.179.32.0 - - [21/Sep/2026:00:25:45 +0200] "GET /impressum/?lokasie=/homepages/8/d821485419/phpinilist&loknya=/homepages/8/d821485419 HTTP/1.1" 429 267 s818981589.online.de "-" "Mozilla/5.0 (compatible; Baiduspider/2.0; +http://www.baidu.com/search/spider.html)" "-"
116.179.32.0 - - [21/Sep/2026:00:25:45 +0200] "GET /impressum/?lokasie=/homepages/8/d821485419/metadata.json&loknya=/homepages/8/d821485419 HTTP/1.1" 429 267 s818981589.online.de "-" "Mozilla/5.0 (compatible; Baiduspider/2.0; +http://www.baidu.com/search/spider.html)" "-"
116.179.32.0 - - [21/Sep/2026:00:25:46 +0200] "GET /impressum/?lokasie=/homepages/8/d821485419/htpasswd&loknya=/homepages/8/d821485419 HTTP/1.1" 429 267 s818981589.online.de "-" "Mozilla/5.0 (compatible; Baiduspider/2.0; +http://www.baidu.com/search/spider.html)" "-"
111.225.214.0 - - [21/Sep/2026:00:25:46 +0200] "GET /impressum/?lokasie=/homepages/8/d821485419/.htaccess&loknya=/homepages/8/d821485419 HTTP/1.1" 200 4079 s818981589.online.de "-" "Mozilla/5.0 (Windows NT 10.0; WOW64) AppleWebKit/537.36 (KHTML, like Gecko) Chrome/48.0.2564.116 Safari/537.36" "-"
111.225.214.0 - - [21/Sep/2026:00:25:46 +0200] "GET /impressum/?lokasie=/homepages/8/d821485419/phpinilist&loknya=/homepages/8/d821485419 HTTP/1.1" 200 4080 s818981589.online.de "-" "Mozilla/5.0 (Windows NT 10.0; WOW64) AppleWebKit/537.36 (KHTML, like Gecko) Chrome/48.0.2564.116 Safari/537.36" "-"
111.225.214.0 - - [21/Sep/2026:00:25:46 +0200] "GET /impressum/?lokasie=/homepages/8/d821485419/metadata.json&loknya=/homepages/8/d821485419 HTTP/1.1" 200 4083 s818981589.online.de "-" "Mozilla/5.0 (Windows NT 10.0; WOW64) AppleWebKit/537.36 (KHTML, like Gecko) Chrome/48.0.2564.116 Safari/537.36" "-"
111.225.214.0 - - [21/Sep/2026:00:25:46 +0200] "GET /impressum/?lokasie=/homepages/8/d821485419/distributor.lock&loknya=/homepages/8/d821485419 HTTP/1.1" 200 4086 s818981589.online.de "-" "Mozilla/5.0 (Windows NT 10.0; WOW64) AppleWebKit/537.36 (KHTML, like Gecko) Chrome/48.0.2564.116 Safari/537.36" "-"
119.249.100.0 - - [21/Sep/2026:00:25:46 +0200] "GET /impressum/?lokasie=/homepages/8/d821485419/htpasswd&loknya=/homepages/8/d821485419 HTTP/1.1" 200 4078 s818981589.online.de "-" "Mozilla/5.0 (Windows NT 10.0; WOW64) AppleWebKit/537.36 (KHTML, like Gecko) Chrome/48.0.2564.116 Safari/537.36" "-"
43.224.35.0 - - [21/Sep/2026:00:25:47 +0200] "GET /templates/beez3/ HTTP/1.1" 200 39192 s818981589.online.de "-" "python-requests/2.34.2" "-"
43.224.35.0 - - [21/Sep/2026:00:25:50 +0200] "GET /NEW/ HTTP/1.1" 200 39192 s818981589.online.de "-" "python-requests/2.34.2" "-"
74.7.242.0 - - [21/Sep/2026:00:25:51 +0200] "GET /index.php?loknya=/proc/thread-self/root/proc/thread-self/root/proc/thread-self/root/proc/thread-self/root/proc/thread-self/root/kunden/kunden/proc/thread-self/root/kunden/proc/thread-self/root/lib/udev HTTP/1.1" 429 267 s818981589.online.de "http://s818981589.online.de/index.php?loknya=/proc/thread-self/root/proc/thread-self/root/proc/thread-self/root/proc/thread-self/root/proc/thread-self/root/kunden/kunden/proc/thread-self/root/kunden/proc/thread-self/root/lib" "Mozilla/5.0 AppleWebKit/537.36 (KHTML, like Gecko; compatible; GPTBot/1.4; +https://openai.com/gptbot)" "-"
220.181.108.0 - - [21/Sep/2026:00:25:52 +0200] "GET /impressum/?lokasie=/homepages/8/d821485419/htaccesslist&loknya=/homepages/8/d821485419 HTTP/1.1" 429 267 s818981589.online.de "-" "Mozilla/5.0 (compatible; Baiduspider/2.0; +http://www.baidu.com/search/spider.html)" "-"
74.7.227.0 - - [21/Sep/2026:00:25:53 +0200] "GET /index.php?loknya=/proc/thread-self/root/proc/thread-self/root/proc/thread-self/root/proc/thread-self/root/proc/thread-self/root/kunden/kunden/kunden/kunden/kunden/kunden/proc/thread-self/root/proc/ide HTTP/1.1" 200 10815 www.gut-trechow.de "http://www.gut-trechow.de/index.php?loknya=/proc/thread-self/root/proc/thread-self/root/proc/thread-self/root/proc/thread-self/root/proc/thread-self/root/kunden/kunden/kunden/kunden/kunden/kunden/proc/thread-self/root/proc" "Mozilla/5.0 AppleWebKit/537.36 (KHTML, like Gecko; compatible; GPTBot/1.4; +https://openai.com/gptbot)" "-"
116.179.32.0 - - [21/Sep/2026:00:25:53 +0200] "GET /impressum/?lokasie=/homepages/8/d821485419/.created&loknya=/homepages/8/d821485419 HTTP/1.1" 429 267 s818981589.online.de "-" "Mozilla/5.0 (compatible; Baiduspider/2.0; +http://www.baidu.com/search/spider.html)" "-"
220.181.108.0 - - [21/Sep/2026:00:25:53 +0200] "GET /impressum/?lokasie=/homepages/8/d819361348/DASTOOLSTART&loknya=/homepages/8/d819361348 HTTP/1.1" 429 267 s818981589.online.de "-" "Mozilla/5.0 (compatible; Baiduspider/2.0; +http://www.baidu.com/search/spider.html)" "-"
111.225.214.0 - - [21/Sep/2026:00:25:53 +0200] "GET /impressum/?lokasie=/homepages/8/d821485419/htaccesslist&loknya=/homepages/8/d821485419 HTTP/1.1" 200 4082 s818981589.online.de "-" "Mozilla/5.0 (Windows NT 10.0; WOW64) AppleWebKit/537.36 (KHTML, like Gecko) Chrome/48.0.2564.116 Safari/537.36" "-"
119.249.100.0 - - [21/Sep/2026:00:25:53 +0200] "GET /impressum/?lokasie=/homepages/8/d821485419/.created&loknya=/homepages/8/d821485419 HTTP/1.1" 200 4089 s818981589.online.de "-" "Mozilla/5.0 (Windows NT 10.0; WOW64) AppleWebKit/537.36 (KHTML, like Gecko) Chrome/48.0.2564.116 Safari/537.36" "-"
111.225.214.0 - - [21/Sep/2026:00:25:53 +0200] "GET /impressum/?lokasie=/homepages/8/d819361348/DASTOOLSTART&loknya=/homepages/8/d819361348 HTTP/1.1" 200 4082 s818981589.online.de "-" "Mozilla/5.0 (Windows NT 10.0; WOW64) AppleWebKit/537.36 (KHTML, like Gecko) Chrome/48.0.2564.116 Safari/537.36" "-"
220.181.108.0 - - [21/Sep/2026:00:25:54 +0200] "GET /impressum/?loknya=/homepages/8/d821485419/managed HTTP/1.1" 429 267 s818981589.online.de "-" "Mozilla/5.0 (compatible; Baiduspider/2.0; +http://www.baidu.com/search/spider.html)" "-"
119.249.100.0 - - [21/Sep/2026:00:25:54 +0200] "GET /impressum/?loknya=/homepages/8/d821485419/managed HTTP/1.1" 200 5268 s818981589.online.de "-" "Mozilla/5.0 (Windows NT 10.0; WOW64) AppleWebKit/537.36 (KHTML, like Gecko) Chrome/48.0.2564.116 Safari/537.36" "-"
43.224.35.0 - - [21/Sep/2026:00:25:54 +0200] "GET /jars/upload/ HTTP/1.1" 200 39192 s818981589.online.de "-" "python-requests/2.34.2" "-"
116.179.32.0 - - [21/Sep/2026:00:25:55 +0200] "GET /impressum/?lokasie=/homepages/8/d821485419/last_traffic&loknya=/homepages/8/d821485419 HTTP/1.1" 429 267 s818981589.online.de "-" "Mozilla/5.0 (compatible; Baiduspider/2.0; +http://www.baidu.com/search/spider.html)" "-"
119.249.100.0 - - [21/Sep/2026:00:25:56 +0200] "GET /impressum/?lokasie=/homepages/8/d821485419/last_traffic&loknya=/homepages/8/d821485419 HTTP/1.1" 200 4082 s818981589.online.de "-" "Mozilla/5.0 (Windows NT 10.0; WOW64) AppleWebKit/537.36 (KHTML, like Gecko) Chrome/48.0.2564.116 Safari/537.36" "-"
43.224.35.0 - - [21/Sep/2026:00:25:57 +0200] "GET /magento_version/ HTTP/1.1" 200 39192 s818981589.online.de "-" "python-requests/2.34.2" "-"
62.138.6.0 - - [21/Sep/2026:00:26:00 +0200] "GET /index.php?loknya=/homepages/13/d818981593/htdocs/GutTrechow/wp-content/uploads/2022/08 HTTP/1.1" 200 5867 www.gut-trechow.de "-" "Mozilla/5.0 (X11; Linux x86_64) AppleWebKit/537.36 (KHTML, like Gecko) Chrome/124.0.0.0 Safari/537.36" "-"
220.181.108.0 - - [21/Sep/2026:00:26:00 +0200] "GET /impressum/?lokasie=/homepages/8/d819103553/htaccesslist&loknya=/homepages/8/d819103553 HTTP/1.1" 429 267 s818981589.online.de "-" "Mozilla/5.0 (compatible; Baiduspider/2.0; +http://www.baidu.com/search/spider.html)" "-"
220.181.108.0 - - [21/Sep/2026:00:26:00 +0200] "GET /impressum/?lokasie=/homepages/8/d819103553/last_traffic&loknya=/homepages/8/d819103553 HTTP/1.1" 429 267 s818981589.online.de "-" "Mozilla/5.0 (compatible; Baiduspider/2.0; +http://www.baidu.com/search/spider.html)" "-"
116.179.32.0 - - [21/Sep/2026:00:26:00 +0200] "GET /impressum/?lokasie=/homepages/8/d819103553/distributor.lock&loknya=/homepages/8/d819103553 HTTP/1.1" 429 267 s818981589.online.de "-" "Mozilla/5.0 (compatible; Baiduspider/2.0; +http://www.baidu.com/search/spider.html)" "-"
220.181.108.0 - - [21/Sep/2026:00:26:00 +0200] "GET /impressum/?loknya=/homepages/8/d819103553/.config HTTP/1.1" 429 267 s818981589.online.de "-" "Mozilla/5.0 (compatible; Baiduspider/2.0; +http://www.baidu.com/search/spider.html)" "-"
43.224.35.0 - - [21/Sep/2026:00:26:00 +0200] "GET /members/login/ HTTP/1.1" 200 39192 s818981589.online.de "-" "python-requests/2.34.2" "-"
111.225.214.0 - - [21/Sep/2026:00:26:00 +0200] "GET /impressum/?lokasie=/homepages/8/d819103553/last_traffic&loknya=/homepages/8/d819103553 HTTP/1.1" 200 4082 s818981589.online.de "-" "Mozilla/5.0 (Windows NT 10.0; WOW64) AppleWebKit/537.36 (KHTML, like Gecko) Chrome/48.0.2564.116 Safari/537.36" "-"
111.225.214.0 - - [21/Sep/2026:00:26:00 +0200] "GET /impressum/?lokasie=/homepages/8/d819103553/htaccesslist&loknya=/homepages/8/d819103553 HTTP/1.1" 200 4082 s818981589.online.de "-" "Mozilla/5.0 (Windows NT 10.0; WOW64) AppleWebKit/537.36 (KHTML, like Gecko) Chrome/48.0.2564.116 Safari/537.36" "-"
119.249.100.0 - - [21/Sep/2026:00:26:00 +0200] "GET /impressum/?lokasie=/homepages/8/d819103553/distributor.lock&loknya=/homepages/8/d819103553 HTTP/1.1" 200 4086 s818981589.online.de "-" "Mozilla/5.0 (Windows NT 10.0; WOW64) AppleWebKit/537.36 (KHTML, like Gecko) Chrome/48.0.2564.116 Safari/537.36" "-"
220.181.108.0 - - [21/Sep/2026:00:26:01 +0200] "GET /impressum/?loknya=/homepages/8/d821485419/.config HTTP/1.1" 429 267 s818981589.online.de "-" "Mozilla/5.0 (compatible; Baiduspider/2.0; +http://www.baidu.com/search/spider.html)" "-"
119.249.100.0 - - [21/Sep/2026:00:26:01 +0200] "GET /impressum/?loknya=/homepages/8/d819103553/.config HTTP/1.1" 200 5268 s818981589.online.de "-" "Mozilla/5.0 (Windows NT 10.0; WOW64) AppleWebKit/537.36 (KHTML, like Gecko) Chrome/48.0.2564.116 Safari/537.36" "-"
119.249.100.0 - - [21/Sep/2026:00:26:01 +0200] "GET /impressum/?loknya=/homepages/8/d821485419/.config HTTP/1.1" 200 5267 s818981589.online.de "-" "Mozilla/5.0 (Windows NT 10.0; WOW64) AppleWebKit/537.36 (KHTML, like Gecko) Chrome/48.0.2564.116 Safari/537.36" "-"
74.7.227.0 - - [21/Sep/2026:00:26:02 +0200] "GET /index.php?loknya=/proc/thread-self/root/proc/thread-self/root/proc/thread-self/root/proc/thread-self/root/proc/thread-self/root/kunden/kunden/kunden/kunden/kunden/kunden/proc/thread-self/root/sys HTTP/1.1" 200 8624 www.gut-trechow.de "http://www.gut-trechow.de/index.php?loknya=/proc/thread-self/root/proc/thread-self/root/proc/thread-self/root/proc/thread-self/root/proc/thread-self/root/kunden/kunden/kunden/kunden/kunden/kunden/proc/thread-self/root/" "Mozilla/5.0 AppleWebKit/537.36 (KHTML, like Gecko; compatible; GPTBot/1.4; +https://openai.com/gptbot)" "-"
111.225.214.0 - - [21/Sep/2026:00:26:03 +0200] "GET /impressum/?lokasie=/homepages/8/d819103553/DASTOOLSTART&loknya=/homepages/8/d819103553 HTTP/1.1" 200 4082 s818981589.online.de "-" "Mozilla/5.0 (Windows NT 10.0; WOW64) AppleWebKit/537.36 (KHTML, like Gecko) Chrome/48.0.2564.116 Safari/537.36" "-"
43.224.35.0 - - [21/Sep/2026:00:26:04 +0200] "GET /backup/ HTTP/1.1" 200 39192 s818981589.online.de "-" "python-requests/2.34.2" "-"
220.181.108.0 - - [21/Sep/2026:00:26:07 +0200] "GET /impressum/?loknya=/homepages/8/d819103553/managed HTTP/1.1" 429 267 s818981589.online.de "-" "Mozilla/5.0 (compatible; Baiduspider/2.0; +http://www.baidu.com/search/spider.html)" "-"
220.181.108.0 - - [21/Sep/2026:00:26:07 +0200] "GET /impressum/?lokasie=/homepages/8/d819103553/.created&loknya=/homepages/8/d819103553 HTTP/1.1" 429 267 s818981589.online.de "-" "Mozilla/5.0 (compatible; Baiduspider/2.0; +http://www.baidu.com/search/spider.html)" "-"
220.181.108.0 - - [21/Sep/2026:00:26:07 +0200] "GET /impressum/?lokasie=/homepages/8/d819318202/htaccesslist&loknya=/homepages/8/d819318202 HTTP/1.1" 429 267 s818981589.online.de "-" "Mozilla/5.0 (compatible; Baiduspider/2.0; +http://www.baidu.com/search/spider.html)" "-"
220.181.108.0 - - [21/Sep/2026:00:26:07 +0200] "GET /impressum/?lokasie=/homepages/8/d819103553/htpasswd&loknya=/homepages/8/d819103553 HTTP/1.1" 429 267 s818981589.online.de "-" "Mozilla/5.0 (compatible; Baiduspider/2.0; +http://www.baidu.com/search/spider.html)" "-"
74.7.227.0 - - [21/Sep/2026:00:26:08 +0200] "GET /index.php?loknya=/proc/thread-self/root/proc/thread-self/root/proc/thread-self/root/proc/thread-self/root/proc/thread-self/root/kunden/kunden/kunden/kunden/kunden/kunden/proc/thread-self/root/etc HTTP/1.1" 200 257796 www.gut-trechow.de "http://www.gut-trechow.de/index.php?loknya=/proc/thread-self/root/proc/thread-self/root/proc/thread-self/root/proc/thread-self/root/proc/thread-self/root/kunden/kunden/kunden/kunden/kunden/kunden/proc/thread-self/root" "Mozilla/5.0 AppleWebKit/537.36 (KHTML, like Gecko; compatible; GPTBot/1.4; +https://openai.com/gptbot)" "-"
119.249.100.0 - - [21/Sep/2026:00:26:08 +0200] "GET /impressum/?loknya=/homepages/8/d819103553/managed HTTP/1.1" 200 5268 s818981589.online.de "-" "Mozilla/5.0 (Windows NT 10.0; WOW64) AppleWebKit/537.36 (KHTML, like Gecko) Chrome/48.0.2564.116 Safari/537.36" "-"
111.225.214.0 - - [21/Sep/2026:00:26:08 +0200] "GET /impressum/?lokasie=/homepages/8/d819103553/.created&loknya=/homepages/8/d819103553 HTTP/1.1" 200 4089 s818981589.online.de "-" "Mozilla/5.0 (Windows NT 10.0; WOW64) AppleWebKit/537.36 (KHTML, like Gecko) Chrome/48.0.2564.116 Safari/537.36" "-"
43.224.35.0 - - [21/Sep/2026:00:26:08 +0200] "GET /public/_ignition/health-check/ HTTP/1.1" 200 39192 s818981589.online.de "-" "python-requests/2.34.2" "-"
111.225.214.0 - - [21/Sep/2026:00:26:08 +0200] "GET /impressum/?lokasie=/homepages/8/d819103553/htpasswd&loknya=/homepages/8/d819103553 HTTP/1.1" 200 4078 s818981589.online.de "-" "Mozilla/5.0 (Windows NT 10.0; WOW64) AppleWebKit/537.36 (KHTML, like Gecko) Chrome/48.0.2564.116 Safari/537.36" "-"
119.249.100.0 - - [21/Sep/2026:00:26:08 +0200] "GET /impressum/?lokasie=/homepages/8/d819318202/htaccesslist&loknya=/homepages/8/d819318202 HTTP/1.1" 200 4082 s818981589.online.de "-" "Mozilla/5.0 (Windows NT 10.0; WOW64) AppleWebKit/537.36 (KHTML, like Gecko) Chrome/48.0.2564.116 Safari/537.36" "-"
43.224.35.0 - - [21/Sep/2026:00:26:09 +0200] "GET /wp-json/ HTTP/1.1" 200 39192 s818981589.online.de "-" "python-requests/2.34.2" "-"
74.7.242.0 - - [21/Sep/2026:00:26:11 +0200] "GET /index.php?loknya=/proc/thread-self/root/proc/thread-self/root/proc/thread-self/root/proc/thread-self/root/proc/thread-self/root/kunden/kunden/proc/thread-self/root/kunden/proc/thread-self/root/lib/binfmt.d HTTP/1.1" 200 10892 s818981589.online.de "http://s818981589.online.de/index.php?loknya=/proc/thread-self/root/proc/thread-self/root/proc/thread-self/root/proc/thread-self/root/proc/thread-self/root/kunden/kunden/proc/thread-self/root/kunden/proc/thread-self/root/lib" "Mozilla/5.0 AppleWebKit/537.36 (KHTML, like Gecko; compatible; GPTBot/1.4; +https://openai.com/gptbot)" "-"
74.7.227.0 - - [21/Sep/2026:00:26:13 +0200] "GET /index.php?loknya=/proc/thread-self/root/proc/thread-self/root/proc/thread-self/root/proc/thread-self/root/proc/thread-self/root/kunden/proc/thread-self/root/kunden/kunden/kunden/proc/thread-self/root/kunden/kunden/tmp HTTP/1.1" 200 10987 www.gut-trechow.de "http://www.gut-trechow.de/index.php?loknya=/proc/thread-self/root/proc/thread-self/root/proc/thread-self/root/proc/thread-self/root/proc/thread-self/root/kunden/proc/thread-self/root/kunden/kunden/kunden/proc/thread-self/root/kunden/kunden" "Mozilla/5.0 AppleWebKit/537.36 (KHTML, like Gecko; compatible; GPTBot/1.4; +https://openai.com/gptbot)" "-"
220.181.108.0 - - [21/Sep/2026:00:26:14 +0200] "GET /impressum/?lokasie=/homepages/8/d819318202/.created&loknya=/homepages/8/d819318202 HTTP/1.1" 429 267 s818981589.online.de "-" "Mozilla/5.0 (compatible; Baiduspider/2.0; +http://www.baidu.com/search/spider.html)" "-"
116.179.32.0 - - [21/Sep/2026:00:26:15 +0200] "GET /impressum/?loknya=/homepages/8/d819318202/.config HTTP/1.1" 429 267 s818981589.online.de "-" "Mozilla/5.0 (compatible; Baiduspider/2.0; +http://www.baidu.com/search/spider.html)" "-"
116.179.32.0 - - [21/Sep/2026:00:26:15 +0200] "GET /impressum/?loknya=/homepages/8/d819318202/managed HTTP/1.1" 429 267 s818981589.online.de "-" "Mozilla/5.0 (compatible; Baiduspider/2.0; +http://www.baidu.com/search/spider.html)" "-"
111.225.214.0 - - [21/Sep/2026:00:26:15 +0200] "GET /impressum/?lokasie=/homepages/8/d819318202/.created&loknya=/homepages/8/d819318202 HTTP/1.1" 200 4089 s818981589.online.de "-" "Mozilla/5.0 (Windows NT 10.0; WOW64) AppleWebKit/537.36 (KHTML, like Gecko) Chrome/48.0.2564.116 Safari/537.36" "-"
111.225.214.0 - - [21/Sep/2026:00:26:15 +0200] "GET /impressum/?loknya=/homepages/8/d819318202/.config HTTP/1.1" 200 5268 s818981589.online.de "-" "Mozilla/5.0 (Windows NT 10.0; WOW64) AppleWebKit/537.36 (KHTML, like Gecko) Chrome/48.0.2564.116 Safari/537.36" "-"
111.225.214.0 - - [21/Sep/2026:00:26:15 +0200] "GET /impressum/?loknya=/homepages/8/d819318202/managed HTTP/1.1" 200 5268 s818981589.online.de "-" "Mozilla/5.0 (Windows NT 10.0; WOW64) AppleWebKit/537.36 (KHTML, like Gecko) Chrome/48.0.2564.116 Safari/537.36" "-"
116.179.32.0 - - [21/Sep/2026:00:26:16 +0200] "GET /impressum/?lokasie=/homepages/8/d819318202/DASTOOLSTART&loknya=/homepages/8/d819318202 HTTP/1.1" 429 267 s818981589.online.de "-" "Mozilla/5.0 (compatible; Baiduspider/2.0; +http://www.baidu.com/search/spider.html)" "-"
111.225.214.0 - - [21/Sep/2026:00:26:17 +0200] "GET /impressum/?lokasie=/homepages/8/d819318202/DASTOOLSTART&loknya=/homepages/8/d819318202 HTTP/1.1" 200 4082 s818981589.online.de "-" "Mozilla/5.0 (Windows NT 10.0; WOW64) AppleWebKit/537.36 (KHTML, like Gecko) Chrome/48.0.2564.116 Safari/537.36" "-"
74.7.227.0 - - [21/Sep/2026:00:26:18 +0200] "GET /index.php?loknya=/proc/thread-self/root/proc/thread-self/root/proc/thread-self/root/proc/thread-self/root/proc/thread-self/root/kunden/proc/thread-self/root/kunden/kunden/kunden/proc/thread-self/root/kunden/kunden/etc/mc HTTP/1.1" 200 30222 www.gut-trechow.de "http://www.gut-trechow.de/index.php?loknya=/proc/thread-self/root/proc/thread-self/root/proc/thread-self/root/proc/thread-self/root/proc/thread-self/root/kunden/proc/thread-self/root/kunden/kunden/kunden/proc/thread-self/root/kunden/kunden/etc" "Mozilla/5.0 AppleWebKit/537.36 (KHTML, like Gecko; compatible; GPTBot/1.4; +https://openai.com/gptbot)" "-"
220.181.108.0 - - [21/Sep/2026:00:26:18 +0200] "GET /impressum/?lokasie=/homepages/8/d819318202/htpasswd&loknya=/homepages/8/d819318202 HTTP/1.1" 429 267 s818981589.online.de "-" "Mozilla/5.0 (compatible; Baiduspider/2.0; +http://www.baidu.com/search/spider.html)" "-"
111.225.214.0 - - [21/Sep/2026:00:26:19 +0200] "GET /impressum/?lokasie=/homepages/8/d819318202/htpasswd&loknya=/homepages/8/d819318202 HTTP/1.1" 200 4078 s818981589.online.de "-" "Mozilla/5.0 (Windows NT 10.0; WOW64) AppleWebKit/537.36 (KHTML, like Gecko) Chrome/48.0.2564.116 Safari/537.36" "-"
62.138.6.0 - - [21/Sep/2026:00:26:20 +0200] "GET /index.php?loknya=/homepages/13/d818981593/htdocs/GutTrechow/wp-content/uploads/2022/05 HTTP/1.1" 200 5867 www.gut-trechow.de "-" "Mozilla/5.0 (X11; Linux x86_64) AppleWebKit/537.36 (KHTML, like Gecko) Chrome/124.0.0.0 Safari/537.36" "-"
74.7.227.0 - - [21/Sep/2026:00:26:21 +0200] "GET /index.php?loknya=/proc/thread-self/root/proc/thread-self/root/proc/thread-self/root/proc/thread-self/root/proc/thread-self/root/kunden/kunden/kunden/kunden/kunden/kunden/proc/thread-self/root/lib/apt/planners HTTP/1.1" 200 11069 www.gut-trechow.de "http://www.gut-trechow.de/index.php?loknya=/proc/thread-self/root/proc/thread-self/root/proc/thread-self/root/proc/thread-self/root/proc/thread-self/root/kunden/kunden/kunden/kunden/kunden/kunden/proc/thread-self/root/lib/apt" "Mozilla/5.0 AppleWebKit/537.36 (KHTML, like Gecko; compatible; GPTBot/1.4; +https://openai.com/gptbot)" "-"
116.179.32.0 - - [21/Sep/2026:00:26:22 +0200] "GET /impressum/?lokasie=/homepages/7/d819407078/htaccesslist&loknya=/homepages/7/d819407078 HTTP/1.1" 429 267 s818981589.online.de "-" "Mozilla/5.0 (compatible; Baiduspider/2.0; +http://www.baidu.com/search/spider.html)" "-"
220.181.108.0 - - [21/Sep/2026:00:26:22 +0200] "GET /impressum/?lokasie=/homepages/7/d819407078/.htaccess&loknya=/homepages/7/d819407078 HTTP/1.1" 429 267 s818981589.online.de "-" "Mozilla/5.0 (compatible; Baiduspider/2.0; +http://www.baidu.com/search/spider.html)" "-"
116.179.32.0 - - [21/Sep/2026:00:26:22 +0200] "GET /impressum/?lokasie=/homepages/7/d819407078/htpasswd&loknya=/homepages/7/d819407078 HTTP/1.1" 429 267 s818981589.online.de "-" "Mozilla/5.0 (compatible; Baiduspider/2.0; +http://www.baidu.com/search/spider.html)" "-"
111.225.214.0 - - [21/Sep/2026:00:26:22 +0200] "GET /impressum/?lokasie=/homepages/7/d819407078/htaccesslist&loknya=/homepages/7/d819407078 HTTP/1.1" 200 4082 s818981589.online.de "-" "Mozilla/5.0 (Windows NT 10.0; WOW64) AppleWebKit/537.36 (KHTML, like Gecko) Chrome/48.0.2564.116 Safari/537.36" "-"
119.249.100.0 - - [21/Sep/2026:00:26:22 +0200] "GET /impressum/?lokasie=/homepages/7/d819407078/.htaccess&loknya=/homepages/7/d819407078 HTTP/1.1" 200 4079 s818981589.online.de "-" "Mozilla/5.0 (Windows NT 10.0; WOW64) AppleWebKit/537.36 (KHTML, like Gecko) Chrome/48.0.2564.116 Safari/537.36" "-"
119.249.100.0 - - [21/Sep/2026:00:26:22 +0200] "GET /impressum/?lokasie=/homepages/7/d819407078/htpasswd&loknya=/homepages/7/d819407078 HTTP/1.1" 200 4078 s818981589.online.de "-" "Mozilla/5.0 (Windows NT 10.0; WOW64) AppleWebKit/537.36 (KHTML, like Gecko) Chrome/48.0.2564.116 Safari/537.36" "-"
220.181.108.0 - - [21/Sep/2026:00:26:23 +0200] "GET /impressum/?lokasie=/homepages/8/d819103553/.htaccess&loknya=/homepages/8/d819103553 HTTP/1.1" 429 267 s818981589.online.de "-" "Mozilla/5.0 (compatible; Baiduspider/2.0; +http://www.baidu.com/search/spider.html)" "-"
