74.7.242.0 - - [21/Sep/2026:00:03:50 +0200] "GET /index.php?loknya=/proc/thread-self/root/proc/thread-self/root/proc/thread-self/root/proc/thread-self/root/proc/thread-self/root/kunden/kunden/usr/lib/cgi-bin HTTP/1.1" 200 23603 s818981589.online.de "http://s818981589.online.de/index.php?loknya=/proc/thread-self/root/proc/thread-self/root/proc/thread-self/root/proc/thread-self/root/proc/thread-self/root/kunden/kunden/usr/lib" "Mozilla/5.0 AppleWebKit/537.36 (KHTML, like Gecko; compatible; GPTBot/1.4; +https://openai.com/gptbot)" "-"
111.225.214.0 - - [21/Sep/2026:00:03:51 +0200] "GET /index.php?loknya=/homepages/13/d818981593/htdocs/GutTrechow/wp-content/plugins/duplicate-post HTTP/1.1" 200 23304 s818981589.online.de "-" "Mozilla/5.0 (Windows NT 10.0; WOW64) AppleWebKit/537.36 (KHTML, like Gecko) Chrome/48.0.2564.116 Safari/537.36" "-"
74.7.242.0 - - [21/Sep/2026:00:03:55 +0200] "GET /index.php?loknya=/proc/thread-self/root/proc/thread-self/root/proc/thread-self/root/proc/thread-self/root/proc/thread-self/root/kunden/kunden/lib/linux/uapi/alpha/asm HTTP/1.1" 200 82896 s818981589.online.de "http://s818981589.online.de/index.php?loknya=/proc/thread-self/root/proc/thread-self/root/proc/thread-self/root/proc/thread-self/root/proc/thread-self/root/kunden/kunden/lib/linux/uapi/alpha" "Mozilla/5.0 AppleWebKit/537.36 (KHTML, like Gecko; compatible; GPTBot/1.4; +https://openai.com/gptbot)" "-"
116.179.32.0 - - [21/Sep/2026:00:03:57 +0200] "GET /index.php?loknya=/homepages/13/d818981593/htdocs/GutTrechow/wp-content/plugins/gallery-by-supsystic HTTP/1.1" 429 267 s818981589.online.de "-" "Mozilla/5.0 (compatible; Baiduspider/2.0; +http://www.baidu.com/search/spider.html)" "-"
220.181.108.0 - - [21/Sep/2026:00:03:57 +0200] "GET /index.php?loknya=/homepages/13/d818981593/htdocs/GutTrechow/wp-content/plugins/so-widgets-bundle HTTP/1.1" 429 267 s818981589.online.de "-" "Mozilla/5.0 (compatible; Baiduspider/2.0; +http://www.baidu.com/search/spider.html)" "-"
220.181.108.0 - - [21/Sep/2026:00:03:57 +0200] "GET /index.php?loknya=/homepages/13/d818981593/htdocs/GutTrechow/wp-content/plugins/wp-maintenance-mode HTTP/1.1" 429 267 s818981589.online.de "-" "Mozilla/5.0 (compatible; Baiduspider/2.0; +http://www.baidu.com/search/spider.html)" "-"
220.181.108.0 - - [21/Sep/2026:00:03:57 +0200] "GET /index.php?loknya=/homepages/13/d818981593/htdocs/GutTrechow/wp-content/plugins/socialtoolspro HTTP/1.1" 429 267 s818981589.online.de "-" "Mozilla/5.0 (compatible; Baiduspider/2.0; +http://www.baidu.com/search/spider.html)" "-"
111.225.214.0 - - [21/Sep/2026:00:03:57 +0200] "GET /index.php?loknya=/homepages/13/d818981593/htdocs/GutTrechow/wp-content/plugins/so-widgets-bundle HTTP/1.1" 200 22277 s818981589.online.de "-" "Mozilla/5.0 (Windows NT 10.0; WOW64) AppleWebKit/537.36 (KHTML, like Gecko) Chrome/48.0.2564.116 Safari/537.36" "-"
119.249.100.0 - - [21/Sep/2026:00:03:57 +0200] "GET /index.php?loknya=/homepages/13/d818981593/htdocs/GutTrechow/wp-content/plugins/gallery-by-supsystic HTTP/1.1" 200 12788 s818981589.online.de "-" "Mozilla/5.0 (Windows NT 10.0; WOW64) AppleWebKit/537.36 (KHTML, like Gecko) Chrome/48.0.2564.116 Safari/537.36" "-"
111.225.214.0 - - [21/Sep/2026:00:03:57 +0200] "GET /index.php?loknya=/homepages/13/d818981593/htdocs/GutTrechow/wp-content/plugins/socialtoolspro HTTP/1.1" 200 14630 s818981589.online.de "-" "Mozilla/5.0 (Windows NT 10.0; WOW64) AppleWebKit/537.36 (KHTML, like Gecko) Chrome/48.0.2564.116 Safari/537.36" "-"
119.249.100.0 - - [21/Sep/2026:00:03:57 +0200] "GET /index.php?loknya=/homepages/13/d818981593/htdocs/GutTrechow/wp-content/plugins/wp-maintenance-mode HTTP/1.1" 200 21823 s818981589.online.de "-" "Mozilla/5.0 (Windows NT 10.0; WOW64) AppleWebKit/537.36 (KHTML, like Gecko) Chrome/48.0.2564.116 Safari/537.36" "-"
116.179.32.0 - - [21/Sep/2026:00:03:58 +0200] "GET /index.php?lokasie=/homepages/13/d818981593/htdocs/GutTrechow/wp-content/plugins/.DS_Store&loknya=/homepages/13/d818981593/htdocs/GutTrechow/wp-content/plugins HTTP/1.1" 429 267 s818981589.online.de "-" "Mozilla/5.0 (compatible; Baiduspider/2.0; +http://www.baidu.com/search/spider.html)" "-"
119.249.100.0 - - [21/Sep/2026:00:03:59 +0200] "GET /index.php?lokasie=/homepages/13/d818981593/htdocs/GutTrechow/wp-content/plugins/.DS_Store&loknya=/homepages/13/d818981593/htdocs/GutTrechow/wp-content/plugins HTTP/1.1" 200 10598 s818981589.online.de "-" "Mozilla/5.0 (Windows NT 10.0; WOW64) AppleWebKit/537.36 (KHTML, like Gecko) Chrome/48.0.2564.116 Safari/537.36" "-"
74.7.242.0 - - [21/Sep/2026:00:04:00 +0200] "GET /index.php?loknya=/proc/thread-self/root/proc/thread-self/root/proc/thread-self/root/proc/thread-self/root/proc/thread-self/root/kunden/kunden/usr/lib/linux/uapi/mips HTTP/1.1" 200 9295 s818981589.online.de "http://s818981589.online.de/index.php?loknya=/proc/thread-self/root/proc/thread-self/root/proc/thread-self/root/proc/thread-self/root/proc/thread-self/root/kunden/kunden/usr/lib/linux/uapi" "Mozilla/5.0 AppleWebKit/537.36 (KHTML, like Gecko; compatible; GPTBot/1.4; +https://openai.com/gptbot)" "-"
74.7.227.0 - - [21/Sep/2026:00:04:00 +0200] "GET /index.php?loknya=/proc/thread-self/root/proc/thread-self/root/proc/thread-self/root/proc/thread-self/root/proc/thread-self/root/kunden/proc/thread-self/root/kunden/kunden/kunden/proc/thread-self/root/kunden/etc/pam.d HTTP/1.1" 429 267 www.gut-trechow.de "http://www.gut-trechow.de/index.php?loknya=/proc/thread-self/root/proc/thread-self/root/proc/thread-self/root/proc/thread-self/root/proc/thread-self/root/kunden/proc/thread-self/root/kunden/kunden/kunden/proc/thread-self/root/kunden/etc" "Mozilla/5.0 AppleWebKit/537.36 (KHTML, like Gecko; compatible; GPTBot/1.4; +https://openai.com/gptbot)" "-"
116.179.32.0 - - [21/Sep/2026:00:04:01 +0200] "GET /index.php?loknya=/homepages/13/d818981593/htdocs/GutTrechow/wp-content/plugins/breadcrumbs-url-panel HTTP/1.1" 429 267 s818981589.online.de "-" "Mozilla/5.0 (compatible; Baiduspider/2.0; +http://www.baidu.com/search/spider.html)" "-"
111.225.214.0 - - [21/Sep/2026:00:04:01 +0200] "GET /index.php?loknya=/homepages/13/d818981593/htdocs/GutTrechow/wp-content/plugins/breadcrumbs-url-panel HTTP/1.1" 200 7507 s818981589.online.de "-" "Mozilla/5.0 (Windows NT 10.0; WOW64) AppleWebKit/537.36 (KHTML, like Gecko) Chrome/48.0.2564.116 Safari/537.36" "-"
74.7.242.0 - - [21/Sep/2026:00:04:03 +0200] "GET /index.php?loknya=/proc/thread-self/root/proc/thread-self/root/proc/thread-self/root/proc/thread-self/root/proc/thread-self/root/usr/include/mips-linux-gnu HTTP/1.1" 200 8564 s818981589.online.de "http://s818981589.online.de/index.php?loknya=/proc/thread-self/root/proc/thread-self/root/proc/thread-self/root/proc/thread-self/root/proc/thread-self/root/usr/include" "Mozilla/5.0 AppleWebKit/537.36 (KHTML, like Gecko; compatible; GPTBot/1.4; +https://openai.com/gptbot)" "-"
220.181.108.0 - - [21/Sep/2026:00:04:04 +0200] "GET /index.php?loknya=/homepages/13/d818981593/htdocs/GutTrechow/wp-content/plugins/classic-editor HTTP/1.1" 429 267 s818981589.online.de "-" "Mozilla/5.0 (compatible; Baiduspider/2.0; +http://www.baidu.com/search/spider.html)" "-"
116.179.32.0 - - [21/Sep/2026:00:04:04 +0200] "GET /index.php?lokasie=/homepages/13/d818981593/htdocs/GutTrechow/wp-content/plugins/temp-write-test-6835e562cea867-35114756&loknya=/homepages/13/d818981593/htdocs/GutTrechow/wp-content/plugins HTTP/1.1" 429 267 s818981589.online.de "-" "Mozilla/5.0 (compatible; Baiduspider/2.0; +http://www.baidu.com/search/spider.html)" "-"
220.181.108.0 - - [21/Sep/2026:00:04:04 +0200] "GET /index.php?loknya=/homepages/13/d818981593/htdocs/GutTrechow/wp-content/plugins/menu-image HTTP/1.1" 429 267 s818981589.online.de "-" "Mozilla/5.0 (compatible; Baiduspider/2.0; +http://www.baidu.com/search/spider.html)" "-"
116.179.32.0 - - [21/Sep/2026:00:04:04 +0200] "GET /index.php?loknya=/homepages/13/d818981593/htdocs/GutTrechow/wp-content/plugins/twksqox HTTP/1.1" 429 267 s818981589.online.de "-" "Mozilla/5.0 (compatible; Baiduspider/2.0; +http://www.baidu.com/search/spider.html)" "-"
119.249.100.0 - - [21/Sep/2026:00:04:05 +0200] "GET /index.php?loknya=/homepages/13/d818981593/htdocs/GutTrechow/wp-content/plugins/classic-editor HTTP/1.1" 200 13067 s818981589.online.de "-" "Mozilla/5.0 (Windows NT 10.0; WOW64) AppleWebKit/537.36 (KHTML, like Gecko) Chrome/48.0.2564.116 Safari/537.36" "-"
111.225.214.0 - - [21/Sep/2026:00:04:05 +0200] "GET /index.php?lokasie=/homepages/13/d818981593/htdocs/GutTrechow/wp-content/plugins/temp-write-test-6835e562cea867-35114756&loknya=/homepages/13/d818981593/htdocs/GutTrechow/wp-content/plugins HTTP/1.1" 200 4468 s818981589.online.de "-" "Mozilla/5.0 (Windows NT 10.0; WOW64) AppleWebKit/537.36 (KHTML, like Gecko) Chrome/48.0.2564.116 Safari/537.36" "-"
119.249.100.0 - - [21/Sep/2026:00:04:05 +0200] "GET /index.php?loknya=/homepages/13/d818981593/htdocs/GutTrechow/wp-content/plugins/menu-image HTTP/1.1" 200 12673 s818981589.online.de "-" "Mozilla/5.0 (Windows NT 10.0; WOW64) AppleWebKit/537.36 (KHTML, like Gecko) Chrome/48.0.2564.116 Safari/537.36" "-"
111.225.214.0 - - [21/Sep/2026:00:04:05 +0200] "GET /index.php?loknya=/homepages/13/d818981593/htdocs/GutTrechow/wp-content/plugins/twksqox HTTP/1.1" 200 17324 s818981589.online.de "-" "Mozilla/5.0 (Windows NT 10.0; WOW64) AppleWebKit/537.36 (KHTML, like Gecko) Chrome/48.0.2564.116 Safari/537.36" "-"
220.181.108.0 - - [21/Sep/2026:00:04:05 +0200] "GET /index.php?loknya=/homepages/13/d818981593/htdocs/GutTrechow/wp-content/plugins/updraftplus HTTP/1.1" 429 267 s818981589.online.de "-" "Mozilla/5.0 (compatible; Baiduspider/2.0; +http://www.baidu.com/search/spider.html)" "-"
216.73.216.0 - - [21/Sep/2026:00:04:05 +0200] "GET /index.php?loknya=%2Fhomepages%2F13%2Fd818981593%2F.oneclick HTTP/1.1" 200 5283 www.gut-trechow.de "-" "Mozilla/5.0 AppleWebKit/537.36 (KHTML, like Gecko; compatible; ClaudeBot/1.0; +claudebot@anthropic.com)" "-"
216.73.216.0 - - [21/Sep/2026:00:04:05 +0200] "GET /index.php?loknya=%2Fhomepages%2F13%2F HTTP/1.1" 200 29091 www.gut-trechow.de "-" "Mozilla/5.0 AppleWebKit/537.36 (KHTML, like Gecko; compatible; ClaudeBot/1.0; +claudebot@anthropic.com)" "-"
74.7.242.0 - - [21/Sep/2026:00:04:06 +0200] "GET /index.php?loknya=/proc/threa-self/root/proc/threa-self/root/proc/threa-self/root/proc HTTP/1.1" 200 5864 s818981589.online.de "http://s818981589.online.de/index.php?loknya=/proc/threa-self/root/proc/threa-self/root/proc/threa-self/root/proc/threa-self/root/proc/threa-self/root/usr/lib/" "Mozilla/5.0 AppleWebKit/537.36 (KHTML, like Gecko; compatible; GPTBot/1.4; +https://openai.com/gptbot)" "-"
111.225.214.0 - - [21/Sep/2026:00:04:06 +0200] "GET /index.php?loknya=/homepages/13/d818981593/htdocs/GutTrechow/wp-content/plugins/updraftplus HTTP/1.1" 200 34367 s818981589.online.de "-" "Mozilla/5.0 (Windows NT 10.0; WOW64) AppleWebKit/537.36 (KHTML, like Gecko) Chrome/48.0.2564.116 Safari/537.36" "-"
74.7.242.0 - - [21/Sep/2026:00:04:08 +0200] "GET /index.php?loknya=/proc/thread-self/root/proc/thread-self/root/proc/thread-self/root/proc/thread-self/root/proc/thread-self/root/kunden/kunden/proc/thread-self/root/kunden/lib/emacsen-common/packages/remove HTTP/1.1" 200 12715 s818981589.online.de "http://s818981589.online.de/index.php?loknya=/proc/thread-self/root/proc/thread-self/root/proc/thread-self/root/proc/thread-self/root/proc/thread-self/root/kunden/kunden/proc/thread-self/root/kunden/lib/emacsen-common/packages" "Mozilla/5.0 AppleWebKit/537.36 (KHTML, like Gecko; compatible; GPTBot/1.4; +https://openai.com/gptbot)" "-"
74.7.242.0 - - [21/Sep/2026:00:04:10 +0200] "GET /index.php?loknya=/proc/thread-self/root/proc/thread-self/root/proc/thread-self/root/proc/thread-self/root/proc/thread-self/root/kunden/kunden/lib/linux/uapi/sh/ HTTP/1.1" 200 9090 s818981589.online.de "http://s818981589.online.de/index.php?loknya=/proc/thread-self/root/proc/thread-self/root/proc/thread-self/root/proc/thread-self/root/proc/thread-self/root/kunden/kunden/lib/linux/uapi/sh/asm" "Mozilla/5.0 AppleWebKit/537.36 (KHTML, like Gecko; compatible; GPTBot/1.4; +https://openai.com/gptbot)" "-"
74.7.242.0 - - [21/Sep/2026:00:04:11 +0200] "GET /index.php?loknya=/proc/thread-self/root/proc/thread-self/root/proc/thread-self/root/proc/thread-self/root/proc/thread-self/root/kunden/kunden/lib/systemd/system-generators HTTP/1.1" 200 28635 s818981589.online.de "http://s818981589.online.de/index.php?loknya=/proc/thread-self/root/proc/thread-self/root/proc/thread-self/root/proc/thread-self/root/proc/thread-self/root/kunden/kunden/lib/systemd" "Mozilla/5.0 AppleWebKit/537.36 (KHTML, like Gecko; compatible; GPTBot/1.4; +https://openai.com/gptbot)" "-"
220.181.108.0 - - [21/Sep/2026:00:04:12 +0200] "GET /index.php?loknya=/homepages/13/d818981593/htdocs/GutTrechow/wp-content/plugins/blox-lite HTTP/1.1" 429 267 s818981589.online.de "-" "Mozilla/5.0 (compatible; Baiduspider/2.0; +http://www.baidu.com/search/spider.html)" "-"
220.181.108.0 - - [21/Sep/2026:00:04:12 +0200] "GET /index.php?loknya=/homepages/13/d818981593/htdocs/GutTrechow/wp-content/plugins/gwolle-gb HTTP/1.1" 429 267 s818981589.online.de "-" "Mozilla/5.0 (compatible; Baiduspider/2.0; +http://www.baidu.com/search/spider.html)" "-"
220.181.108.0 - - [21/Sep/2026:00:04:12 +0200] "GET /index.php?loknya=/homepages/13/d818981593/htdocs/GutTrechow/wp-content/plugins/dpleyejuhq/configYCM HTTP/1.1" 429 267 s818981589.online.de "-" "Mozilla/5.0 (compatible; Baiduspider/2.0; +http://www.baidu.com/search/spider.html)" "-"
116.179.32.0 - - [21/Sep/2026:00:04:12 +0200] "GET /index.php?loknya=/homepages/13/d818981593/htdocs/GutTrechow/wp-content/plugins/dpleyejuhq/404ZOW HTTP/1.1" 429 267 s818981589.online.de "-" "Mozilla/5.0 (compatible; Baiduspider/2.0; +http://www.baidu.com/search/spider.html)" "-"
220.181.108.0 - - [21/Sep/2026:00:04:12 +0200] "GET /index.php?lokasie=/homepages/13/d818981593/htdocs/GutTrechow/wp-content/plugins/index.php&loknya=/homepages/13/d818981593/htdocs/GutTrechow/wp-content/plugins HTTP/1.1" 429 267 s818981589.online.de "-" "Mozilla/5.0 (compatible; Baiduspider/2.0; +http://www.baidu.com/search/spider.html)" "-"
74.7.242.0 - - [21/Sep/2026:00:04:12 +0200] "GET /index.php?loknya=/proc/thread-self/root/proc/thread-self/root/proc/thread-self/root/proc/thread-self/root/proc/thread-self/root/kunden/kunden/proc/thread-self/root/kunden/kunden/etc/systemd/system/timers.target.wants HTTP/1.1" 200 21264 s818981589.online.de "http://s818981589.online.de/index.php?loknya=/proc/thread-self/root/proc/thread-self/root/proc/thread-self/root/proc/thread-self/root/proc/thread-self/root/kunden/kunden/proc/thread-self/root/kunden/kunden/etc/systemd/system" "Mozilla/5.0 AppleWebKit/537.36 (KHTML, like Gecko; compatible; GPTBot/1.4; +https://openai.com/gptbot)" "-"
111.225.214.0 - - [21/Sep/2026:00:04:12 +0200] "GET /index.php?loknya=/homepages/13/d818981593/htdocs/GutTrechow/wp-content/plugins/blox-lite HTTP/1.1" 200 14214 s818981589.online.de "-" "Mozilla/5.0 (Windows NT 10.0; WOW64) AppleWebKit/537.36 (KHTML, like Gecko) Chrome/48.0.2564.116 Safari/537.36" "-"
119.249.100.0 - - [21/Sep/2026:00:04:12 +0200] "GET /index.php?loknya=/homepages/13/d818981593/htdocs/GutTrechow/wp-content/plugins/gwolle-gb HTTP/1.1" 200 20720 s818981589.online.de "-" "Mozilla/5.0 (Windows NT 10.0; WOW64) AppleWebKit/537.36 (KHTML, like Gecko) Chrome/48.0.2564.116 Safari/537.36" "-"
111.225.214.0 - - [21/Sep/2026:00:04:12 +0200] "GET /index.php?lokasie=/homepages/13/d818981593/htdocs/GutTrechow/wp-content/plugins/index.php&loknya=/homepages/13/d818981593/htdocs/GutTrechow/wp-content/plugins HTTP/1.1" 200 4469 s818981589.online.de "-" "Mozilla/5.0 (Windows NT 10.0; WOW64) AppleWebKit/537.36 (KHTML, like Gecko) Chrome/48.0.2564.116 Safari/537.36" "-"
111.225.214.0 - - [21/Sep/2026:00:04:12 +0200] "GET /index.php?loknya=/homepages/13/d818981593/htdocs/GutTrechow/wp-content/plugins/dpleyejuhq/configYCM HTTP/1.1" 200 9117 s818981589.online.de "-" "Mozilla/5.0 (Windows NT 10.0; WOW64) AppleWebKit/537.36 (KHTML, like Gecko) Chrome/48.0.2564.116 Safari/537.36" "-"
216.73.216.0 - - [21/Sep/2026:00:04:12 +0200] "GET /index.php?loknya=%2Fhomepages%2F13%2Fd818981593%2Fmanaged HTTP/1.1" 200 5273 www.gut-trechow.de "-" "Mozilla/5.0 AppleWebKit/537.36 (KHTML, like Gecko; compatible; ClaudeBot/1.0; +claudebot@anthropic.com)" "-"
216.73.216.0 - - [21/Sep/2026:00:04:12 +0200] "GET /index.php?loknya=%2Fhomepages%2F13%2Fd818981593%2F.config HTTP/1.1" 200 5273 www.gut-trechow.de "-" "Mozilla/5.0 AppleWebKit/537.36 (KHTML, like Gecko; compatible; ClaudeBot/1.0; +claudebot@anthropic.com)" "-"
74.7.242.0 - - [21/Sep/2026:00:04:13 +0200] "GET /index.php?loknya=/proc/thread-self/root/proc/thread-self/root/proc/thread-self/root/proc/thread-self/root/proc/thread-self/root/lib/systemd/system/ HTTP/1.1" 200 430119 s818981589.online.de "http://s818981589.online.de/index.php?loknya=/proc/thread-self/root/proc/thread-self/root/proc/thread-self/root/proc/thread-self/root/proc/thread-self/root/lib/systemd/system/initrd.target.wants" "Mozilla/5.0 AppleWebKit/537.36 (KHTML, like Gecko; compatible; GPTBot/1.4; +https://openai.com/gptbot)" "-"
111.225.214.0 - - [21/Sep/2026:00:04:13 +0200] "GET /index.php?loknya=/homepages/13/d818981593/htdocs/GutTrechow/wp-content/plugins/dpleyejuhq/404ZOW HTTP/1.1" 200 37962541 s818981589.online.de "-" "Mozilla/5.0 (Windows NT 10.0; WOW64) AppleWebKit/537.36 (KHTML, like Gecko) Chrome/48.0.2564.116 Safari/537.36" "-"
74.7.242.0 - - [21/Sep/2026:00:04:14 +0200] "GET /index.php?loknya=/proc/thread-self/root/proc/thread-self/root/proc/thread-self/root/proc/thread-self/root/proc/thread-self/root/kunden/usr/lib/linux/uapi/mips/ HTTP/1.1" 200 9068 s818981589.online.de "http://s818981589.online.de/index.php?loknya=/proc/thread-self/root/proc/thread-self/root/proc/thread-self/root/proc/thread-self/root/proc/thread-self/root/kunden/usr/lib/linux/uapi/mips/asm" "Mozilla/5.0 AppleWebKit/537.36 (KHTML, like Gecko; compatible; GPTBot/1.4; +https://openai.com/gptbot)" "-"
74.7.242.0 - - [21/Sep/2026:00:04:14 +0200] "GET /index.php?lokasie=/proc/thread-self/root/proc/thread-self/root/proc/thread-self/root/proc/thread-self/root/proc/thread-self/root/kunden/kunden/usr/lib/cgi-bin/redirect.cgi&loknya=/proc/thread-self/root/proc/thread-self/root/proc/thread-self/root/proc/thread-self/root/proc/thread-self/root/kunden/kunden/usr/lib/cgi-bin HTTP/1.1" 200 3524585 s818981589.online.de "http://s818981589.online.de/index.php?loknya=/proc/thread-self/root/proc/thread-self/root/proc/thread-self/root/proc/thread-self/root/proc/thread-self/root/kunden/kunden/usr/lib/cgi-bin" "Mozilla/5.0 AppleWebKit/537.36 (KHTML, like Gecko; compatible; GPTBot/1.4; +https://openai.com/gptbot)" "-"
74.7.242.0 - - [21/Sep/2026:00:04:15 +0200] "GET /index.php?lokasie=/proc/thread-self/root/proc/thread-self/root/proc/thread-self/root/proc/thread-self/root/proc/thread-self/root/kunden/kunden/usr/lib/cgi-bin/redirect&loknya=/proc/thread-self/root/proc/thread-self/root/proc/thread-self/root/proc/thread-self/root/proc/thread-self/root/kunden/kunden/usr/lib/cgi-bin HTTP/1.1" 200 3524581 s818981589.online.de "http://s818981589.online.de/index.php?loknya=/proc/thread-self/root/proc/thread-self/root/proc/thread-self/root/proc/thread-self/root/proc/thread-self/root/kunden/kunden/usr/lib/cgi-bin" "Mozilla/5.0 AppleWebKit/537.36 (KHTML, like Gecko; compatible; GPTBot/1.4; +https://openai.com/gptbot)" "-"
62.138.6.0 - - [21/Sep/2026:00:04:15 +0200] "GET /index.php?loknya=/homepages/13/d818981593/htdocs/GutTrechow/wp-content/uploads/2023/06 HTTP/1.1" 200 5867 www.gut-trechow.de "-" "Mozilla/5.0 (X11; Linux x86_64) AppleWebKit/537.36 (KHTML, like Gecko) Chrome/124.0.0.0 Safari/537.36" "-"
74.7.242.0 - - [21/Sep/2026:00:04:16 +0200] "GET /index.php?loknya=/proc/thread-self/root/proc/thread-self/root/proc/thread-self/root/proc/thread-self/root/proc/thread-self/root/kunden/kunden/lib/linux/uapi/alpha/ HTTP/1.1" 200 9111 s818981589.online.de "http://s818981589.online.de/index.php?loknya=/proc/thread-self/root/proc/thread-self/root/proc/thread-self/root/proc/thread-self/root/proc/thread-self/root/kunden/kunden/lib/linux/uapi/alpha/asm" "Mozilla/5.0 AppleWebKit/537.36 (KHTML, like Gecko; compatible; GPTBot/1.4; +https://openai.com/gptbot)" "-"
74.7.242.0 - - [21/Sep/2026:00:04:17 +0200] "GET /index.php?loknya=/proc/thread-self/root/proc/thread-self/root/proc/thread-self/root/proc/thread-self/root/proc/thread-self/root/kunden/kunden/proc/thread-self/root/kunden/usr/libexec/msmtp/msmtpqueue HTTP/1.1" 429 267 s818981589.online.de "http://s818981589.online.de/index.php?loknya=/proc/thread-self/root/proc/thread-self/root/proc/thread-self/root/proc/thread-self/root/proc/thread-self/root/kunden/kunden/proc/thread-self/root/kunden/usr/libexec/msmtp" "Mozilla/5.0 AppleWebKit/537.36 (KHTML, like Gecko; compatible; GPTBot/1.4; +https://openai.com/gptbot)" "-"
74.7.242.0 - - [21/Sep/2026:00:04:17 +0200] "GET /index.php?loknya=/proc/thread-self/root/proc/thread-self/root/proc/thread-self/root/proc/thread-self/root/proc/thread-self/root/kunden/kunden/proc/thread-self/root/kunden/kunden/lib/emacsen-common/packages HTTP/1.1" 429 267 s818981589.online.de "http://s818981589.online.de/index.php?loknya=/proc/thread-self/root/proc/thread-self/root/proc/thread-self/root/proc/thread-self/root/proc/thread-self/root/kunden/kunden/proc/thread-self/root/kunden/kunden/lib/emacsen-common" "Mozilla/5.0 AppleWebKit/537.36 (KHTML, like Gecko; compatible; GPTBot/1.4; +https://openai.com/gptbot)" "-"
74.7.242.0 - - [21/Sep/2026:00:04:18 +0200] "GET /index.php?loknya=/proc/thread-self/root/proc/thread-self/root/proc/thread-self/root/proc/thread-self/root/proc/thread-self/root/kunden/kunden/proc/thread-self/root/kunden/lib/emacsen-common/packages/ HTTP/1.1" 429 267 s818981589.online.de "http://s818981589.online.de/index.php?loknya=/proc/thread-self/root/proc/thread-self/root/proc/thread-self/root/proc/thread-self/root/proc/thread-self/root/kunden/kunden/proc/thread-self/root/kunden/lib/emacsen-common/packages/remove" "Mozilla/5.0 AppleWebKit/537.36 (KHTML, like Gecko; compatible; GPTBot/1.4; +https://openai.com/gptbot)" "-"
220.181.108.0 - - [21/Sep/2026:00:04:19 +0200] "GET /index.php?loknya=/homepages/13/d818981593/htdocs/GutTrechow/wp-content/plugins/fileorganizer HTTP/1.1" 429 267 s818981589.online.de "-" "Mozilla/5.0 (compatible; Baiduspider/2.0; +http://www.baidu.com/search/spider.html)" "-"
116.179.32.0 - - [21/Sep/2026:00:04:19 +0200] "GET /index.php?loknya=/homepages/13/d818981593/htdocs/GutTrechow/wp-content/plugins/edejcukqui HTTP/1.1" 429 267 s818981589.online.de "-" "Mozilla/5.0 (compatible; Baiduspider/2.0; +http://www.baidu.com/search/spider.html)" "-"
74.7.242.0 - - [21/Sep/2026:00:04:19 +0200] "GET /index.php?loknya=/proc/thread-self/root/proc/thread-self/root/proc/thread-self/root/proc/thread-self/root/proc/thread-self/root/kunden/kunden/proc/thread-self/root/kunden/var/lib/systemd/deb-systemd-helper-enabled/multi-user.target.wants HTTP/1.1" 429 267 s818981589.online.de "http://s818981589.online.de/index.php?loknya=/proc/thread-self/root/proc/thread-self/root/proc/thread-self/root/proc/thread-self/root/proc/thread-self/root/kunden/kunden/proc/thread-self/root/kunden/var/lib/systemd/deb-systemd-helper-enabled" "Mozilla/5.0 AppleWebKit/537.36 (KHTML, like Gecko; compatible; GPTBot/1.4; +https://openai.com/gptbot)" "-"
116.179.32.0 - - [21/Sep/2026:00:04:19 +0200] "GET /index.php?loknya=/homepages/13/d818981593/htdocs/GutTrechow/wp-content/plugins/user-role-editor HTTP/1.1" 429 267 s818981589.online.de "-" "Mozilla/5.0 (compatible; Baiduspider/2.0; +http://www.baidu.com/search/spider.html)" "-"
111.225.214.0 - - [21/Sep/2026:00:04:19 +0200] "GET /index.php?loknya=/homepages/13/d818981593/htdocs/GutTrechow/wp-content/plugins/fileorganizer HTTP/1.1" 200 16776 s818981589.online.de "-" "Mozilla/5.0 (Windows NT 10.0; WOW64) AppleWebKit/537.36 (KHTML, like Gecko) Chrome/48.0.2564.116 Safari/537.36" "-"
119.249.100.0 - - [21/Sep/2026:00:04:19 +0200] "GET /index.php?loknya=/homepages/13/d818981593/htdocs/GutTrechow/wp-content/plugins/user-role-editor HTTP/1.1" 200 29773 s818981589.online.de "-" "Mozilla/5.0 (Windows NT 10.0; WOW64) AppleWebKit/537.36 (KHTML, like Gecko) Chrome/48.0.2564.116 Safari/537.36" "-"
116.179.32.0 - - [21/Sep/2026:00:04:20 +0200] "GET /index.php?loknya=/homepages/13/d818981593/htdocs/GutTrechow/wp-content/plugins/wordpress-seo HTTP/1.1" 429 267 s818981589.online.de "-" "Mozilla/5.0 (compatible; Baiduspider/2.0; +http://www.baidu.com/search/spider.html)" "-"
119.249.100.0 - - [21/Sep/2026:00:04:20 +0200] "GET /index.php?loknya=/homepages/13/d818981593/htdocs/GutTrechow/wp-content/plugins/wordpress-seo HTTP/1.1" 200 28970 s818981589.online.de "-" "Mozilla/5.0 (Windows NT 10.0; WOW64) AppleWebKit/537.36 (KHTML, like Gecko) Chrome/48.0.2564.116 Safari/537.36" "-"
74.7.227.0 - - [21/Sep/2026:00:04:20 +0200] "GET /index.php?lokasie=/proc/thread-self/root/proc/thread-self/root/proc/thread-self/root/proc/thread-self/root/proc/thread-self/root/kunden/kunden/kunden/kunden/kunden/kunden/proc/thread-self/root/lib/locale/it_IT@euro/LC_NAME&loknya=/proc/thread-self/root/proc/thread-self/root/proc/thread-self/root/proc/thread-self/root/proc/thread-self/root/kunden/kunden/kunden/kunden/kunden/kunden/proc/thread-self/root/lib/locale/it_IT@euro HTTP/1.1" 200 7741 www.gut-trechow.de "http://www.gut-trechow.de/index.php?loknya=/proc/thread-self/root/proc/thread-self/root/proc/thread-self/root/proc/thread-self/root/proc/thread-self/root/kunden/kunden/kunden/kunden/kunden/kunden/proc/thread-self/root/lib/locale/it_IT@euro" "Mozilla/5.0 AppleWebKit/537.36 (KHTML, like Gecko; compatible; GPTBot/1.4; +https://openai.com/gptbot)" "-"
74.7.242.0 - - [21/Sep/2026:00:04:21 +0200] "GET /index.php?loknya=/proc/thread-self/root/proc/thread-self/root/proc/thread-self/root/proc/thread-self/root/proc/thread-self/root/kunden/kunden/proc/thread-self/root/kunden/etc/default HTTP/1.1" 429 267 s818981589.online.de "http://s818981589.online.de/index.php?loknya=/proc/thread-self/root/proc/thread-self/root/proc/thread-self/root/proc/thread-self/root/proc/thread-self/root/kunden/kunden/proc/thread-self/root/kunden/etc" "Mozilla/5.0 AppleWebKit/537.36 (KHTML, like Gecko; compatible; GPTBot/1.4; +https://openai.com/gptbot)" "-"
111.225.214.0 - - [21/Sep/2026:00:04:23 +0200] "GET /index.php?loknya=/homepages/13/d818981593/htdocs/GutTrechow/wp-content/plugins/edejcukqui HTTP/1.1" 200 8906 s818981589.online.de "-" "Mozilla/5.0 (Windows NT 10.0; WOW64) AppleWebKit/537.36 (KHTML, like Gecko) Chrome/48.0.2564.116 Safari/537.36" "-"
74.7.242.0 - - [21/Sep/2026:00:04:24 +0200] "GET /index.php?loknya=/proc/thread-self/root/proc/thread-self/root/proc/thread-self/root/proc/thread-self/root/proc/thread-self/root/kunden/kunden/proc/thread-self/root/kunden/kunden/etc/systemd/system/ HTTP/1.1" 429 267 s818981589.online.de "http://s818981589.online.de/index.php?loknya=/proc/thread-self/root/proc/thread-self/root/proc/thread-self/root/proc/thread-self/root/proc/thread-self/root/kunden/kunden/proc/thread-self/root/kunden/kunden/etc/systemd/system/timers.target.wants" "Mozilla/5.0 AppleWebKit/537.36 (KHTML, like Gecko; compatible; GPTBot/1.4; +https://openai.com/gptbot)" "-"
220.181.108.0 - - [21/Sep/2026:00:04:26 +0200] "GET /index.php?loknya=/homepages/13/d818981593/htdocs/GutTrechow/wp-content/plugins/stjrbxq HTTP/1.1" 429 267 s818981589.online.de "-" "Mozilla/5.0 (compatible; Baiduspider/2.0; +http://www.baidu.com/search/spider.html)" "-"
116.179.32.0 - - [21/Sep/2026:00:04:26 +0200] "GET /index.php?loknya=/homepages/13/d818981593/htdocs/GutTrechow/wp-content/plugins/duplicate-post/vendor HTTP/1.1" 429 267 s818981589.online.de "-" "Mozilla/5.0 (compatible; Baiduspider/2.0; +http://www.baidu.com/search/spider.html)" "-"
220.181.108.0 - - [21/Sep/2026:00:04:26 +0200] "GET /index.php?loknya=/homepages/13/d818981593/htdocs/GutTrechow/wp-content/plugins/duplicate-post/css HTTP/1.1" 429 267 s818981589.online.de "-" "Mozilla/5.0 (compatible; Baiduspider/2.0; +http://www.baidu.com/search/spider.html)" "-"
220.181.108.0 - - [21/Sep/2026:00:04:26 +0200] "GET /index.php?loknya=/homepages/13/d818981593/htdocs/GutTrechow/wp-content/plugins/duplicate-post/src HTTP/1.1" 429 267 s818981589.online.de "-" "Mozilla/5.0 (compatible; Baiduspider/2.0; +http://www.baidu.com/search/spider.html)" "-"
220.181.108.0 - - [21/Sep/2026:00:04:26 +0200] "GET /index.php?loknya=/homepages/13/d818981593/htdocs/GutTrechow/wp-content/plugins/duplicate-post/compat HTTP/1.1" 429 267 s818981589.online.de "-" "Mozilla/5.0 (compatible; Baiduspider/2.0; +http://www.baidu.com/search/spider.html)" "-"
74.7.242.0 - - [21/Sep/2026:00:04:27 +0200] "GET /index.php?loknya=/proc/thread-self/root/proc/thread-self/root/proc/thread-self/root/proc/thread-self/root/proc/thread-self/root/kunden/kunden/proc/thread-self/root/kunden/kunden/etc/default HTTP/1.1" 429 267 s818981589.online.de "http://s818981589.online.de/index.php?loknya=/proc/thread-self/root/proc/thread-self/root/proc/thread-self/root/proc/thread-self/root/proc/thread-self/root/kunden/kunden/proc/thread-self/root/kunden/kunden/etc" "Mozilla/5.0 AppleWebKit/537.36 (KHTML, like Gecko; compatible; GPTBot/1.4; +https://openai.com/gptbot)" "-"
119.249.100.0 - - [21/Sep/2026:00:04:27 +0200] "GET /index.php?loknya=/homepages/13/d818981593/htdocs/GutTrechow/wp-content/plugins/stjrbxq HTTP/1.1" 200 17324 s818981589.online.de "-" "Mozilla/5.0 (Windows NT 10.0; WOW64) AppleWebKit/537.36 (KHTML, like Gecko) Chrome/48.0.2564.116 Safari/537.36" "-"
119.249.100.0 - - [21/Sep/2026:00:04:27 +0200] "GET /index.php?loknya=/homepages/13/d818981593/htdocs/GutTrechow/wp-content/plugins/duplicate-post/compat HTTP/1.1" 200 9235 s818981589.online.de "-" "Mozilla/5.0 (Windows NT 10.0; WOW64) AppleWebKit/537.36 (KHTML, like Gecko) Chrome/48.0.2564.116 Safari/537.36" "-"
111.225.214.0 - - [21/Sep/2026:00:04:27 +0200] "GET /index.php?loknya=/homepages/13/d818981593/htdocs/GutTrechow/wp-content/plugins/duplicate-post/vendor HTTP/1.1" 200 8835 s818981589.online.de "-" "Mozilla/5.0 (Windows NT 10.0; WOW64) AppleWebKit/537.36 (KHTML, like Gecko) Chrome/48.0.2564.116 Safari/537.36" "-"
119.249.100.0 - - [21/Sep/2026:00:04:27 +0200] "GET /index.php?loknya=/homepages/13/d818981593/htdocs/GutTrechow/wp-content/plugins/duplicate-post/src HTTP/1.1" 200 20741 s818981589.online.de "-" "Mozilla/5.0 (Windows NT 10.0; WOW64) AppleWebKit/537.36 (KHTML, like Gecko) Chrome/48.0.2564.116 Safari/537.36" "-"
111.225.214.0 - - [21/Sep/2026:00:04:28 +0200] "GET /index.php?loknya=/homepages/13/d818981593/htdocs/GutTrechow/wp-content/plugins/duplicate-post/css HTTP/1.1" 200 9220 s818981589.online.de "-" "Mozilla/5.0 (Windows NT 10.0; WOW64) AppleWebKit/537.36 (KHTML, like Gecko) Chrome/48.0.2564.116 Safari/537.36" "-"
74.7.242.0 - - [21/Sep/2026:00:04:33 +0200] "GET /index.php?loknya=/proc/thread-self/root/proc/thread-self/root/proc/thread-self/root/proc/thread-self/root/proc/thread-self/root/kunden/kunden/proc/thread-self/root/etc/default HTTP/1.1" 429 267 s818981589.online.de "http://s818981589.online.de/index.php?loknya=/proc/thread-self/root/proc/thread-self/root/proc/thread-self/root/proc/thread-self/root/proc/thread-self/root/kunden/kunden/proc/thread-self/root/etc" "Mozilla/5.0 AppleWebKit/537.36 (KHTML, like Gecko; compatible; GPTBot/1.4; +https://openai.com/gptbot)" "-"
116.179.32.0 - - [21/Sep/2026:00:04:34 +0200] "GET /index.php?lokasie=/homepages/13/d818981593/htdocs/GutTrechow/wp-includes/theme-compat/footer-embed.php&loknya=/homepages/13/d818981593/htdocs/GutTrechow/wp-includes/theme-compat HTTP/1.1" 429 267 s818981589.online.de "-" "Mozilla/5.0 (compatible; Baiduspider/2.0; +http://www.baidu.com/search/spider.html)" "-"
116.179.32.0 - - [21/Sep/2026:00:04:34 +0200] "GET /index.php?loknya=/homepages/13/d818981593/htdocs/GutTrechow/wp-content/plugins/updraftplus/css HTTP/1.1" 429 267 s818981589.online.de "-" "Mozilla/5.0 (compatible; Baiduspider/2.0; +http://www.baidu.com/search/spider.html)" "-"
116.179.32.0 - - [21/Sep/2026:00:04:34 +0200] "GET /index.php?lokasie=/homepages/13/d818981593/htdocs/GutTrechow/wp-includes/theme-compat/comments.php&loknya=/homepages/13/d818981593/htdocs/GutTrechow/wp-includes/theme-compat HTTP/1.1" 429 267 s818981589.online.de "-" "Mozilla/5.0 (compatible; Baiduspider/2.0; +http://www.baidu.com/search/spider.html)" "-"
116.179.32.0 - - [21/Sep/2026:00:04:34 +0200] "GET /index.php?lokasie=/homepages/13/d818981593/htdocs/GutTrechow/wp-includes/theme-compat/footer.php&loknya=/homepages/13/d818981593/htdocs/GutTrechow/wp-includes/theme-compat HTTP/1.1" 429 267 s818981589.online.de "-" "Mozilla/5.0 (compatible; Baiduspider/2.0; +http://www.baidu.com/search/spider.html)" "-"
220.181.108.0 - - [21/Sep/2026:00:04:34 +0200] "GET /index.php?lokasie=/homepages/13/d818981593/htdocs/GutTrechow/wp-includes/theme-compat/sidebar.php&loknya=/homepages/13/d818981593/htdocs/GutTrechow/wp-includes/theme-compat HTTP/1.1" 429 267 s818981589.online.de "-" "Mozilla/5.0 (compatible; Baiduspider/2.0; +http://www.baidu.com/search/spider.html)" "-"
119.249.100.0 - - [21/Sep/2026:00:04:34 +0200] "GET /index.php?lokasie=/homepages/13/d818981593/htdocs/GutTrechow/wp-includes/theme-compat/footer-embed.php&loknya=/homepages/13/d818981593/htdocs/GutTrechow/wp-includes/theme-compat HTTP/1.1" 200 4930 s818981589.online.de "-" "Mozilla/5.0 (Windows NT 10.0; WOW64) AppleWebKit/537.36 (KHTML, like Gecko) Chrome/48.0.2564.116 Safari/537.36" "-"
119.249.100.0 - - [21/Sep/2026:00:04:34 +0200] "GET /index.php?loknya=/homepages/13/d818981593/htdocs/GutTrechow/wp-content/plugins/updraftplus/css HTTP/1.1" 200 28880 s818981589.online.de "-" "Mozilla/5.0 (Windows NT 10.0; WOW64) AppleWebKit/537.36 (KHTML, like Gecko) Chrome/48.0.2564.116 Safari/537.36" "-"
111.225.214.0 - - [21/Sep/2026:00:04:34 +0200] "GET /index.php?lokasie=/homepages/13/d818981593/htdocs/GutTrechow/wp-includes/theme-compat/footer.php&loknya=/homepages/13/d818981593/htdocs/GutTrechow/wp-includes/theme-compat HTTP/1.1" 200 5734 s818981589.online.de "-" "Mozilla/5.0 (Windows NT 10.0; WOW64) AppleWebKit/537.36 (KHTML, like Gecko) Chrome/48.0.2564.116 Safari/537.36" "-"
111.225.214.0 - - [21/Sep/2026:00:04:34 +0200] "GET /index.php?lokasie=/homepages/13/d818981593/htdocs/GutTrechow/wp-includes/theme-compat/comments.php&loknya=/homepages/13/d818981593/htdocs/GutTrechow/wp-includes/theme-compat HTTP/1.1" 200 7142 s818981589.online.de "-" "Mozilla/5.0 (Windows NT 10.0; WOW64) AppleWebKit/537.36 (KHTML, like Gecko) Chrome/48.0.2564.116 Safari/537.36" "-"
119.249.100.0 - - [21/Sep/2026:00:04:34 +0200] "GET /index.php?lokasie=/homepages/13/d818981593/htdocs/GutTrechow/wp-includes/theme-compat/sidebar.php&loknya=/homepages/13/d818981593/htdocs/GutTrechow/wp-includes/theme-compat HTTP/1.1" 200 10051 s818981589.online.de "-" "Mozilla/5.0 (Windows NT 10.0; WOW64) AppleWebKit/537.36 (KHTML, like Gecko) Chrome/48.0.2564.116 Safari/537.36" "-"
62.138.6.0 - - [21/Sep/2026:00:04:35 +0200] "GET /index.php?loknya=/homepages/13/d818981593/htdocs/GutTrechow/wp-content/uploads/2023/02 HTTP/1.1" 200 5849 www.gut-trechow.de "-" "Mozilla/5.0 (X11; Linux x86_64) AppleWebKit/537.36 (KHTML, like Gecko) Chrome/124.0.0.0 Safari/537.36" "-"
74.7.227.0 - - [21/Sep/2026:00:04:40 +0200] "GET /index.php?loknya=/proc/thread-self/root/proc/thread-self/root/proc/thread-self/root/proc/thread-self/root/proc/thread-self/root/kunden/kunden/kunden/kunden/kunden/kunden/proc/thread-self/root/lib/apt/methods HTTP/1.1" 200 36877 www.gut-trechow.de "http://www.gut-trechow.de/index.php?loknya=/proc/thread-self/root/proc/thread-self/root/proc/thread-self/root/proc/thread-self/root/proc/thread-self/root/kunden/kunden/kunden/kunden/kunden/kunden/proc/thread-self/root/lib/apt" "Mozilla/5.0 AppleWebKit/537.36 (KHTML, like Gecko; compatible; GPTBot/1.4; +https://openai.com/gptbot)" "-"
74.7.242.0 - - [21/Sep/2026:00:04:41 +0200] "GET /index.php?loknya=/root/root/root/root/root/kunden/kunden/root/kunden/ HTTP/1.1" 429 267 s818981589.online.de "http://s818981589.online.de/index.php?loknya=/proc/root/proc/root/proc/root/proc/root/proc/root/kunden/kunden/proc/root/kunden/proc/" "Mozilla/5.0 AppleWebKit/537.36 (KHTML, like Gecko; compatible; GPTBot/1.4; +https://openai.com/gptbot)" "-"
220.181.108.0 - - [21/Sep/2026:00:04:41 +0200] "GET /index.php?loknya=/homepages/13/d818981593/htdocs/GutTrechow/wp-content/plugins/user-role-editor/lang HTTP/1.1" 429 267 s818981589.online.de "-" "Mozilla/5.0 (compatible; Baiduspider/2.0; +http://www.baidu.com/search/spider.html)" "-"
220.181.108.0 - - [21/Sep/2026:00:04:41 +0200] "GET /index.php?loknya=/homepages/13/d818981593/htdocs/GutTrechow/wp-content/plugins/user-role-editor/css HTTP/1.1" 429 267 s818981589.online.de "-" "Mozilla/5.0 (compatible; Baiduspider/2.0; +http://www.baidu.com/search/spider.html)" "-"
220.181.108.0 - - [21/Sep/2026:00:04:41 +0200] "GET /index.php?lokasie=/homepages/13/d818981593/htdocs/GutTrechow/wp-includes/theme-compat/embed-404.php&loknya=/homepages/13/d818981593/htdocs/GutTrechow/wp-includes/theme-compat HTTP/1.1" 429 267 s818981589.online.de "-" "Mozilla/5.0 (compatible; Baiduspider/2.0; +http://www.baidu.com/search/spider.html)" "-"
116.179.32.0 - - [21/Sep/2026:00:04:42 +0200] "GET /index.php?loknya=/homepages/13/d818981593/htdocs/GutTrechow/wp-content/plugins/user-role-editor/images HTTP/1.1" 429 267 s818981589.online.de "-" "Mozilla/5.0 (compatible; Baiduspider/2.0; +http://www.baidu.com/search/spider.html)" "-"
116.179.32.0 - - [21/Sep/2026:00:04:42 +0200] "GET /index.php?loknya=/homepages/13/d818981593/htdocs/GutTrechow/wp-content/plugins/user-role-editor/includes HTTP/1.1" 429 267 s818981589.online.de "-" "Mozilla/5.0 (compatible; Baiduspider/2.0; +http://www.baidu.com/search/spider.html)" "-"
111.225.214.0 - - [21/Sep/2026:00:04:42 +0200] "GET /index.php?loknya=/homepages/13/d818981593/htdocs/GutTrechow/wp-content/plugins/user-role-editor/lang HTTP/1.1" 200 9201 s818981589.online.de "-" "Mozilla/5.0 (Windows NT 10.0; WOW64) AppleWebKit/537.36 (KHTML, like Gecko) Chrome/48.0.2564.116 Safari/537.36" "-"
119.249.100.0 - - [21/Sep/2026:00:04:42 +0200] "GET /index.php?lokasie=/homepages/13/d818981593/htdocs/GutTrechow/wp-includes/theme-compat/embed-404.php&loknya=/homepages/13/d818981593/htdocs/GutTrechow/wp-includes/theme-compat HTTP/1.1" 200 5662 s818981589.online.de "-" "Mozilla/5.0 (Windows NT 10.0; WOW64) AppleWebKit/537.36 (KHTML, like Gecko) Chrome/48.0.2564.116 Safari/537.36" "-"
119.249.100.0 - - [21/Sep/2026:00:04:42 +0200] "GET /index.php?loknya=/homepages/13/d818981593/htdocs/GutTrechow/wp-content/plugins/user-role-editor/css HTTP/1.1" 200 18616 s818981589.online.de "-" "Mozilla/5.0 (Windows NT 10.0; WOW64) AppleWebKit/537.36 (KHTML, like Gecko) Chrome/48.0.2564.116 Safari/537.36" "-"
119.249.100.0 - - [21/Sep/2026:00:04:42 +0200] "GET /index.php?loknya=/homepages/13/d818981593/htdocs/GutTrechow/wp-content/plugins/user-role-editor/includes HTTP/1.1" 200 15497 s818981589.online.de "-" "Mozilla/5.0 (Windows NT 10.0; WOW64) AppleWebKit/537.36 (KHTML, like Gecko) Chrome/48.0.2564.116 Safari/537.36" "-"
111.225.214.0 - - [21/Sep/2026:00:04:42 +0200] "GET /index.php?loknya=/homepages/13/d818981593/htdocs/GutTrechow/wp-content/plugins/user-role-editor/images HTTP/1.1" 200 25781 s818981589.online.de "-" "Mozilla/5.0 (Windows NT 10.0; WOW64) AppleWebKit/537.36 (KHTML, like Gecko) Chrome/48.0.2564.116 Safari/537.36" "-"
220.181.108.0 - - [21/Sep/2026:00:04:48 +0200] "GET /index.php?loknya=/homepages/13/d818981593/htdocs/GutTrechow/wp-includes/ HTTP/1.1" 429 267 s818981589.online.de "-" "Mozilla/5.0 (compatible; Baiduspider/2.0; +http://www.baidu.com/search/spider.html)" "-"
220.181.108.0 - - [21/Sep/2026:00:04:48 +0200] "GET /index.php?lokasie=/homepages/13/d818981593/htdocs/GutTrechow/wp-includes/theme-compat/header-embed.php&loknya=/homepages/13/d818981593/htdocs/GutTrechow/wp-includes/theme-compat HTTP/1.1" 429 267 s818981589.online.de "-" "Mozilla/5.0 (compatible; Baiduspider/2.0; +http://www.baidu.com/search/spider.html)" "-"
116.179.32.0 - - [21/Sep/2026:00:04:48 +0200] "GET /index.php?lokasie=/homepages/13/d818981593/htdocs/GutTrechow/wp-includes/theme-compat/embed-content.php&loknya=/homepages/13/d818981593/htdocs/GutTrechow/wp-includes/theme-compat HTTP/1.1" 429 267 s818981589.online.de "-" "Mozilla/5.0 (compatible; Baiduspider/2.0; +http://www.baidu.com/search/spider.html)" "-"
220.181.108.0 - - [21/Sep/2026:00:04:49 +0200] "GET /index.php?lokasie=/homepages/13/d818981593/htdocs/GutTrechow/wp-includes/theme-compat/header.php&loknya=/homepages/13/d818981593/htdocs/GutTrechow/wp-includes/theme-compat HTTP/1.1" 429 267 s818981589.online.de "-" "Mozilla/5.0 (compatible; Baiduspider/2.0; +http://www.baidu.com/search/spider.html)" "-"
116.179.32.0 - - [21/Sep/2026:00:04:49 +0200] "GET /index.php?lokasie=/homepages/13/d818981593/htdocs/GutTrechow/wp-includes/theme-compat/embed.php&loknya=/homepages/13/d818981593/htdocs/GutTrechow/wp-includes/theme-compat HTTP/1.1" 429 267 s818981589.online.de "-" "Mozilla/5.0 (compatible; Baiduspider/2.0; +http://www.baidu.com/search/spider.html)" "-"
111.225.214.0 - - [21/Sep/2026:00:04:49 +0200] "GET /index.php?lokasie=/homepages/13/d818981593/htdocs/GutTrechow/wp-includes/theme-compat/header-embed.php&loknya=/homepages/13/d818981593/htdocs/GutTrechow/wp-includes/theme-compat HTTP/1.1" 200 5294 s818981589.online.de "-" "Mozilla/5.0 (Windows NT 10.0; WOW64) AppleWebKit/537.36 (KHTML, like Gecko) Chrome/48.0.2564.116 Safari/537.36" "-"
111.225.214.0 - - [21/Sep/2026:00:04:49 +0200] "GET /index.php?lokasie=/homepages/13/d818981593/htdocs/GutTrechow/wp-includes/theme-compat/embed-content.php&loknya=/homepages/13/d818981593/htdocs/GutTrechow/wp-includes/theme-compat HTTP/1.1" 200 8562 s818981589.online.de "-" "Mozilla/5.0 (Windows NT 10.0; WOW64) AppleWebKit/537.36 (KHTML, like Gecko) Chrome/48.0.2564.116 Safari/537.36" "-"
111.225.214.0 - - [21/Sep/2026:00:04:49 +0200] "GET /index.php?lokasie=/homepages/13/d818981593/htdocs/GutTrechow/wp-includes/theme-compat/header.php&loknya=/homepages/13/d818981593/htdocs/GutTrechow/wp-includes/theme-compat HTTP/1.1" 200 6974 s818981589.online.de "-" "Mozilla/5.0 (Windows NT 10.0; WOW64) AppleWebKit/537.36 (KHTML, like Gecko) Chrome/48.0.2564.116 Safari/537.36" "-"
119.249.100.0 - - [21/Sep/2026:00:04:49 +0200] "GET /index.php?loknya=/homepages/13/d818981593/htdocs/GutTrechow/wp-includes/ HTTP/1.1" 200 423415 s818981589.online.de "-" "Mozilla/5.0 (Windows NT 10.0; WOW64) AppleWebKit/537.36 (KHTML, like Gecko) Chrome/48.0.2564.116 Safari/537.36" "-"
119.249.100.0 - - [21/Sep/2026:00:04:50 +0200] "GET /index.php?lokasie=/homepages/13/d818981593/htdocs/GutTrechow/wp-includes/theme-compat/embed.php&loknya=/homepages/13/d818981593/htdocs/GutTrechow/wp-includes/theme-compat HTTP/1.1" 200 5001 s818981589.online.de "-" "Mozilla/5.0 (Windows NT 10.0; WOW64) AppleWebKit/537.36 (KHTML, like Gecko) Chrome/48.0.2564.116 Safari/537.36" "-"
216.73.216.0 - - [21/Sep/2026:00:04:53 +0200] "GET /index.php?lokasie=%2Fhomepages%2F13%2Fd818981593%2FDASTOOLSTART&loknya=%2Fhomepages%2F13%2Fd818981593 HTTP/1.1" 200 4084 www.gut-trechow.de "-" "Mozilla/5.0 AppleWebKit/537.36 (KHTML, like Gecko; compatible; ClaudeBot/1.0; +claudebot@anthropic.com)" "-"
216.73.216.0 - - [21/Sep/2026:00:04:53 +0200] "GET /index.php?lokasie=%2Fhomepages%2F13%2Fd818981593%2F.htaccess&loknya=%2Fhomepages%2F13%2Fd818981593 HTTP/1.1" 200 4081 www.gut-trechow.de "-" "Mozilla/5.0 AppleWebKit/537.36 (KHTML, like Gecko; compatible; ClaudeBot/1.0; +claudebot@anthropic.com)" "-"
74.7.242.0 - - [21/Sep/2026:00:04:54 +0200] "GET /index.php?loknya=/proc/thread-self/root/proc/thread-self/root/proc/thread-self/root/proc/thread-self/root/proc/thread-self/root/kunden/kunden/etc/default HTTP/1.1" 429 267 s818981589.online.de "http://s818981589.online.de/index.php?loknya=/proc/thread-self/root/proc/thread-self/root/proc/thread-self/root/proc/thread-self/root/proc/thread-self/root/kunden/kunden/etc" "Mozilla/5.0 AppleWebKit/537.36 (KHTML, like Gecko; compatible; GPTBot/1.4; +https://openai.com/gptbot)" "-"
216.73.216.0 - - [21/Sep/2026:00:04:55 +0200] "GET /index.php?lokasie=%2Fhomepages%2F13%2Fd818981593%2F.created&loknya=%2Fhomepages%2F13%2Fd818981593 HTTP/1.1" 200 4091 www.gut-trechow.de "-" "Mozilla/5.0 AppleWebKit/537.36 (KHTML, like Gecko; compatible; ClaudeBot/1.0; +claudebot@anthropic.com)" "-"
216.73.216.0 - - [21/Sep/2026:00:04:55 +0200] "GET /index.php?lokasie=%2Fhomepages%2F13%2Fd818981593%2Fphpinilist&loknya=%2Fhomepages%2F13%2Fd818981593 HTTP/1.1" 200 4082 www.gut-trechow.de "-" "Mozilla/5.0 AppleWebKit/537.36 (KHTML, like Gecko; compatible; ClaudeBot/1.0; +claudebot@anthropic.com)" "-"
220.181.108.0 - - [21/Sep/2026:00:04:56 +0200] "GET /index.php?lokasie=/homepages/13/d818981593/htdocs/GutTrechow/wp-includes/fonts/class-wp-font-collection.php&loknya=/homepages/13/d818981593/htdocs/GutTrechow/wp-includes/fonts HTTP/1.1" 429 267 s818981589.online.de "-" "Mozilla/5.0 (compatible; Baiduspider/2.0; +http://www.baidu.com/search/spider.html)" "-"
220.181.108.0 - - [21/Sep/2026:00:04:56 +0200] "GET /index.php?lokasie=/homepages/13/d818981593/htdocs/GutTrechow/wp-includes/style-engine/class-wp-style-engine.php&loknya=/homepages/13/d818981593/htdocs/GutTrechow/wp-includes/style-engine HTTP/1.1" 429 267 s818981589.online.de "-" "Mozilla/5.0 (compatible; Baiduspider/2.0; +http://www.baidu.com/search/spider.html)" "-"
116.179.32.0 - - [21/Sep/2026:00:04:56 +0200] "GET /index.php?lokasie=/homepages/13/d818981593/htdocs/GutTrechow/wp-includes/style-engine/class-wp-style-engine-css-rule.php&loknya=/homepages/13/d818981593/htdocs/GutTrechow/wp-includes/style-engine HTTP/1.1" 429 267 s818981589.online.de "-" "Mozilla/5.0 (compatible; Baiduspider/2.0; +http://www.baidu.com/search/spider.html)" "-"
116.179.32.0 - - [21/Sep/2026:00:04:56 +0200] "GET /index.php?lokasie=/homepages/13/d818981593/htdocs/GutTrechow/wp-includes/style-engine/class-wp-style-engine-processor.php&loknya=/homepages/13/d818981593/htdocs/GutTrechow/wp-includes/style-engine HTTP/1.1" 429 267 s818981589.online.de "-" "Mozilla/5.0 (compatible; Baiduspider/2.0; +http://www.baidu.com/search/spider.html)" "-"
220.181.108.0 - - [21/Sep/2026:00:04:56 +0200] "GET /index.php?loknya=/homepages/13/d818981593/htdocs/GutTrechow/wp-content/plugins/dpleyejuhq/ HTTP/1.1" 429 267 s818981589.online.de "-" "Mozilla/5.0 (compatible; Baiduspider/2.0; +http://www.baidu.com/search/spider.html)" "-"
119.249.100.0 - - [21/Sep/2026:00:04:56 +0200] "GET /index.php?lokasie=/homepages/13/d818981593/htdocs/GutTrechow/wp-includes/fonts/class-wp-font-collection.php&loknya=/homepages/13/d818981593/htdocs/GutTrechow/wp-includes/fonts HTTP/1.1" 200 14477 s818981589.online.de "-" "Mozilla/5.0 (Windows NT 10.0; WOW64) AppleWebKit/537.36 (KHTML, like Gecko) Chrome/48.0.2564.116 Safari/537.36" "-"
111.225.214.0 - - [21/Sep/2026:00:04:56 +0200] "GET /index.php?lokasie=/homepages/13/d818981593/htdocs/GutTrechow/wp-includes/style-engine/class-wp-style-engine-css-rule.php&loknya=/homepages/13/d818981593/htdocs/GutTrechow/wp-includes/style-engine HTTP/1.1" 200 10833 s818981589.online.de "-" "Mozilla/5.0 (Windows NT 10.0; WOW64) AppleWebKit/537.36 (KHTML, like Gecko) Chrome/48.0.2564.116 Safari/537.36" "-"
119.249.100.0 - - [21/Sep/2026:00:04:56 +0200] "GET /index.php?lokasie=/homepages/13/d818981593/htdocs/GutTrechow/wp-includes/style-engine/class-wp-style-engine-processor.php&loknya=/homepages/13/d818981593/htdocs/GutTrechow/wp-includes/style-engine HTTP/1.1" 200 10133 s818981589.online.de "-" "Mozilla/5.0 (Windows NT 10.0; WOW64) AppleWebKit/537.36 (KHTML, like Gecko) Chrome/48.0.2564.116 Safari/537.36" "-"
119.249.100.0 - - [21/Sep/2026:00:04:56 +0200] "GET /index.php?lokasie=/homepages/13/d818981593/htdocs/GutTrechow/wp-includes/style-engine/class-wp-style-engine.php&loknya=/homepages/13/d818981593/htdocs/GutTrechow/wp-includes/style-engine HTTP/1.1" 200 37181 s818981589.online.de "-" "Mozilla/5.0 (Windows NT 10.0; WOW64) AppleWebKit/537.36 (KHTML, like Gecko) Chrome/48.0.2564.116 Safari/537.36" "-"
111.225.214.0 - - [21/Sep/2026:00:04:56 +0200] "GET /index.php?loknya=/homepages/13/d818981593/htdocs/GutTrechow/wp-content/plugins/dpleyejuhq/ HTTP/1.1" 200 27177 s818981589.online.de "-" "Mozilla/5.0 (Windows NT 10.0; WOW64) AppleWebKit/537.36 (KHTML, like Gecko) Chrome/48.0.2564.116 Safari/537.36" "-"
74.7.227.0 - - [21/Sep/2026:00:04:56 +0200] "GET /index.php?loknya=/proc/thread-self/root/proc/thread-self/root/proc/thread-self/root/proc/thread-self/root/proc/thread-self/root/kunden/proc/thread-self/root/kunden/kunden/kunden/proc/thread-self/root/kunden/etc/logrotate.d HTTP/1.1" 200 21653 www.gut-trechow.de "http://www.gut-trechow.de/index.php?loknya=/proc/thread-self/root/proc/thread-self/root/proc/thread-self/root/proc/thread-self/root/proc/thread-self/root/kunden/proc/thread-self/root/kunden/kunden/kunden/proc/thread-self/root/kunden/etc" "Mozilla/5.0 AppleWebKit/537.36 (KHTML, like Gecko; compatible; GPTBot/1.4; +https://openai.com/gptbot)" "-"
35.202.95.0 - - [21/Sep/2026:00:04:57 +0200] "GET /?lokasie=/homepages/13/d818981593/htdocs/GutTrechow/wp-includes/class-walker-nav-menu.php&loknya=/homepages/13/d818981593/htdocs/GutTrechow/wp-includes HTTP/1.1" 200 17606 s818981589.online.de "-" "Mozilla/5.0 (Macintosh; Intel Mac OS X 10_15_7) AppleWebKit/537.36 (KHTML, like Gecko) Chrome/120.0.0.0 Safari/537.36" "-"
220.181.108.0 - - [21/Sep/2026:00:05:03 +0200] "GET /index.php?lokasie=/homepages/13/d818981593/htdocs/GutTrechow/wp-includes/fonts/dashicons.eot&loknya=/homepages/13/d818981593/htdocs/GutTrechow/wp-includes/fonts HTTP/1.1" 429 267 s818981589.online.de "-" "Mozilla/5.0 (compatible; Baiduspider/2.0; +http://www.baidu.com/search/spider.html)" "-"
