74.7.242.0 - - [21/Sep/2026:00:39:16 +0200] "GET /index.php?loknya=/proc/thread-self/root/proc/thread-self/root/proc/thread-self/root/proc/thread-self/root/proc/thread-self/root/kunden/kunden/proc/thread-self/root/kunden/proc/thread-self/root/var/cache/man/ja HTTP/1.1" 200 17970 s818981589.online.de "http://s818981589.online.de/index.php?loknya=/proc/thread-self/root/proc/thread-self/root/proc/thread-self/root/proc/thread-self/root/proc/thread-self/root/kunden/kunden/proc/thread-self/root/kunden/proc/thread-self/root/var/cache/man" "Mozilla/5.0 AppleWebKit/537.36 (KHTML, like Gecko; compatible; GPTBot/1.4; +https://openai.com/gptbot)" "-"
119.249.100.0 - - [21/Sep/2026:00:39:16 +0200] "GET /impressum/?loknya=/homepages/18/d818448336/.config HTTP/1.1" 200 5274 s818981589.online.de "-" "Mozilla/5.0 (Windows NT 10.0; WOW64) AppleWebKit/537.36 (KHTML, like Gecko) Chrome/48.0.2564.116 Safari/537.36" "-"
119.249.100.0 - - [21/Sep/2026:00:39:16 +0200] "GET /impressum/?loknya=/homepages/18/d821406281/managed HTTP/1.1" 200 5274 s818981589.online.de "-" "Mozilla/5.0 (Windows NT 10.0; WOW64) AppleWebKit/537.36 (KHTML, like Gecko) Chrome/48.0.2564.116 Safari/537.36" "-"
111.225.214.0 - - [21/Sep/2026:00:39:16 +0200] "GET /impressum/?lokasie=/homepages/18/d821406281/htpasswd&loknya=/homepages/18/d821406281 HTTP/1.1" 200 4082 s818981589.online.de "-" "Mozilla/5.0 (Windows NT 10.0; WOW64) AppleWebKit/537.36 (KHTML, like Gecko) Chrome/48.0.2564.116 Safari/537.36" "-"
119.249.100.0 - - [21/Sep/2026:00:39:16 +0200] "GET /impressum/?lokasie=/homepages/18/d818448336/htpasswd&loknya=/homepages/18/d818448336 HTTP/1.1" 200 4082 s818981589.online.de "-" "Mozilla/5.0 (Windows NT 10.0; WOW64) AppleWebKit/537.36 (KHTML, like Gecko) Chrome/48.0.2564.116 Safari/537.36" "-"
216.73.216.0 - - [21/Sep/2026:00:39:17 +0200] "GET /index.php?lokasie=%2Fhomepages%2F13%2Fd818981593%2Fhtdocs%2FGutTrechow%2Fwp-admin%2Fjs%2Ftheme.js&loknya=%2Fhomepages%2F13%2Fd818981593%2Fhtdocs%2FGutTrechow%2Fwp-admin%2Fjs HTTP/1.1" 200 66788 www.gut-trechow.de "-" "Mozilla/5.0 AppleWebKit/537.36 (KHTML, like Gecko; compatible; ClaudeBot/1.0; +claudebot@anthropic.com)" "-"
216.73.216.0 - - [21/Sep/2026:00:39:17 +0200] "GET /sitemap.xml?lokasie=%2Fbin%2Fselect-editor&loknya=%2Fbin HTTP/1.1" 200 7172 www.gut-trechow.de "-" "Mozilla/5.0 AppleWebKit/537.36 (KHTML, like Gecko; compatible; ClaudeBot/1.0; +claudebot@anthropic.com)" "-"
216.73.216.0 - - [21/Sep/2026:00:39:17 +0200] "GET /sitemap.xml?lokasie=%2Fbin%2Frrdinfo&loknya=%2Fbin HTTP/1.1" 200 256883 www.gut-trechow.de "-" "Mozilla/5.0 AppleWebKit/537.36 (KHTML, like Gecko; compatible; ClaudeBot/1.0; +claudebot@anthropic.com)" "-"
216.73.216.0 - - [21/Sep/2026:00:39:17 +0200] "GET /index.php?lokasie=%2Fhomepages%2F13%2Fd818981593%2Fhtdocs%2FGutTrechow%2Fwp-admin%2Fjs%2Firis.min.js&loknya=%2Fhomepages%2F13%2Fd818981593%2Fhtdocs%2FGutTrechow%2Fwp-admin%2Fjs HTTP/1.1" 200 32730 www.gut-trechow.de "-" "Mozilla/5.0 AppleWebKit/537.36 (KHTML, like Gecko; compatible; ClaudeBot/1.0; +claudebot@anthropic.com)" "-"
216.73.216.0 - - [21/Sep/2026:00:39:17 +0200] "GET /index.php?lokasie=%2Fhomepages%2F13%2Fd818981593%2Fhtdocs%2FGutTrechow%2Fwp-admin%2Fjs%2Fuser-profile.js&loknya=%2Fhomepages%2F13%2Fd818981593%2Fhtdocs%2FGutTrechow%2Fwp-admin%2Fjs HTTP/1.1" 200 25508 www.gut-trechow.de "-" "Mozilla/5.0 AppleWebKit/537.36 (KHTML, like Gecko; compatible; ClaudeBot/1.0; +claudebot@anthropic.com)" "-"
216.73.216.0 - - [21/Sep/2026:00:39:17 +0200] "GET /sitemap.xml?lokasie=%2Fbin%2Ffc-validate&loknya=%2Fbin HTTP/1.1" 200 20792 www.gut-trechow.de "-" "Mozilla/5.0 AppleWebKit/537.36 (KHTML, like Gecko; compatible; ClaudeBot/1.0; +claudebot@anthropic.com)" "-"
220.181.108.0 - - [21/Sep/2026:00:39:17 +0200] "GET /impressum/?lokasie=/homepages/18/d818448336/htaccesslist&loknya=/homepages/18/d818448336 HTTP/1.1" 429 267 s818981589.online.de "-" "Mozilla/5.0 (compatible; Baiduspider/2.0; +http://www.baidu.com/search/spider.html)" "-"
111.225.214.0 - - [21/Sep/2026:00:39:17 +0200] "GET /impressum/?lokasie=/homepages/18/d818448336/htaccesslist&loknya=/homepages/18/d818448336 HTTP/1.1" 200 4086 s818981589.online.de "-" "Mozilla/5.0 (Windows NT 10.0; WOW64) AppleWebKit/537.36 (KHTML, like Gecko) Chrome/48.0.2564.116 Safari/537.36" "-"
135.181.213.0 - - [21/Sep/2026:00:39:18 +0200] "GET /?loknya=/homepages/2/d819320734 HTTP/1.1" 429 267 gut-trechow.de "-" "Mozilla/5.0 (compatible; MJ12bot/v1.4.8; http://mj12bot.com/)" "-"
216.73.216.0 - - [21/Sep/2026:00:39:18 +0200] "GET /sitemap.xml?lokasie=%2Fbin%2Fbsd-write&loknya=%2Fbin HTTP/1.1" 200 62729 www.gut-trechow.de "-" "Mozilla/5.0 AppleWebKit/537.36 (KHTML, like Gecko; compatible; ClaudeBot/1.0; +claudebot@anthropic.com)" "-"
216.73.216.0 - - [21/Sep/2026:00:39:18 +0200] "GET /sitemap.xml?lokasie=%2Fbin%2Fppmquantall&loknya=%2Fbin HTTP/1.1" 200 13362 www.gut-trechow.de "-" "Mozilla/5.0 AppleWebKit/537.36 (KHTML, like Gecko; compatible; ClaudeBot/1.0; +claudebot@anthropic.com)" "-"
74.7.227.0 - - [21/Sep/2026:00:39:18 +0200] "GET /index.php?loknya=/proc/thread-self/root/proc/thread-self/root/proc/thread-self/root/proc/thread-self/root/proc/thread-self/root/kunden/proc/thread-self/root/kunden/kunden/kunden/proc/thread-self/root/kunden/kunden/lib/cbi HTTP/1.1" 200 9624 www.gut-trechow.de "http://www.gut-trechow.de/index.php?loknya=/proc/thread-self/root/proc/thread-self/root/proc/thread-self/root/proc/thread-self/root/proc/thread-self/root/kunden/proc/thread-self/root/kunden/kunden/kunden/proc/thread-self/root/kunden/kunden/lib" "Mozilla/5.0 AppleWebKit/537.36 (KHTML, like Gecko; compatible; GPTBot/1.4; +https://openai.com/gptbot)" "-"
216.73.216.0 - - [21/Sep/2026:00:39:18 +0200] "GET /sitemap.xml?lokasie=%2Fbin%2Fphp-config8.5&loknya=%2Fbin HTTP/1.1" 200 9668 www.gut-trechow.de "-" "Mozilla/5.0 AppleWebKit/537.36 (KHTML, like Gecko; compatible; ClaudeBot/1.0; +claudebot@anthropic.com)" "-"
216.73.216.0 - - [21/Sep/2026:00:39:18 +0200] "GET /sitemap.xml?lokasie=%2Fbin%2Frrsync&loknya=%2Fbin HTTP/1.1" 200 19026 www.gut-trechow.de "-" "Mozilla/5.0 AppleWebKit/537.36 (KHTML, like Gecko; compatible; ClaudeBot/1.0; +claudebot@anthropic.com)" "-"
216.73.216.0 - - [21/Sep/2026:00:39:18 +0200] "GET /sitemap.xml?lokasie=%2Fbin%2Fx86_64-linux-gnu-gprof&loknya=%2Fbin HTTP/1.1" 200 147151 www.gut-trechow.de "-" "Mozilla/5.0 AppleWebKit/537.36 (KHTML, like Gecko; compatible; ClaudeBot/1.0; +claudebot@anthropic.com)" "-"
135.181.213.0 - - [21/Sep/2026:00:39:19 +0200] "GET /?loknya=/homepages/2/d819354950 HTTP/1.1" 429 267 gut-trechow.de "-" "Mozilla/5.0 (compatible; MJ12bot/v1.4.8; http://mj12bot.com/)" "-"
216.73.216.0 - - [21/Sep/2026:00:39:19 +0200] "GET /sitemap.xml?lokasie=%2Fbin%2Fnetworkctl&loknya=%2Fbin HTTP/1.1" 200 192468 www.gut-trechow.de "-" "Mozilla/5.0 AppleWebKit/537.36 (KHTML, like Gecko; compatible; ClaudeBot/1.0; +claudebot@anthropic.com)" "-"
216.73.216.0 - - [21/Sep/2026:00:39:19 +0200] "GET /sitemap.xml?lokasie=%2Fbin%2Fvimtutor&loknya=%2Fbin HTTP/1.1" 200 9543 www.gut-trechow.de "-" "Mozilla/5.0 AppleWebKit/537.36 (KHTML, like Gecko; compatible; ClaudeBot/1.0; +claudebot@anthropic.com)" "-"
216.73.216.0 - - [21/Sep/2026:00:39:19 +0200] "GET /sitemap.xml?lokasie=%2Fbin%2Fsensible-editor&loknya=%2Fbin HTTP/1.1" 200 5843 www.gut-trechow.de "-" "Mozilla/5.0 AppleWebKit/537.36 (KHTML, like Gecko; compatible; ClaudeBot/1.0; +claudebot@anthropic.com)" "-"
216.73.216.0 - - [21/Sep/2026:00:39:19 +0200] "GET /index.php?lokasie=%2Fhomepages%2F13%2Fd818981593%2Fhtdocs%2FGutTrechow%2Fwp-admin%2Fjs%2Fnav-menu.js&loknya=%2Fhomepages%2F13%2Fd818981593%2Fhtdocs%2FGutTrechow%2Fwp-admin%2Fjs HTTP/1.1" 200 74355 www.gut-trechow.de "-" "Mozilla/5.0 AppleWebKit/537.36 (KHTML, like Gecko; compatible; ClaudeBot/1.0; +claudebot@anthropic.com)" "-"
216.73.216.0 - - [21/Sep/2026:00:39:19 +0200] "GET /sitemap.xml?lokasie=%2Fbin%2Funame&loknya=%2Fbin HTTP/1.1" 200 63630 www.gut-trechow.de "-" "Mozilla/5.0 AppleWebKit/537.36 (KHTML, like Gecko; compatible; ClaudeBot/1.0; +claudebot@anthropic.com)" "-"
216.73.216.0 - - [21/Sep/2026:00:39:19 +0200] "GET /sitemap.xml?lokasie=%2Fbin%2Fsystemd-notify&loknya=%2Fbin HTTP/1.1" 200 37490 www.gut-trechow.de "-" "Mozilla/5.0 AppleWebKit/537.36 (KHTML, like Gecko; compatible; ClaudeBot/1.0; +claudebot@anthropic.com)" "-"
216.73.216.0 - - [21/Sep/2026:00:39:19 +0200] "GET /index.php?lokasie=%2Fhomepages%2F13%2Fd818981593%2Fhtdocs%2FGutTrechow%2Fwp-admin%2Fjs%2Fimage-edit.min.js&loknya=%2Fhomepages%2F13%2Fd818981593%2Fhtdocs%2FGutTrechow%2Fwp-admin%2Fjs HTTP/1.1" 200 24195 www.gut-trechow.de "-" "Mozilla/5.0 AppleWebKit/537.36 (KHTML, like Gecko; compatible; ClaudeBot/1.0; +claudebot@anthropic.com)" "-"
216.73.216.0 - - [21/Sep/2026:00:39:20 +0200] "GET /index.php?lokasie=%2Fhomepages%2F13%2Fd818981593%2Fhtdocs%2FGutTrechow%2Fwp-admin%2Fjs%2Fupdates.js&loknya=%2Fhomepages%2F13%2Fd818981593%2Fhtdocs%2FGutTrechow%2Fwp-admin%2Fjs HTTP/1.1" 200 130088 www.gut-trechow.de "-" "Mozilla/5.0 AppleWebKit/537.36 (KHTML, like Gecko; compatible; ClaudeBot/1.0; +claudebot@anthropic.com)" "-"
216.73.216.0 - - [21/Sep/2026:00:39:20 +0200] "GET /sitemap.xml?lokasie=%2Fbin%2Fpamsharpness&loknya=%2Fbin HTTP/1.1" 200 19961 www.gut-trechow.de "-" "Mozilla/5.0 AppleWebKit/537.36 (KHTML, like Gecko; compatible; ClaudeBot/1.0; +claudebot@anthropic.com)" "-"
216.73.216.0 - - [21/Sep/2026:00:39:20 +0200] "GET /index.php?lokasie=%2Fhomepages%2F13%2Fd818981593%2Fhtdocs%2FGutTrechow%2Fwp-admin%2Fjs%2Flanguage-chooser.js&loknya=%2Fhomepages%2F13%2Fd818981593%2Fhtdocs%2FGutTrechow%2Fwp-admin%2Fjs HTTP/1.1" 200 5473 www.gut-trechow.de "-" "Mozilla/5.0 AppleWebKit/537.36 (KHTML, like Gecko; compatible; ClaudeBot/1.0; +claudebot@anthropic.com)" "-"
216.73.216.0 - - [21/Sep/2026:00:39:20 +0200] "GET /sitemap.xml?lokasie=%2Fbin%2Faptitude-run-state-bundle&loknya=%2Fbin HTTP/1.1" 200 7318 www.gut-trechow.de "-" "Mozilla/5.0 AppleWebKit/537.36 (KHTML, like Gecko; compatible; ClaudeBot/1.0; +claudebot@anthropic.com)" "-"
216.73.216.0 - - [21/Sep/2026:00:39:20 +0200] "GET /sitemap.xml?lokasie=%2Fbin%2Fsyntax_suggest3.3&loknya=%2Fbin HTTP/1.1" 200 4633 www.gut-trechow.de "-" "Mozilla/5.0 AppleWebKit/537.36 (KHTML, like Gecko; compatible; ClaudeBot/1.0; +claudebot@anthropic.com)" "-"
216.73.216.0 - - [21/Sep/2026:00:39:20 +0200] "GET /sitemap.xml?lokasie=%2Fbin%2Fgprofng-display-html&loknya=%2Fbin HTTP/1.1" 200 702591 www.gut-trechow.de "-" "Mozilla/5.0 AppleWebKit/537.36 (KHTML, like Gecko; compatible; ClaudeBot/1.0; +claudebot@anthropic.com)" "-"
62.138.6.0 - - [21/Sep/2026:00:39:20 +0200] "GET /index.php?loknya=/homepages/13/d818981593/htdocs/GutTrechow/wp-content/plugins/socialtoolspro HTTP/1.1" 200 14626 www.gut-trechow.de "-" "Mozilla/5.0 (X11; Linux x86_64) AppleWebKit/537.36 (KHTML, like Gecko) Chrome/124.0.0.0 Safari/537.36" "-"
216.73.216.0 - - [21/Sep/2026:00:39:20 +0200] "GET /sitemap.xml?lokasie=%2Fbin%2Fpidwait&loknya=%2Fbin HTTP/1.1" 200 54468 www.gut-trechow.de "-" "Mozilla/5.0 AppleWebKit/537.36 (KHTML, like Gecko; compatible; ClaudeBot/1.0; +claudebot@anthropic.com)" "-"
74.7.242.0 - - [21/Sep/2026:00:39:20 +0200] "GET /index.php?loknya=/proc/thread-self/root/proc/thread-self/root/proc/thread-self/root/proc/thread-self/root/proc/thread-self/root/kunden/kunden/proc/thread-self/root/kunden/proc/thread-self/root/var/cache/man/nl HTTP/1.1" 200 19517 s818981589.online.de "http://s818981589.online.de/index.php?loknya=/proc/thread-self/root/proc/thread-self/root/proc/thread-self/root/proc/thread-self/root/proc/thread-self/root/kunden/kunden/proc/thread-self/root/kunden/proc/thread-self/root/var/cache/man" "Mozilla/5.0 AppleWebKit/537.36 (KHTML, like Gecko; compatible; GPTBot/1.4; +https://openai.com/gptbot)" "-"
135.181.213.0 - - [21/Sep/2026:00:39:21 +0200] "GET /?loknya=/homepages/2/d819487020 HTTP/1.1" 429 267 gut-trechow.de "-" "Mozilla/5.0 (compatible; MJ12bot/v1.4.8; http://mj12bot.com/)" "-"
216.73.216.0 - - [21/Sep/2026:00:39:21 +0200] "GET /index.php?lokasie=%2Fhomepages%2F13%2Fd818981593%2Fhtdocs%2FGutTrechow%2Fwp-admin%2Fjs%2Fwidgets.min.js&loknya=%2Fhomepages%2F13%2Fd818981593%2Fhtdocs%2FGutTrechow%2Fwp-admin%2Fjs HTTP/1.1" 200 21100 www.gut-trechow.de "-" "Mozilla/5.0 AppleWebKit/537.36 (KHTML, like Gecko; compatible; ClaudeBot/1.0; +claudebot@anthropic.com)" "-"
216.73.216.0 - - [21/Sep/2026:00:39:21 +0200] "GET /sitemap.xml?lokasie=%2Fbin%2Ftiffsplit&loknya=%2Fbin HTTP/1.1" 200 27647 www.gut-trechow.de "-" "Mozilla/5.0 AppleWebKit/537.36 (KHTML, like Gecko; compatible; ClaudeBot/1.0; +claudebot@anthropic.com)" "-"
216.73.216.0 - - [21/Sep/2026:00:39:21 +0200] "GET /sitemap.xml?lokasie=%2Fbin%2Fhtcacheclean&loknya=%2Fbin HTTP/1.1" 200 50873 www.gut-trechow.de "-" "Mozilla/5.0 AppleWebKit/537.36 (KHTML, like Gecko; compatible; ClaudeBot/1.0; +claudebot@anthropic.com)" "-"
216.73.216.0 - - [21/Sep/2026:00:39:21 +0200] "GET /sitemap.xml?lokasie=%2Fbin%2Fx86_64-linux-gnu-gcc&loknya=%2Fbin HTTP/1.1" 200 1608509 www.gut-trechow.de "-" "Mozilla/5.0 AppleWebKit/537.36 (KHTML, like Gecko; compatible; ClaudeBot/1.0; +claudebot@anthropic.com)" "-"
216.73.216.0 - - [21/Sep/2026:00:39:21 +0200] "GET /sitemap.xml?lokasie=%2Fbin%2Flibtoolize&loknya=%2Fbin HTTP/1.1" 200 156635 www.gut-trechow.de "-" "Mozilla/5.0 AppleWebKit/537.36 (KHTML, like Gecko; compatible; ClaudeBot/1.0; +claudebot@anthropic.com)" "-"
216.73.216.0 - - [21/Sep/2026:00:39:21 +0200] "GET /index.php?lokasie=%2Fhomepages%2F13%2Fd818981593%2Fhtdocs%2FGutTrechow%2Fwp-admin%2Fjs%2Fprivacy-tools.js&loknya=%2Fhomepages%2F13%2Fd818981593%2Fhtdocs%2FGutTrechow%2Fwp-admin%2Fjs HTTP/1.1" 200 16617 www.gut-trechow.de "-" "Mozilla/5.0 AppleWebKit/537.36 (KHTML, like Gecko; compatible; ClaudeBot/1.0; +claudebot@anthropic.com)" "-"
216.73.216.0 - - [21/Sep/2026:00:39:22 +0200] "GET /sitemap.xml?lokasie=%2Fbin%2Fpygettext3&loknya=%2Fbin HTTP/1.1" 200 30516 www.gut-trechow.de "-" "Mozilla/5.0 AppleWebKit/537.36 (KHTML, like Gecko; compatible; ClaudeBot/1.0; +claudebot@anthropic.com)" "-"
135.181.213.0 - - [21/Sep/2026:00:39:22 +0200] "GET /?loknya=/homepages/2/d819533033 HTTP/1.1" 429 267 gut-trechow.de "-" "Mozilla/5.0 (compatible; MJ12bot/v1.4.8; http://mj12bot.com/)" "-"
216.73.216.0 - - [21/Sep/2026:00:39:22 +0200] "GET /index.php?lokasie=%2Fhomepages%2F13%2Fd818981593%2Fhtdocs%2FGutTrechow%2Fwp-content%2Fupdraft%2Fweb.config&loknya=%2Fhomepages%2F13%2Fd818981593%2Fhtdocs%2FGutTrechow%2Fwp-content%2Fupdraft HTTP/1.1" 200 4613 www.gut-trechow.de "-" "Mozilla/5.0 AppleWebKit/537.36 (KHTML, like Gecko; compatible; ClaudeBot/1.0; +claudebot@anthropic.com)" "-"
216.73.216.0 - - [21/Sep/2026:00:39:22 +0200] "GET /index.php?lokasie=%2Fhomepages%2F13%2Fd818981593%2Fhtdocs%2FGutTrechow%2Fwp-admin%2Fjs%2Fcomment.min.js&loknya=%2Fhomepages%2F13%2Fd818981593%2Fhtdocs%2FGutTrechow%2Fwp-admin%2Fjs HTTP/1.1" 200 6263 www.gut-trechow.de "-" "Mozilla/5.0 AppleWebKit/537.36 (KHTML, like Gecko; compatible; ClaudeBot/1.0; +claudebot@anthropic.com)" "-"
216.73.216.0 - - [21/Sep/2026:00:39:22 +0200] "GET /sitemap.xml?lokasie=%2Fbin%2Franlib&loknya=%2Fbin HTTP/1.1" 200 80405 www.gut-trechow.de "-" "Mozilla/5.0 AppleWebKit/537.36 (KHTML, like Gecko; compatible; ClaudeBot/1.0; +claudebot@anthropic.com)" "-"
216.73.216.0 - - [21/Sep/2026:00:39:22 +0200] "GET /sitemap.xml?lokasie=%2Fbin%2Fssh-agent&loknya=%2Fbin HTTP/1.1" 200 612625 www.gut-trechow.de "-" "Mozilla/5.0 AppleWebKit/537.36 (KHTML, like Gecko; compatible; ClaudeBot/1.0; +claudebot@anthropic.com)" "-"
216.73.216.0 - - [21/Sep/2026:00:39:22 +0200] "GET /sitemap.xml?lokasie=%2Fbin%2Fpy3compile&loknya=%2Fbin HTTP/1.1" 200 18378 www.gut-trechow.de "-" "Mozilla/5.0 AppleWebKit/537.36 (KHTML, like Gecko; compatible; ClaudeBot/1.0; +claudebot@anthropic.com)" "-"
216.73.216.0 - - [21/Sep/2026:00:39:22 +0200] "GET /sitemap.xml?lokasie=%2Fbin%2Fapt-cache&loknya=%2Fbin HTTP/1.1" 200 146490 www.gut-trechow.de "-" "Mozilla/5.0 AppleWebKit/537.36 (KHTML, like Gecko; compatible; ClaudeBot/1.0; +claudebot@anthropic.com)" "-"
220.181.108.0 - - [21/Sep/2026:00:39:22 +0200] "GET /impressum/?loknya=/homepages/18/d819775287/managed HTTP/1.1" 429 267 s818981589.online.de "-" "Mozilla/5.0 (compatible; Baiduspider/2.0; +http://www.baidu.com/search/spider.html)" "-"
216.73.216.0 - - [21/Sep/2026:00:39:23 +0200] "GET /index.php?lokasie=%2Fhomepages%2F13%2Fd818981593%2Fhtdocs%2FGutTrechow%2Fwp-admin%2Fjs%2Fcustom-background.js&loknya=%2Fhomepages%2F13%2Fd818981593%2Fhtdocs%2FGutTrechow%2Fwp-admin%2Fjs HTTP/1.1" 200 8244 www.gut-trechow.de "-" "Mozilla/5.0 AppleWebKit/537.36 (KHTML, like Gecko; compatible; ClaudeBot/1.0; +claudebot@anthropic.com)" "-"
216.73.216.0 - - [21/Sep/2026:00:39:23 +0200] "GET /index.php?lokasie=%2Fhomepages%2F13%2Fd818981593%2Fhtdocs%2FGutTrechow%2Fwp-admin%2Fjs%2Fpostbox.js&loknya=%2Fhomepages%2F13%2Fd818981593%2Fhtdocs%2FGutTrechow%2Fwp-admin%2Fjs HTTP/1.1" 200 25113 www.gut-trechow.de "-" "Mozilla/5.0 AppleWebKit/537.36 (KHTML, like Gecko; compatible; ClaudeBot/1.0; +claudebot@anthropic.com)" "-"
216.73.216.0 - - [21/Sep/2026:00:39:23 +0200] "GET /sitemap.xml?lokasie=%2Fbin%2Fwww-browser&loknya=%2Fbin HTTP/1.1" 200 2831858 www.gut-trechow.de "-" "Mozilla/5.0 AppleWebKit/537.36 (KHTML, like Gecko; compatible; ClaudeBot/1.0; +claudebot@anthropic.com)" "-"
216.73.216.0 - - [21/Sep/2026:00:39:23 +0200] "GET /sitemap.xml?lokasie=%2Fbin%2Fdbf_dump&loknya=%2Fbin HTTP/1.1" 200 8697 www.gut-trechow.de "-" "Mozilla/5.0 AppleWebKit/537.36 (KHTML, like Gecko; compatible; ClaudeBot/1.0; +claudebot@anthropic.com)" "-"
216.73.216.0 - - [21/Sep/2026:00:39:23 +0200] "GET /sitemap.xml?lokasie=%2Fbin%2Fsystemd-confext&loknya=%2Fbin HTTP/1.1" 200 110757 www.gut-trechow.de "-" "Mozilla/5.0 AppleWebKit/537.36 (KHTML, like Gecko; compatible; ClaudeBot/1.0; +claudebot@anthropic.com)" "-"
216.73.216.0 - - [21/Sep/2026:00:39:23 +0200] "GET /index.php?lokasie=%2Fhomepages%2F13%2Fd818981593%2Fhtdocs%2FGutTrechow%2Fwp-content%2Fupdraft%2F.htaccess&loknya=%2Fhomepages%2F13%2Fd818981593%2Fhtdocs%2FGutTrechow%2Fwp-content%2Fupdraft HTTP/1.1" 200 4449 www.gut-trechow.de "-" "Mozilla/5.0 AppleWebKit/537.36 (KHTML, like Gecko; compatible; ClaudeBot/1.0; +claudebot@anthropic.com)" "-"
116.179.32.0 - - [21/Sep/2026:00:39:23 +0200] "GET /impressum/?lokasie=/homepages/18/d819775287/DASTOOLSTART&loknya=/homepages/18/d819775287 HTTP/1.1" 429 267 s818981589.online.de "-" "Mozilla/5.0 (compatible; Baiduspider/2.0; +http://www.baidu.com/search/spider.html)" "-"
220.181.108.0 - - [21/Sep/2026:00:39:23 +0200] "GET /impressum/?lokasie=/homepages/18/d818448336/DASTOOLSTART&loknya=/homepages/18/d818448336 HTTP/1.1" 429 267 s818981589.online.de "-" "Mozilla/5.0 (compatible; Baiduspider/2.0; +http://www.baidu.com/search/spider.html)" "-"
220.181.108.0 - - [21/Sep/2026:00:39:23 +0200] "GET /impressum/?lokasie=/homepages/18/d819775287/.created&loknya=/homepages/18/d819775287 HTTP/1.1" 429 267 s818981589.online.de "-" "Mozilla/5.0 (compatible; Baiduspider/2.0; +http://www.baidu.com/search/spider.html)" "-"
116.179.32.0 - - [21/Sep/2026:00:39:23 +0200] "GET /impressum/?lokasie=/homepages/18/d818448336/.created&loknya=/homepages/18/d818448336 HTTP/1.1" 429 267 s818981589.online.de "-" "Mozilla/5.0 (compatible; Baiduspider/2.0; +http://www.baidu.com/search/spider.html)" "-"
119.249.100.0 - - [21/Sep/2026:00:39:23 +0200] "GET /impressum/?loknya=/homepages/18/d819775287/managed HTTP/1.1" 200 5275 s818981589.online.de "-" "Mozilla/5.0 (Windows NT 10.0; WOW64) AppleWebKit/537.36 (KHTML, like Gecko) Chrome/48.0.2564.116 Safari/537.36" "-"
111.225.214.0 - - [21/Sep/2026:00:39:23 +0200] "GET /impressum/?lokasie=/homepages/18/d819775287/DASTOOLSTART&loknya=/homepages/18/d819775287 HTTP/1.1" 200 4086 s818981589.online.de "-" "Mozilla/5.0 (Windows NT 10.0; WOW64) AppleWebKit/537.36 (KHTML, like Gecko) Chrome/48.0.2564.116 Safari/537.36" "-"
74.7.242.0 - - [21/Sep/2026:00:39:23 +0200] "GET /index.php?loknya=/proc/thread-self/root/proc/thread-self/root/proc/thread-self/root/proc/thread-self/root/proc/thread-self/root/kunden/kunden/proc/thread-self/root/kunden/proc/thread-self/root/var/cache/man/fi HTTP/1.1" 200 16423 s818981589.online.de "http://s818981589.online.de/index.php?loknya=/proc/thread-self/root/proc/thread-self/root/proc/thread-self/root/proc/thread-self/root/proc/thread-self/root/kunden/kunden/proc/thread-self/root/kunden/proc/thread-self/root/var/cache/man" "Mozilla/5.0 AppleWebKit/537.36 (KHTML, like Gecko; compatible; GPTBot/1.4; +https://openai.com/gptbot)" "-"
119.249.100.0 - - [21/Sep/2026:00:39:23 +0200] "GET /impressum/?lokasie=/homepages/18/d818448336/DASTOOLSTART&loknya=/homepages/18/d818448336 HTTP/1.1" 200 4085 s818981589.online.de "-" "Mozilla/5.0 (Windows NT 10.0; WOW64) AppleWebKit/537.36 (KHTML, like Gecko) Chrome/48.0.2564.116 Safari/537.36" "-"
119.249.100.0 - - [21/Sep/2026:00:39:23 +0200] "GET /impressum/?lokasie=/homepages/18/d819775287/.created&loknya=/homepages/18/d819775287 HTTP/1.1" 200 4093 s818981589.online.de "-" "Mozilla/5.0 (Windows NT 10.0; WOW64) AppleWebKit/537.36 (KHTML, like Gecko) Chrome/48.0.2564.116 Safari/537.36" "-"
135.181.213.0 - - [21/Sep/2026:00:39:24 +0200] "GET /?loknya=/homepages/2/d819694995 HTTP/1.1" 429 267 gut-trechow.de "-" "Mozilla/5.0 (compatible; MJ12bot/v1.4.8; http://mj12bot.com/)" "-"
216.73.216.0 - - [21/Sep/2026:00:39:24 +0200] "GET /index.php?lokasie=%2Fhomepages%2F13%2Fd818981593%2Fhtdocs%2FGutTrechow%2Fwp-admin%2Fjs%2Finline-edit-post.js&loknya=%2Fhomepages%2F13%2Fd818981593%2Fhtdocs%2FGutTrechow%2Fwp-admin%2Fjs HTTP/1.1" 200 28666 www.gut-trechow.de "-" "Mozilla/5.0 AppleWebKit/537.36 (KHTML, like Gecko; compatible; ClaudeBot/1.0; +claudebot@anthropic.com)" "-"
216.73.216.0 - - [21/Sep/2026:00:39:24 +0200] "GET /index.php?lokasie=%2Fhomepages%2F13%2Fd818981593%2Fhtdocs%2FGutTrechow%2Fwp-admin%2Fjs%2Fauth-app.min.js&loknya=%2Fhomepages%2F13%2Fd818981593%2Fhtdocs%2FGutTrechow%2Fwp-admin%2Fjs HTTP/1.1" 200 7202 www.gut-trechow.de "-" "Mozilla/5.0 AppleWebKit/537.36 (KHTML, like Gecko; compatible; ClaudeBot/1.0; +claudebot@anthropic.com)" "-"
216.73.216.0 - - [21/Sep/2026:00:39:24 +0200] "GET /sitemap.xml?lokasie=%2Fbin%2Fnetstat&loknya=%2Fbin HTTP/1.1" 200 62727 www.gut-trechow.de "-" "Mozilla/5.0 AppleWebKit/537.36 (KHTML, like Gecko; compatible; ClaudeBot/1.0; +claudebot@anthropic.com)" "-"
216.73.216.0 - - [21/Sep/2026:00:39:24 +0200] "GET /index.php?lokasie=%2Fhomepages%2F13%2Fd818981593%2Fhtdocs%2FGutTrechow%2Fwp-admin%2Fjs%2Fpost.js&loknya=%2Fhomepages%2F13%2Fd818981593%2Fhtdocs%2FGutTrechow%2Fwp-admin%2Fjs HTTP/1.1" 200 50495 www.gut-trechow.de "-" "Mozilla/5.0 AppleWebKit/537.36 (KHTML, like Gecko; compatible; ClaudeBot/1.0; +claudebot@anthropic.com)" "-"
216.73.216.0 - - [21/Sep/2026:00:39:24 +0200] "GET /sitemap.xml?lokasie=%2Fbin%2Funexpand&loknya=%2Fbin HTTP/1.1" 200 71016 www.gut-trechow.de "-" "Mozilla/5.0 AppleWebKit/537.36 (KHTML, like Gecko; compatible; ClaudeBot/1.0; +claudebot@anthropic.com)" "-"
119.249.100.0 - - [21/Sep/2026:00:39:24 +0200] "GET /impressum/?lokasie=/homepages/18/d818448336/.created&loknya=/homepages/18/d818448336 HTTP/1.1" 200 4093 s818981589.online.de "-" "Mozilla/5.0 (Windows NT 10.0; WOW64) AppleWebKit/537.36 (KHTML, like Gecko) Chrome/48.0.2564.116 Safari/537.36" "-"
135.181.213.0 - - [21/Sep/2026:00:39:25 +0200] "GET /?loknya=/homepages/2/d819773062 HTTP/1.1" 429 267 gut-trechow.de "-" "Mozilla/5.0 (compatible; MJ12bot/v1.4.8; http://mj12bot.com/)" "-"
216.73.216.0 - - [21/Sep/2026:00:39:25 +0200] "GET /sitemap.xml?lokasie=%2Fbin%2Fdb_dump&loknya=%2Fbin HTTP/1.1" 200 26644 www.gut-trechow.de "-" "Mozilla/5.0 AppleWebKit/537.36 (KHTML, like Gecko; compatible; ClaudeBot/1.0; +claudebot@anthropic.com)" "-"
216.73.216.0 - - [21/Sep/2026:00:39:25 +0200] "GET /sitemap.xml?lokasie=%2Fbin%2Fmkdir&loknya=%2Fbin HTTP/1.1" 200 133334 www.gut-trechow.de "-" "Mozilla/5.0 AppleWebKit/537.36 (KHTML, like Gecko; compatible; ClaudeBot/1.0; +claudebot@anthropic.com)" "-"
216.73.216.0 - - [21/Sep/2026:00:39:25 +0200] "GET /index.php?lokasie=%2Fhomepages%2F13%2Fd818981593%2Fhtdocs%2FGutTrechow%2Fwp-admin%2Fjs%2Fpassword-toggle.min.js&loknya=%2Fhomepages%2F13%2Fd818981593%2Fhtdocs%2FGutTrechow%2Fwp-admin%2Fjs HTTP/1.1" 200 5503 www.gut-trechow.de "-" "Mozilla/5.0 AppleWebKit/537.36 (KHTML, like Gecko; compatible; ClaudeBot/1.0; +claudebot@anthropic.com)" "-"
216.73.216.0 - - [21/Sep/2026:00:39:25 +0200] "GET /sitemap.xml?lokasie=%2Fbin%2Fpy3versions&loknya=%2Fbin HTTP/1.1" 200 18164 www.gut-trechow.de "-" "Mozilla/5.0 AppleWebKit/537.36 (KHTML, like Gecko; compatible; ClaudeBot/1.0; +claudebot@anthropic.com)" "-"
216.73.216.0 - - [21/Sep/2026:00:39:25 +0200] "GET /sitemap.xml?lokasie=%2Fbin%2Funshar&loknya=%2Fbin HTTP/1.1" 200 188059 www.gut-trechow.de "-" "Mozilla/5.0 AppleWebKit/537.36 (KHTML, like Gecko; compatible; ClaudeBot/1.0; +claudebot@anthropic.com)" "-"
216.73.216.0 - - [21/Sep/2026:00:39:25 +0200] "GET /sitemap.xml?lokasie=%2Fbin%2Fsystemd-run&loknya=%2Fbin HTTP/1.1" 200 121894 www.gut-trechow.de "-" "Mozilla/5.0 AppleWebKit/537.36 (KHTML, like Gecko; compatible; ClaudeBot/1.0; +claudebot@anthropic.com)" "-"
216.73.216.0 - - [21/Sep/2026:00:39:25 +0200] "GET /index.php?lokasie=%2Fhomepages%2F13%2Fd818981593%2Fhtdocs%2FGutTrechow%2Fwp-admin%2Fjs%2Fdashboard.min.js&loknya=%2Fhomepages%2F13%2Fd818981593%2Fhtdocs%2FGutTrechow%2Fwp-admin%2Fjs HTTP/1.1" 200 15746 www.gut-trechow.de "-" "Mozilla/5.0 AppleWebKit/537.36 (KHTML, like Gecko; compatible; ClaudeBot/1.0; +claudebot@anthropic.com)" "-"
216.73.216.0 - - [21/Sep/2026:00:39:26 +0200] "GET /sitemap.xml?lokasie=%2Fbin%2Fkill&loknya=%2Fbin HTTP/1.1" 200 31368 www.gut-trechow.de "-" "Mozilla/5.0 AppleWebKit/537.36 (KHTML, like Gecko; compatible; ClaudeBot/1.0; +claudebot@anthropic.com)" "-"
216.73.216.0 - - [21/Sep/2026:00:39:26 +0200] "GET /sitemap.xml?lokasie=%2Fbin%2Frealpath&loknya=%2Fbin HTTP/1.1" 200 83839 www.gut-trechow.de "-" "Mozilla/5.0 AppleWebKit/537.36 (KHTML, like Gecko; compatible; ClaudeBot/1.0; +claudebot@anthropic.com)" "-"
216.73.216.0 - - [21/Sep/2026:00:39:26 +0200] "GET /sitemap.xml?lokasie=%2Fbin%2Fsystemctl&loknya=%2Fbin HTTP/1.1" 200 439430 www.gut-trechow.de "-" "Mozilla/5.0 AppleWebKit/537.36 (KHTML, like Gecko; compatible; ClaudeBot/1.0; +claudebot@anthropic.com)" "-"
216.73.216.0 - - [21/Sep/2026:00:39:26 +0200] "GET /index.php?lokasie=%2Fhomepages%2F13%2Fd818981593%2Fhtdocs%2FGutTrechow%2Fwp-admin%2Fjs%2Fuser-suggest.js&loknya=%2Fhomepages%2F13%2Fd818981593%2Fhtdocs%2FGutTrechow%2Fwp-admin%2Fjs HTTP/1.1" 200 6960 www.gut-trechow.de "-" "Mozilla/5.0 AppleWebKit/537.36 (KHTML, like Gecko; compatible; ClaudeBot/1.0; +claudebot@anthropic.com)" "-"
216.73.216.0 - - [21/Sep/2026:00:39:26 +0200] "GET /sitemap.xml?lokasie=%2Fbin%2Fppmforge&loknya=%2Fbin HTTP/1.1" 200 34271 www.gut-trechow.de "-" "Mozilla/5.0 AppleWebKit/537.36 (KHTML, like Gecko; compatible; ClaudeBot/1.0; +claudebot@anthropic.com)" "-"
216.73.216.0 - - [21/Sep/2026:00:39:26 +0200] "GET /sitemap.xml?lokasie=%2Fbin%2Fperl5.40-x86_64-linux-gnu&loknya=%2Fbin HTTP/1.1" 200 19758 www.gut-trechow.de "-" "Mozilla/5.0 AppleWebKit/537.36 (KHTML, like Gecko; compatible; ClaudeBot/1.0; +claudebot@anthropic.com)" "-"
74.7.242.0 - - [21/Sep/2026:00:39:26 +0200] "GET /index.php?loknya=/proc/thread-self/root/proc/thread-self/root/proc/thread-self/root/proc/thread-self/root/proc/thread-self/root/kunden/kunden/proc/thread-self/root/kunden/proc/thread-self/root/var/cache/man/ko HTTP/1.1" 200 19519 s818981589.online.de "http://s818981589.online.de/index.php?loknya=/proc/thread-self/root/proc/thread-self/root/proc/thread-self/root/proc/thread-self/root/proc/thread-self/root/kunden/kunden/proc/thread-self/root/kunden/proc/thread-self/root/var/cache/man" "Mozilla/5.0 AppleWebKit/537.36 (KHTML, like Gecko; compatible; GPTBot/1.4; +https://openai.com/gptbot)" "-"
135.181.213.0 - - [21/Sep/2026:00:39:27 +0200] "GET /?loknya=/homepages/2/d820283952 HTTP/1.1" 429 267 gut-trechow.de "-" "Mozilla/5.0 (compatible; MJ12bot/v1.4.8; http://mj12bot.com/)" "-"
216.73.216.0 - - [21/Sep/2026:00:39:27 +0200] "GET /sitemap.xml?lokasie=%2Fbin%2Fsystemd-mount&loknya=%2Fbin HTTP/1.1" 200 79801 www.gut-trechow.de "-" "Mozilla/5.0 AppleWebKit/537.36 (KHTML, like Gecko; compatible; ClaudeBot/1.0; +claudebot@anthropic.com)" "-"
216.73.216.0 - - [21/Sep/2026:00:39:27 +0200] "GET /index.php?lokasie=%2Fhomepages%2F13%2Fd818981593%2Fhtdocs%2FGutTrechow%2Fwp-admin%2Fjs%2Ffarbtastic.js&loknya=%2Fhomepages%2F13%2Fd818981593%2Fhtdocs%2FGutTrechow%2Fwp-admin%2Fjs HTTP/1.1" 200 12992 www.gut-trechow.de "-" "Mozilla/5.0 AppleWebKit/537.36 (KHTML, like Gecko; compatible; ClaudeBot/1.0; +claudebot@anthropic.com)" "-"
216.73.216.0 - - [21/Sep/2026:00:39:27 +0200] "GET /index.php?lokasie=%2Fhomepages%2F13%2Fd818981593%2Fhtdocs%2FGutTrechow%2Fwp-admin%2Fjs%2Fcommon.min.js&loknya=%2Fhomepages%2F13%2Fd818981593%2Fhtdocs%2FGutTrechow%2Fwp-admin%2Fjs HTTP/1.1" 200 35029 www.gut-trechow.de "-" "Mozilla/5.0 AppleWebKit/537.36 (KHTML, like Gecko; compatible; ClaudeBot/1.0; +claudebot@anthropic.com)" "-"
216.73.216.0 - - [21/Sep/2026:00:39:27 +0200] "GET /sitemap.xml?lokasie=%2Fbin%2Fmanpath&loknya=%2Fbin HTTP/1.1" 200 53368 www.gut-trechow.de "-" "Mozilla/5.0 AppleWebKit/537.36 (KHTML, like Gecko; compatible; ClaudeBot/1.0; +claudebot@anthropic.com)" "-"
216.73.216.0 - - [21/Sep/2026:00:39:27 +0200] "GET /sitemap.xml?lokasie=%2Fbin%2Fdb5.3_replicate&loknya=%2Fbin HTTP/1.1" 200 21872 www.gut-trechow.de "-" "Mozilla/5.0 AppleWebKit/537.36 (KHTML, like Gecko; compatible; ClaudeBot/1.0; +claudebot@anthropic.com)" "-"
216.73.216.0 - - [21/Sep/2026:00:39:27 +0200] "GET /sitemap.xml?lokasie=%2Fbin%2Fdbiproxy&loknya=%2Fbin HTTP/1.1" 200 9676 www.gut-trechow.de "-" "Mozilla/5.0 AppleWebKit/537.36 (KHTML, like Gecko; compatible; ClaudeBot/1.0; +claudebot@anthropic.com)" "-"
216.73.216.0 - - [21/Sep/2026:00:39:27 +0200] "GET /sitemap.xml?lokasie=%2Fbin%2Fx86_64-linux-gnu-strip&loknya=%2Fbin HTTP/1.1" 200 248557 www.gut-trechow.de "-" "Mozilla/5.0 AppleWebKit/537.36 (KHTML, like Gecko; compatible; ClaudeBot/1.0; +claudebot@anthropic.com)" "-"
216.73.216.0 - - [21/Sep/2026:00:39:28 +0200] "GET /index.php?lokasie=%2Fhomepages%2F13%2Fd818981593%2Fhtdocs%2FGutTrechow%2Fwp-admin%2Fjs%2Fset-post-thumbnail.min.js&loknya=%2Fhomepages%2F13%2Fd818981593%2Fhtdocs%2FGutTrechow%2Fwp-admin%2Fjs HTTP/1.1" 200 5129 www.gut-trechow.de "-" "Mozilla/5.0 AppleWebKit/537.36 (KHTML, like Gecko; compatible; ClaudeBot/1.0; +claudebot@anthropic.com)" "-"
135.181.213.0 - - [21/Sep/2026:00:39:28 +0200] "GET /?loknya=/homepages/2/d820501515 HTTP/1.1" 429 267 gut-trechow.de "-" "Mozilla/5.0 (compatible; MJ12bot/v1.4.8; http://mj12bot.com/)" "-"
216.73.216.0 - - [21/Sep/2026:00:39:28 +0200] "GET /index.php?lokasie=%2Fhomepages%2F13%2Fd818981593%2Fhtdocs%2FGutTrechow%2Fwp-admin%2Fjs%2Fapplication-passwords.min.js&loknya=%2Fhomepages%2F13%2Fd818981593%2Fhtdocs%2FGutTrechow%2Fwp-admin%2Fjs HTTP/1.1" 200 8338 www.gut-trechow.de "-" "Mozilla/5.0 AppleWebKit/537.36 (KHTML, like Gecko; compatible; ClaudeBot/1.0; +claudebot@anthropic.com)" "-"
216.73.216.0 - - [21/Sep/2026:00:39:28 +0200] "GET /sitemap.xml?lokasie=%2Fbin%2Fawk&loknya=%2Fbin HTTP/1.1" 429 267 www.gut-trechow.de "-" "Mozilla/5.0 AppleWebKit/537.36 (KHTML, like Gecko; compatible; ClaudeBot/1.0; +claudebot@anthropic.com)" "-"
216.73.216.0 - - [21/Sep/2026:00:39:28 +0200] "GET /sitemap.xml?lokasie=%2Fbin%2Fmispipe&loknya=%2Fbin HTTP/1.1" 200 19705 www.gut-trechow.de "-" "Mozilla/5.0 AppleWebKit/537.36 (KHTML, like Gecko; compatible; ClaudeBot/1.0; +claudebot@anthropic.com)" "-"
216.73.216.0 - - [21/Sep/2026:00:39:28 +0200] "GET /sitemap.xml?lokasie=%2Fbin%2Fsort&loknya=%2Fbin HTTP/1.1" 429 267 www.gut-trechow.de "-" "Mozilla/5.0 AppleWebKit/537.36 (KHTML, like Gecko; compatible; ClaudeBot/1.0; +claudebot@anthropic.com)" "-"
216.73.216.0 - - [21/Sep/2026:00:39:28 +0200] "GET /index.php?lokasie=%2Fhomepages%2F13%2Fd818981593%2Fhtdocs%2FGutTrechow%2Fwp-admin%2Fjs%2Ftheme.min.js&loknya=%2Fhomepages%2F13%2Fd818981593%2Fhtdocs%2FGutTrechow%2Fwp-admin%2Fjs HTTP/1.1" 200 37708 www.gut-trechow.de "-" "Mozilla/5.0 AppleWebKit/537.36 (KHTML, like Gecko; compatible; ClaudeBot/1.0; +claudebot@anthropic.com)" "-"
216.73.216.0 - - [21/Sep/2026:00:39:28 +0200] "GET /sitemap.xml?lokasie=%2Fbin%2Fg++&loknya=%2Fbin HTTP/1.1" 200 3946 www.gut-trechow.de "-" "Mozilla/5.0 AppleWebKit/537.36 (KHTML, like Gecko; compatible; ClaudeBot/1.0; +claudebot@anthropic.com)" "-"
74.7.242.0 - - [21/Sep/2026:00:39:28 +0200] "GET /index.php?loknya=/proc/thread-self/root/proc/thread-self/root/proc/thread-self/root/proc/thread-self/root/proc/thread-self/root/kunden/kunden/proc/thread-self/root/kunden/proc/thread-self/root/var/cache/man/ru/ HTTP/1.1" 200 17986 s818981589.online.de "http://s818981589.online.de/index.php?loknya=/proc/thread-self/root/proc/thread-self/root/proc/thread-self/root/proc/thread-self/root/proc/thread-self/root/kunden/kunden/proc/thread-self/root/kunden/proc/thread-self/root/var/cache/man/ru/cat5" "Mozilla/5.0 AppleWebKit/537.36 (KHTML, like Gecko; compatible; GPTBot/1.4; +https://openai.com/gptbot)" "-"
216.73.216.0 - - [21/Sep/2026:00:39:29 +0200] "GET /sitemap.xml?lokasie=%2Fbin%2Fsystemd-ask-password&loknya=%2Fbin HTTP/1.1" 429 267 www.gut-trechow.de "-" "Mozilla/5.0 AppleWebKit/537.36 (KHTML, like Gecko; compatible; ClaudeBot/1.0; +claudebot@anthropic.com)" "-"
216.73.216.0 - - [21/Sep/2026:00:39:29 +0200] "GET /index.php?lokasie=%2Fhomepages%2F13%2Fd818981593%2Fhtdocs%2FGutTrechow%2Fwp-admin%2Fjs%2Fuser-profile.min.js&loknya=%2Fhomepages%2F13%2Fd818981593%2Fhtdocs%2FGutTrechow%2Fwp-admin%2Fjs HTTP/1.1" 429 267 www.gut-trechow.de "-" "Mozilla/5.0 AppleWebKit/537.36 (KHTML, like Gecko; compatible; ClaudeBot/1.0; +claudebot@anthropic.com)" "-"
216.73.216.0 - - [21/Sep/2026:00:39:29 +0200] "GET /sitemap.xml?lokasie=%2Fbin%2Fsha224sum&loknya=%2Fbin HTTP/1.1" 429 267 www.gut-trechow.de "-" "Mozilla/5.0 AppleWebKit/537.36 (KHTML, like Gecko; compatible; ClaudeBot/1.0; +claudebot@anthropic.com)" "-"
216.73.216.0 - - [21/Sep/2026:00:39:29 +0200] "GET /sitemap.xml?lokasie=%2Fbin%2Fvmstat&loknya=%2Fbin HTTP/1.1" 429 267 www.gut-trechow.de "-" "Mozilla/5.0 AppleWebKit/537.36 (KHTML, like Gecko; compatible; ClaudeBot/1.0; +claudebot@anthropic.com)" "-"
216.73.216.0 - - [21/Sep/2026:00:39:29 +0200] "GET /sitemap.xml?lokasie=%2Fbin%2Fperror&loknya=%2Fbin HTTP/1.1" 429 267 www.gut-trechow.de "-" "Mozilla/5.0 AppleWebKit/537.36 (KHTML, like Gecko; compatible; ClaudeBot/1.0; +claudebot@anthropic.com)" "-"
135.181.213.0 - - [21/Sep/2026:00:39:30 +0200] "GET /?loknya=/homepages/2/d820674146 HTTP/1.1" 429 267 gut-trechow.de "-" "Mozilla/5.0 (compatible; MJ12bot/v1.4.8; http://mj12bot.com/)" "-"
116.179.32.0 - - [21/Sep/2026:00:39:30 +0200] "GET /impressum/?lokasie=/homepages/18/d818445516/.created&loknya=/homepages/18/d818445516 HTTP/1.1" 429 267 s818981589.online.de "-" "Mozilla/5.0 (compatible; Baiduspider/2.0; +http://www.baidu.com/search/spider.html)" "-"
116.179.32.0 - - [21/Sep/2026:00:39:30 +0200] "GET /impressum/?lokasie=/homepages/18/d819775287/htpasswd&loknya=/homepages/18/d819775287 HTTP/1.1" 429 267 s818981589.online.de "-" "Mozilla/5.0 (compatible; Baiduspider/2.0; +http://www.baidu.com/search/spider.html)" "-"
116.179.32.0 - - [21/Sep/2026:00:39:30 +0200] "GET /impressum/?loknya=/homepages/18/d819775287/.config HTTP/1.1" 429 267 s818981589.online.de "-" "Mozilla/5.0 (compatible; Baiduspider/2.0; +http://www.baidu.com/search/spider.html)" "-"
220.181.108.0 - - [21/Sep/2026:00:39:30 +0200] "GET /impressum/?lokasie=/homepages/18/d819775287/phpinilist&loknya=/homepages/18/d819775287 HTTP/1.1" 429 267 s818981589.online.de "-" "Mozilla/5.0 (compatible; Baiduspider/2.0; +http://www.baidu.com/search/spider.html)" "-"
74.7.242.0 - - [21/Sep/2026:00:39:30 +0200] "GET /index.php?loknya=/proc/thread-self/root/proc/thread-self/root/proc/thread-self/root/proc/thread-self/root/proc/thread-self/root/kunden/kunden/proc/thread-self/root/kunden/proc/thread-self/root/var/cache/man/pl HTTP/1.1" 200 19519 s818981589.online.de "http://s818981589.online.de/index.php?loknya=/proc/thread-self/root/proc/thread-self/root/proc/thread-self/root/proc/thread-self/root/proc/thread-self/root/kunden/kunden/proc/thread-self/root/kunden/proc/thread-self/root/var/cache/man" "Mozilla/5.0 AppleWebKit/537.36 (KHTML, like Gecko; compatible; GPTBot/1.4; +https://openai.com/gptbot)" "-"
220.181.108.0 - - [21/Sep/2026:00:39:30 +0200] "GET /impressum/?lokasie=/homepages/18/d819775287/htaccesslist&loknya=/homepages/18/d819775287 HTTP/1.1" 429 267 s818981589.online.de "-" "Mozilla/5.0 (compatible; Baiduspider/2.0; +http://www.baidu.com/search/spider.html)" "-"
119.249.100.0 - - [21/Sep/2026:00:39:30 +0200] "GET /impressum/?lokasie=/homepages/18/d819775287/htpasswd&loknya=/homepages/18/d819775287 HTTP/1.1" 200 4082 s818981589.online.de "-" "Mozilla/5.0 (Windows NT 10.0; WOW64) AppleWebKit/537.36 (KHTML, like Gecko) Chrome/48.0.2564.116 Safari/537.36" "-"
119.249.100.0 - - [21/Sep/2026:00:39:30 +0200] "GET /impressum/?lokasie=/homepages/18/d818445516/.created&loknya=/homepages/18/d818445516 HTTP/1.1" 200 4092 s818981589.online.de "-" "Mozilla/5.0 (Windows NT 10.0; WOW64) AppleWebKit/537.36 (KHTML, like Gecko) Chrome/48.0.2564.116 Safari/537.36" "-"
216.73.216.0 - - [21/Sep/2026:00:39:31 +0200] "GET /sitemap.xml?lokasie=%2Fbin%2Fpathchk&loknya=%2Fbin HTTP/1.1" 429 267 www.gut-trechow.de "-" "Mozilla/5.0 AppleWebKit/537.36 (KHTML, like Gecko; compatible; ClaudeBot/1.0; +claudebot@anthropic.com)" "-"
216.73.216.0 - - [21/Sep/2026:00:39:31 +0200] "GET /sitemap.xml?lokasie=%2Fbin%2Fjson_pp&loknya=%2Fbin HTTP/1.1" 429 267 www.gut-trechow.de "-" "Mozilla/5.0 AppleWebKit/537.36 (KHTML, like Gecko; compatible; ClaudeBot/1.0; +claudebot@anthropic.com)" "-"
216.73.216.0 - - [21/Sep/2026:00:39:31 +0200] "GET /sitemap.xml?lokasie=%2Fbin%2Fpkg-config&loknya=%2Fbin HTTP/1.1" 429 267 www.gut-trechow.de "-" "Mozilla/5.0 AppleWebKit/537.36 (KHTML, like Gecko; compatible; ClaudeBot/1.0; +claudebot@anthropic.com)" "-"
216.73.216.0 - - [21/Sep/2026:00:39:31 +0200] "GET /sitemap.xml?lokasie=%2Fbin%2Fischroot&loknya=%2Fbin HTTP/1.1" 429 267 www.gut-trechow.de "-" "Mozilla/5.0 AppleWebKit/537.36 (KHTML, like Gecko; compatible; ClaudeBot/1.0; +claudebot@anthropic.com)" "-"
216.73.216.0 - - [21/Sep/2026:00:39:31 +0200] "GET /sitemap.xml?lokasie=%2Fbin%2Frksh&loknya=%2Fbin HTTP/1.1" 429 267 www.gut-trechow.de "-" "Mozilla/5.0 AppleWebKit/537.36 (KHTML, like Gecko; compatible; ClaudeBot/1.0; +claudebot@anthropic.com)" "-"
216.73.216.0 - - [21/Sep/2026:00:39:31 +0200] "GET /index.php?lokasie=%2Fhomepages%2F13%2Fd818981593%2Fhtdocs%2FGutTrechow%2Fwp-admin%2Fjs%2Fcustomize-nav-menus.js&loknya=%2Fhomepages%2F13%2Fd818981593%2Fhtdocs%2FGutTrechow%2Fwp-admin%2Fjs HTTP/1.1" 429 267 www.gut-trechow.de "-" "Mozilla/5.0 AppleWebKit/537.36 (KHTML, like Gecko; compatible; ClaudeBot/1.0; +claudebot@anthropic.com)" "-"
135.181.213.0 - - [21/Sep/2026:00:39:31 +0200] "GET /?loknya=/homepages/2/d820806451 HTTP/1.1" 429 267 gut-trechow.de "-" "Mozilla/5.0 (compatible; MJ12bot/v1.4.8; http://mj12bot.com/)" "-"
119.249.100.0 - - [21/Sep/2026:00:39:31 +0200] "GET /impressum/?loknya=/homepages/18/d819775287/.config HTTP/1.1" 200 5274 s818981589.online.de "-" "Mozilla/5.0 (Windows NT 10.0; WOW64) AppleWebKit/537.36 (KHTML, like Gecko) Chrome/48.0.2564.116 Safari/537.36" "-"
111.225.214.0 - - [21/Sep/2026:00:39:31 +0200] "GET /impressum/?lokasie=/homepages/18/d819775287/phpinilist&loknya=/homepages/18/d819775287 HTTP/1.1" 200 4084 s818981589.online.de "-" "Mozilla/5.0 (Windows NT 10.0; WOW64) AppleWebKit/537.36 (KHTML, like Gecko) Chrome/48.0.2564.116 Safari/537.36" "-"
74.7.242.0 - - [21/Sep/2026:00:39:31 +0200] "GET /index.php?loknya=/proc/thread-self/root/proc/thread-self/root/proc/thread-self/root/proc/thread-self/root/proc/thread-self/root/kunden/kunden/proc/thread-self/root/kunden/proc/thread-self/root/var/cache/man/fr HTTP/1.1" 200 21066 s818981589.online.de "http://s818981589.online.de/index.php?loknya=/proc/thread-self/root/proc/thread-self/root/proc/thread-self/root/proc/thread-self/root/proc/thread-self/root/kunden/kunden/proc/thread-self/root/kunden/proc/thread-self/root/var/cache/man" "Mozilla/5.0 AppleWebKit/537.36 (KHTML, like Gecko; compatible; GPTBot/1.4; +https://openai.com/gptbot)" "-"
119.249.100.0 - - [21/Sep/2026:00:39:31 +0200] "GET /impressum/?lokasie=/homepages/18/d819775287/htaccesslist&loknya=/homepages/18/d819775287 HTTP/1.1" 200 4086 s818981589.online.de "-" "Mozilla/5.0 (Windows NT 10.0; WOW64) AppleWebKit/537.36 (KHTML, like Gecko) Chrome/48.0.2564.116 Safari/537.36" "-"
216.73.216.0 - - [21/Sep/2026:00:39:32 +0200] "GET /index.php?lokasie=%2Fhomepages%2F13%2Fd818981593%2Fhtdocs%2FGutTrechow%2Fwp-admin%2Fjs%2Fnav-menu.min.js&loknya=%2Fhomepages%2F13%2Fd818981593%2Fhtdocs%2FGutTrechow%2Fwp-admin%2Fjs HTTP/1.1" 429 267 www.gut-trechow.de "-" "Mozilla/5.0 AppleWebKit/537.36 (KHTML, like Gecko; compatible; ClaudeBot/1.0; +claudebot@anthropic.com)" "-"
216.73.216.0 - - [21/Sep/2026:00:39:32 +0200] "GET /sitemap.xml?lokasie=%2Fbin%2Fconfig_data&loknya=%2Fbin HTTP/1.1" 429 267 www.gut-trechow.de "-" "Mozilla/5.0 AppleWebKit/537.36 (KHTML, like Gecko; compatible; ClaudeBot/1.0; +claudebot@anthropic.com)" "-"
74.7.242.0 - - [21/Sep/2026:00:39:32 +0200] "GET /index.php?loknya=/proc/thread-self/root/proc/thread-self/root/proc/thread-self/root/proc/thread-self/root/proc/thread-self/root/kunden/kunden/proc/thread-self/root/kunden/proc/thread-self/root/var/cache/man/id/ HTTP/1.1" 200 17986 s818981589.online.de "http://s818981589.online.de/index.php?loknya=/proc/thread-self/root/proc/thread-self/root/proc/thread-self/root/proc/thread-self/root/proc/thread-self/root/kunden/kunden/proc/thread-self/root/kunden/proc/thread-self/root/var/cache/man/id/cat5" "Mozilla/5.0 AppleWebKit/537.36 (KHTML, like Gecko; compatible; GPTBot/1.4; +https://openai.com/gptbot)" "-"
135.181.213.0 - - [21/Sep/2026:00:39:33 +0200] "GET /?loknya=/homepages/2/d820826473 HTTP/1.1" 429 267 gut-trechow.de "-" "Mozilla/5.0 (compatible; MJ12bot/v1.4.8; http://mj12bot.com/)" "-"
216.73.216.0 - - [21/Sep/2026:00:39:33 +0200] "GET /index.php?lokasie=%2Fhomepages%2F13%2Fd818981593%2Fhtdocs%2FGutTrechow%2Fwp-admin%2Fjs%2Flanguage-chooser.min.js&loknya=%2Fhomepages%2F13%2Fd818981593%2Fhtdocs%2FGutTrechow%2Fwp-admin%2Fjs HTTP/1.1" 429 267 www.gut-trechow.de "-" "Mozilla/5.0 AppleWebKit/537.36 (KHTML, like Gecko; compatible; ClaudeBot/1.0; +claudebot@anthropic.com)" "-"
216.73.216.0 - - [21/Sep/2026:00:39:33 +0200] "GET /sitemap.xml?lokasie=%2Fbin%2Fcpan5.40-x86_64-linux-gnu&loknya=%2Fbin HTTP/1.1" 429 267 www.gut-trechow.de "-" "Mozilla/5.0 AppleWebKit/537.36 (KHTML, like Gecko; compatible; ClaudeBot/1.0; +claudebot@anthropic.com)" "-"
74.7.242.0 - - [21/Sep/2026:00:39:33 +0200] "GET /index.php?loknya=/proc/thread-self/root/proc/thread-self/root/proc/thread-self/root/proc/thread-self/root/proc/thread-self/root/kunden/kunden/proc/thread-self/root/kunden/proc/thread-self/root/var/cache/man/gl HTTP/1.1" 200 14876 s818981589.online.de "http://s818981589.online.de/index.php?loknya=/proc/thread-self/root/proc/thread-self/root/proc/thread-self/root/proc/thread-self/root/proc/thread-self/root/kunden/kunden/proc/thread-self/root/kunden/proc/thread-self/root/var/cache/man" "Mozilla/5.0 AppleWebKit/537.36 (KHTML, like Gecko; compatible; GPTBot/1.4; +https://openai.com/gptbot)" "-"
216.73.216.0 - - [21/Sep/2026:00:39:34 +0200] "GET /sitemap.xml?lokasie=%2Fbin%2Fmysql_waitpid&loknya=%2Fbin HTTP/1.1" 429 267 www.gut-trechow.de "-" "Mozilla/5.0 AppleWebKit/537.36 (KHTML, like Gecko; compatible; ClaudeBot/1.0; +claudebot@anthropic.com)" "-"
216.73.216.0 - - [21/Sep/2026:00:39:34 +0200] "GET /sitemap.xml?lokasie=%2Fbin%2Fsystemd-delta&loknya=%2Fbin HTTP/1.1" 429 267 www.gut-trechow.de "-" "Mozilla/5.0 AppleWebKit/537.36 (KHTML, like Gecko; compatible; ClaudeBot/1.0; +claudebot@anthropic.com)" "-"
216.73.216.0 - - [21/Sep/2026:00:39:34 +0200] "GET /index.php?lokasie=%2Fhomepages%2F13%2Fd818981593%2Fhtdocs%2FGutTrechow%2Fwp-admin%2Fjs%2Fupdates.min.js&loknya=%2Fhomepages%2F13%2Fd818981593%2Fhtdocs%2FGutTrechow%2Fwp-admin%2Fjs HTTP/1.1" 429 267 www.gut-trechow.de "-" "Mozilla/5.0 AppleWebKit/537.36 (KHTML, like Gecko; compatible; ClaudeBot/1.0; +claudebot@anthropic.com)" "-"
135.181.213.0 - - [21/Sep/2026:00:39:34 +0200] "GET /?loknya=/homepages/2/d820863885 HTTP/1.1" 429 267 gut-trechow.de "-" "Mozilla/5.0 (compatible; MJ12bot/v1.4.8; http://mj12bot.com/)" "-"
74.7.242.0 - - [21/Sep/2026:00:39:34 +0200] "GET /index.php?loknya=/proc/thread-self/root/proc/thread-self/root/proc/thread-self/root/proc/thread-self/root/proc/thread-self/root/kunden/kunden/proc/thread-self/root/kunden/proc/thread-self/root/var/cache/man/pt HTTP/1.1" 200 19517 s818981589.online.de "http://s818981589.online.de/index.php?loknya=/proc/thread-self/root/proc/thread-self/root/proc/thread-self/root/proc/thread-self/root/proc/thread-self/root/kunden/kunden/proc/thread-self/root/kunden/proc/thread-self/root/var/cache/man" "Mozilla/5.0 AppleWebKit/537.36 (KHTML, like Gecko; compatible; GPTBot/1.4; +https://openai.com/gptbot)" "-"
74.7.242.0 - - [21/Sep/2026:00:39:34 +0200] "GET /index.php?loknya=/proc/thread-self/root/proc/thread-self/root/proc/thread-self/root/proc/thread-self/root/proc/thread-self/root/kunden/kunden/proc/thread-self/root/kunden/proc/thread-self/root/var/cache/man/cs HTTP/1.1" 200 17972 s818981589.online.de "http://s818981589.online.de/index.php?loknya=/proc/thread-self/root/proc/thread-self/root/proc/thread-self/root/proc/thread-self/root/proc/thread-self/root/kunden/kunden/proc/thread-self/root/kunden/proc/thread-self/root/var/cache/man" "Mozilla/5.0 AppleWebKit/537.36 (KHTML, like Gecko; compatible; GPTBot/1.4; +https://openai.com/gptbot)" "-"
216.73.216.0 - - [21/Sep/2026:00:39:35 +0200] "GET /sitemap.xml?lokasie=%2Fbin%2Fcolumn&loknya=%2Fbin HTTP/1.1" 429 267 www.gut-trechow.de "-" "Mozilla/5.0 AppleWebKit/537.36 (KHTML, like Gecko; compatible; ClaudeBot/1.0; +claudebot@anthropic.com)" "-"
74.7.242.0 - - [21/Sep/2026:00:39:35 +0200] "GET /index.php?loknya=/proc/thread-self/root/proc/thread-self/root/proc/thread-self/root/proc/thread-self/root/proc/thread-self/root/kunden/kunden/proc/thread-self/root/kunden/proc/thread-self/root/var/cache/man/uk HTTP/1.1" 200 19519 s818981589.online.de "http://s818981589.online.de/index.php?loknya=/proc/thread-self/root/proc/thread-self/root/proc/thread-self/root/proc/thread-self/root/proc/thread-self/root/kunden/kunden/proc/thread-self/root/kunden/proc/thread-self/root/var/cache/man" "Mozilla/5.0 AppleWebKit/537.36 (KHTML, like Gecko; compatible; GPTBot/1.4; +https://openai.com/gptbot)" "-"
135.181.213.0 - - [21/Sep/2026:00:39:36 +0200] "GET /?loknya=/homepages/2/d821031910 HTTP/1.1" 429 267 gut-trechow.de "-" "Mozilla/5.0 (compatible; MJ12bot/v1.4.8; http://mj12bot.com/)" "-"
216.73.216.0 - - [21/Sep/2026:00:39:36 +0200] "GET /sitemap.xml?lokasie=%2Fbin%2Fdeb-systemd-helper&loknya=%2Fbin HTTP/1.1" 429 267 www.gut-trechow.de "-" "Mozilla/5.0 AppleWebKit/537.36 (KHTML, like Gecko; compatible; ClaudeBot/1.0; +claudebot@anthropic.com)" "-"
74.7.242.0 - - [21/Sep/2026:00:39:36 +0200] "GET /index.php?loknya=/proc/thread-self/root/proc/thread-self/root/proc/thread-self/root/proc/thread-self/root/proc/thread-self/root/kunden/kunden/proc/thread-self/root/kunden/proc/thread-self/root/var/cache/man/sv HTTP/1.1" 200 19517 s818981589.online.de "http://s818981589.online.de/index.php?loknya=/proc/thread-self/root/proc/thread-self/root/proc/thread-self/root/proc/thread-self/root/proc/thread-self/root/kunden/kunden/proc/thread-self/root/kunden/proc/thread-self/root/var/cache/man" "Mozilla/5.0 AppleWebKit/537.36 (KHTML, like Gecko; compatible; GPTBot/1.4; +https://openai.com/gptbot)" "-"
74.7.242.0 - - [21/Sep/2026:00:39:36 +0200] "GET /index.php?loknya=/proc/thread-self/root/proc/thread-self/root/proc/thread-self/root/proc/thread-self/root/proc/thread-self/root/kunden/kunden/proc/thread-self/root/kunden/proc/thread-self/root/var/cache/man/sl HTTP/1.1" 429 267 s818981589.online.de "http://s818981589.online.de/index.php?loknya=/proc/thread-self/root/proc/thread-self/root/proc/thread-self/root/proc/thread-self/root/proc/thread-self/root/kunden/kunden/proc/thread-self/root/kunden/proc/thread-self/root/var/cache/man" "Mozilla/5.0 AppleWebKit/537.36 (KHTML, like Gecko; compatible; GPTBot/1.4; +https://openai.com/gptbot)" "-"
216.73.216.0 - - [21/Sep/2026:00:39:37 +0200] "GET /sitemap.xml?lokasie=%2Fbin%2Ffold&loknya=%2Fbin HTTP/1.1" 429 267 www.gut-trechow.de "-" "Mozilla/5.0 AppleWebKit/537.36 (KHTML, like Gecko; compatible; ClaudeBot/1.0; +claudebot@anthropic.com)" "-"
216.73.216.0 - - [21/Sep/2026:00:39:37 +0200] "GET /sitemap.xml?lokasie=%2Fbin%2Fppmflash&loknya=%2Fbin HTTP/1.1" 429 267 www.gut-trechow.de "-" "Mozilla/5.0 AppleWebKit/537.36 (KHTML, like Gecko; compatible; ClaudeBot/1.0; +claudebot@anthropic.com)" "-"
216.73.216.0 - - [21/Sep/2026:00:39:37 +0200] "GET /index.php?lokasie=%2Fhomepages%2F13%2Fd818981593%2Fhtdocs%2FGutTrechow%2Fwp-admin%2Fjs%2Fprivacy-tools.min.js&loknya=%2Fhomepages%2F13%2Fd818981593%2Fhtdocs%2FGutTrechow%2Fwp-admin%2Fjs HTTP/1.1" 429 267 www.gut-trechow.de "-" "Mozilla/5.0 AppleWebKit/537.36 (KHTML, like Gecko; compatible; ClaudeBot/1.0; +claudebot@anthropic.com)" "-"
216.73.216.0 - - [21/Sep/2026:00:39:37 +0200] "GET /index.php?lokasie=%2Fhomepages%2F13%2Fd818981593%2Fhtdocs%2FGutTrechow%2Fwp-admin%2Fjs%2Feditor-expand.js&loknya=%2Fhomepages%2F13%2Fd818981593%2Fhtdocs%2FGutTrechow%2Fwp-admin%2Fjs HTTP/1.1" 429 267 www.gut-trechow.de "-" "Mozilla/5.0 AppleWebKit/537.36 (KHTML, like Gecko; compatible; ClaudeBot/1.0; +claudebot@anthropic.com)" "-"
