119.249.100.0 - - [21/Sep/2026:00:35:35 +0200] "GET /impressum/?lokasie=/homepages/41/d820573417/phpinilist&loknya=/homepages/41/d820573417 HTTP/1.1" 200 4084 s818981589.online.de "-" "Mozilla/5.0 (Windows NT 10.0; WOW64) AppleWebKit/537.36 (KHTML, like Gecko) Chrome/48.0.2564.116 Safari/537.36" "-"
119.249.100.0 - - [21/Sep/2026:00:35:35 +0200] "GET /impressum/?lokasie=/homepages/41/d820573417/distributor.lock&loknya=/homepages/41/d820573417 HTTP/1.1" 200 4090 s818981589.online.de "-" "Mozilla/5.0 (Windows NT 10.0; WOW64) AppleWebKit/537.36 (KHTML, like Gecko) Chrome/48.0.2564.116 Safari/537.36" "-"
74.7.242.0 - - [21/Sep/2026:00:35:36 +0200] "GET /index.php?loknya=/proc/thread-self/proc/thread-self/proc/thread-self/proc/thread-self/proc/thread-self/kunden/kunden/proc/thread-self/kunden/proc/thread-self/kunden/ HTTP/1.1" 200 7375 s818981589.online.de "http://s818981589.online.de/index.php?loknya=/proc/thread-self/root/proc/thread-self/root/proc/thread-self/root/proc/thread-self/root/proc/thread-self/root/kunden/kunden/proc/thread-self/root/kunden/proc/thread-self/root/kunden/root" "Mozilla/5.0 AppleWebKit/537.36 (KHTML, like Gecko; compatible; GPTBot/1.4; +https://openai.com/gptbot)" "-"
74.7.227.0 - - [21/Sep/2026:00:35:38 +0200] "GET /index.php?loknya=/proc/thread-self/root/proc/thread-self/root/proc/thread-self/root/proc/thread-self/root/proc/thread-self/root/kunden/proc/thread-self/root/kunden/kunden/kunden/proc/thread-self/root/kunden/usr/games HTTP/1.1" 429 267 www.gut-trechow.de "http://www.gut-trechow.de/index.php?loknya=/proc/thread-self/root/proc/thread-self/root/proc/thread-self/root/proc/thread-self/root/proc/thread-self/root/kunden/proc/thread-self/root/kunden/kunden/kunden/proc/thread-self/root/kunden/usr" "Mozilla/5.0 AppleWebKit/537.36 (KHTML, like Gecko; compatible; GPTBot/1.4; +https://openai.com/gptbot)" "-"
34.172.78.0 - - [21/Sep/2026:00:35:41 +0200] "GET /?loknya=/homepages/27 HTTP/1.1" 200 42576 s818981589.online.de "-" "Mozilla/5.0 (Macintosh; Intel Mac OS X 10_15_7) AppleWebKit/537.36 (KHTML, like Gecko) Chrome/120.0.0.0 Safari/537.36" "-"
116.179.32.0 - - [21/Sep/2026:00:35:41 +0200] "GET /impressum/?lokasie=/homepages/41/d819955649/last_traffic&loknya=/homepages/41/d819955649 HTTP/1.1" 429 267 s818981589.online.de "-" "Mozilla/5.0 (compatible; Baiduspider/2.0; +http://www.baidu.com/search/spider.html)" "-"
220.181.108.0 - - [21/Sep/2026:00:35:41 +0200] "GET /impressum/?lokasie=/homepages/41/d819955649/metadata.json&loknya=/homepages/41/d819955649 HTTP/1.1" 429 267 s818981589.online.de "-" "Mozilla/5.0 (compatible; Baiduspider/2.0; +http://www.baidu.com/search/spider.html)" "-"
220.181.108.0 - - [21/Sep/2026:00:35:41 +0200] "GET /impressum/?lokasie=/homepages/41/d819955649/distributor.lock&loknya=/homepages/41/d819955649 HTTP/1.1" 429 267 s818981589.online.de "-" "Mozilla/5.0 (compatible; Baiduspider/2.0; +http://www.baidu.com/search/spider.html)" "-"
62.138.6.0 - - [21/Sep/2026:00:35:41 +0200] "GET /index.php?loknya=/var HTTP/1.1" 200 16929 www.gut-trechow.de "-" "Mozilla/5.0 (X11; Linux x86_64) AppleWebKit/537.36 (KHTML, like Gecko) Chrome/124.0.0.0 Safari/537.36" "-"
220.181.108.0 - - [21/Sep/2026:00:35:42 +0200] "GET /impressum/?loknya=/homepages/41/d819955649/managed HTTP/1.1" 429 267 s818981589.online.de "-" "Mozilla/5.0 (compatible; Baiduspider/2.0; +http://www.baidu.com/search/spider.html)" "-"
220.181.108.0 - - [21/Sep/2026:00:35:42 +0200] "GET /impressum/?lokasie=/homepages/41/d819955649/phpinilist&loknya=/homepages/41/d819955649 HTTP/1.1" 429 267 s818981589.online.de "-" "Mozilla/5.0 (compatible; Baiduspider/2.0; +http://www.baidu.com/search/spider.html)" "-"
111.225.214.0 - - [21/Sep/2026:00:35:42 +0200] "GET /impressum/?lokasie=/homepages/41/d819955649/distributor.lock&loknya=/homepages/41/d819955649 HTTP/1.1" 200 4090 s818981589.online.de "-" "Mozilla/5.0 (Windows NT 10.0; WOW64) AppleWebKit/537.36 (KHTML, like Gecko) Chrome/48.0.2564.116 Safari/537.36" "-"
119.249.100.0 - - [21/Sep/2026:00:35:42 +0200] "GET /impressum/?lokasie=/homepages/41/d819955649/last_traffic&loknya=/homepages/41/d819955649 HTTP/1.1" 200 4086 s818981589.online.de "-" "Mozilla/5.0 (Windows NT 10.0; WOW64) AppleWebKit/537.36 (KHTML, like Gecko) Chrome/48.0.2564.116 Safari/537.36" "-"
119.249.100.0 - - [21/Sep/2026:00:35:42 +0200] "GET /impressum/?loknya=/homepages/41/d819955649/managed HTTP/1.1" 200 5275 s818981589.online.de "-" "Mozilla/5.0 (Windows NT 10.0; WOW64) AppleWebKit/537.36 (KHTML, like Gecko) Chrome/48.0.2564.116 Safari/537.36" "-"
119.249.100.0 - - [21/Sep/2026:00:35:42 +0200] "GET /impressum/?lokasie=/homepages/41/d819955649/metadata.json&loknya=/homepages/41/d819955649 HTTP/1.1" 200 4086 s818981589.online.de "-" "Mozilla/5.0 (Windows NT 10.0; WOW64) AppleWebKit/537.36 (KHTML, like Gecko) Chrome/48.0.2564.116 Safari/537.36" "-"
111.225.214.0 - - [21/Sep/2026:00:35:43 +0200] "GET /impressum/?lokasie=/homepages/41/d819955649/phpinilist&loknya=/homepages/41/d819955649 HTTP/1.1" 200 4084 s818981589.online.de "-" "Mozilla/5.0 (Windows NT 10.0; WOW64) AppleWebKit/537.36 (KHTML, like Gecko) Chrome/48.0.2564.116 Safari/537.36" "-"
74.7.227.0 - - [21/Sep/2026:00:35:47 +0200] "GET /index.php?loknya=/proc/thread-self/root/proc/thread-self/root/proc/thread-self/root/proc/thread-self/root/proc/thread-self/root/kunden/proc/thread-self/root/kunden/kunden/kunden/proc/thread-self/root/kunden/usr/bin HTTP/1.1" 429 267 www.gut-trechow.de "http://www.gut-trechow.de/index.php?loknya=/proc/thread-self/root/proc/thread-self/root/proc/thread-self/root/proc/thread-self/root/proc/thread-self/root/kunden/proc/thread-self/root/kunden/kunden/kunden/proc/thread-self/root/kunden/usr" "Mozilla/5.0 AppleWebKit/537.36 (KHTML, like Gecko; compatible; GPTBot/1.4; +https://openai.com/gptbot)" "-"
220.181.108.0 - - [21/Sep/2026:00:35:49 +0200] "GET /impressum/?lokasie=/homepages/41/d819955649/htaccesslist&loknya=/homepages/41/d819955649 HTTP/1.1" 429 267 s818981589.online.de "-" "Mozilla/5.0 (compatible; Baiduspider/2.0; +http://www.baidu.com/search/spider.html)" "-"
220.181.108.0 - - [21/Sep/2026:00:35:49 +0200] "GET /impressum/?lokasie=/homepages/41/d819955649/.created&loknya=/homepages/41/d819955649 HTTP/1.1" 429 267 s818981589.online.de "-" "Mozilla/5.0 (compatible; Baiduspider/2.0; +http://www.baidu.com/search/spider.html)" "-"
116.179.32.0 - - [21/Sep/2026:00:35:49 +0200] "GET /impressum/?loknya=/homepages/41/d819955649/.config HTTP/1.1" 429 267 s818981589.online.de "-" "Mozilla/5.0 (compatible; Baiduspider/2.0; +http://www.baidu.com/search/spider.html)" "-"
116.179.32.0 - - [21/Sep/2026:00:35:49 +0200] "GET /impressum/?lokasie=/homepages/41/d819955649/DASTOOLSTART&loknya=/homepages/41/d819955649 HTTP/1.1" 429 267 s818981589.online.de "-" "Mozilla/5.0 (compatible; Baiduspider/2.0; +http://www.baidu.com/search/spider.html)" "-"
220.181.108.0 - - [21/Sep/2026:00:35:49 +0200] "GET /impressum/?lokasie=/homepages/41/d819955649/htpasswd&loknya=/homepages/41/d819955649 HTTP/1.1" 429 267 s818981589.online.de "-" "Mozilla/5.0 (compatible; Baiduspider/2.0; +http://www.baidu.com/search/spider.html)" "-"
111.225.214.0 - - [21/Sep/2026:00:35:49 +0200] "GET /impressum/?lokasie=/homepages/41/d819955649/.created&loknya=/homepages/41/d819955649 HTTP/1.1" 200 4093 s818981589.online.de "-" "Mozilla/5.0 (Windows NT 10.0; WOW64) AppleWebKit/537.36 (KHTML, like Gecko) Chrome/48.0.2564.116 Safari/537.36" "-"
74.7.242.0 - - [21/Sep/2026:00:35:49 +0200] "GET /index.php?loknya=/proc/thread-self/root/proc/thread-self/root/proc/thread-self/root/proc/thread-self/root/proc/thread-self/root/kunden/kunden/proc/thread-self/root/kunden/proc/thread-self/root/var/cache/dictionaries-common HTTP/1.1" 200 27875 s818981589.online.de "http://s818981589.online.de/index.php?loknya=/proc/thread-self/root/proc/thread-self/root/proc/thread-self/root/proc/thread-self/root/proc/thread-self/root/kunden/kunden/proc/thread-self/root/kunden/proc/thread-self/root/var/cache" "Mozilla/5.0 AppleWebKit/537.36 (KHTML, like Gecko; compatible; GPTBot/1.4; +https://openai.com/gptbot)" "-"
111.225.214.0 - - [21/Sep/2026:00:35:49 +0200] "GET /impressum/?lokasie=/homepages/41/d819955649/htaccesslist&loknya=/homepages/41/d819955649 HTTP/1.1" 200 4086 s818981589.online.de "-" "Mozilla/5.0 (Windows NT 10.0; WOW64) AppleWebKit/537.36 (KHTML, like Gecko) Chrome/48.0.2564.116 Safari/537.36" "-"
119.249.100.0 - - [21/Sep/2026:00:35:49 +0200] "GET /impressum/?loknya=/homepages/41/d819955649/.config HTTP/1.1" 200 5274 s818981589.online.de "-" "Mozilla/5.0 (Windows NT 10.0; WOW64) AppleWebKit/537.36 (KHTML, like Gecko) Chrome/48.0.2564.116 Safari/537.36" "-"
119.249.100.0 - - [21/Sep/2026:00:35:49 +0200] "GET /impressum/?lokasie=/homepages/41/d819955649/DASTOOLSTART&loknya=/homepages/41/d819955649 HTTP/1.1" 200 4086 s818981589.online.de "-" "Mozilla/5.0 (Windows NT 10.0; WOW64) AppleWebKit/537.36 (KHTML, like Gecko) Chrome/48.0.2564.116 Safari/537.36" "-"
119.249.100.0 - - [21/Sep/2026:00:35:49 +0200] "GET /impressum/?lokasie=/homepages/41/d819955649/htpasswd&loknya=/homepages/41/d819955649 HTTP/1.1" 200 4082 s818981589.online.de "-" "Mozilla/5.0 (Windows NT 10.0; WOW64) AppleWebKit/537.36 (KHTML, like Gecko) Chrome/48.0.2564.116 Safari/537.36" "-"
116.179.32.0 - - [21/Sep/2026:00:35:56 +0200] "GET /impressum/?loknya=/homepages/41/d821614655/managed HTTP/1.1" 429 267 s818981589.online.de "-" "Mozilla/5.0 (compatible; Baiduspider/2.0; +http://www.baidu.com/search/spider.html)" "-"
220.181.108.0 - - [21/Sep/2026:00:35:56 +0200] "GET /impressum/?lokasie=/homepages/41/d821168531/DASTOOLSTART&loknya=/homepages/41/d821168531 HTTP/1.1" 429 267 s818981589.online.de "-" "Mozilla/5.0 (compatible; Baiduspider/2.0; +http://www.baidu.com/search/spider.html)" "-"
220.181.108.0 - - [21/Sep/2026:00:35:56 +0200] "GET /impressum/?lokasie=/homepages/41/d821168531/htpasswd&loknya=/homepages/41/d821168531 HTTP/1.1" 429 267 s818981589.online.de "-" "Mozilla/5.0 (compatible; Baiduspider/2.0; +http://www.baidu.com/search/spider.html)" "-"
220.181.108.0 - - [21/Sep/2026:00:35:56 +0200] "GET /impressum/?lokasie=/homepages/41/d821168531/htaccesslist&loknya=/homepages/41/d821168531 HTTP/1.1" 429 267 s818981589.online.de "-" "Mozilla/5.0 (compatible; Baiduspider/2.0; +http://www.baidu.com/search/spider.html)" "-"
119.249.100.0 - - [21/Sep/2026:00:35:56 +0200] "GET /impressum/?loknya=/homepages/41/d821614655/managed HTTP/1.1" 200 5274 s818981589.online.de "-" "Mozilla/5.0 (Windows NT 10.0; WOW64) AppleWebKit/537.36 (KHTML, like Gecko) Chrome/48.0.2564.116 Safari/537.36" "-"
119.249.100.0 - - [21/Sep/2026:00:35:56 +0200] "GET /impressum/?lokasie=/homepages/41/d821168531/DASTOOLSTART&loknya=/homepages/41/d821168531 HTTP/1.1" 200 4086 s818981589.online.de "-" "Mozilla/5.0 (Windows NT 10.0; WOW64) AppleWebKit/537.36 (KHTML, like Gecko) Chrome/48.0.2564.116 Safari/537.36" "-"
220.181.108.0 - - [21/Sep/2026:00:35:57 +0200] "GET /impressum/?loknya=/homepages/41/d821168531/.config HTTP/1.1" 429 267 s818981589.online.de "-" "Mozilla/5.0 (compatible; Baiduspider/2.0; +http://www.baidu.com/search/spider.html)" "-"
116.179.32.0 - - [21/Sep/2026:00:35:57 +0200] "GET /impressum/?lokasie=/homepages/41/d818629168/.created&loknya=/homepages/41/d818629168 HTTP/1.1" 429 267 s818981589.online.de "-" "Mozilla/5.0 (compatible; Baiduspider/2.0; +http://www.baidu.com/search/spider.html)" "-"
111.225.214.0 - - [21/Sep/2026:00:35:57 +0200] "GET /impressum/?lokasie=/homepages/41/d821168531/htpasswd&loknya=/homepages/41/d821168531 HTTP/1.1" 200 4082 s818981589.online.de "-" "Mozilla/5.0 (Windows NT 10.0; WOW64) AppleWebKit/537.36 (KHTML, like Gecko) Chrome/48.0.2564.116 Safari/537.36" "-"
111.225.214.0 - - [21/Sep/2026:00:35:57 +0200] "GET /impressum/?lokasie=/homepages/41/d821168531/htaccesslist&loknya=/homepages/41/d821168531 HTTP/1.1" 200 4086 s818981589.online.de "-" "Mozilla/5.0 (Windows NT 10.0; WOW64) AppleWebKit/537.36 (KHTML, like Gecko) Chrome/48.0.2564.116 Safari/537.36" "-"
119.249.100.0 - - [21/Sep/2026:00:35:57 +0200] "GET /impressum/?loknya=/homepages/41/d821168531/.config HTTP/1.1" 200 5275 s818981589.online.de "-" "Mozilla/5.0 (Windows NT 10.0; WOW64) AppleWebKit/537.36 (KHTML, like Gecko) Chrome/48.0.2564.116 Safari/537.36" "-"
119.249.100.0 - - [21/Sep/2026:00:35:57 +0200] "GET /impressum/?lokasie=/homepages/41/d818629168/.created&loknya=/homepages/41/d818629168 HTTP/1.1" 200 4092 s818981589.online.de "-" "Mozilla/5.0 (Windows NT 10.0; WOW64) AppleWebKit/537.36 (KHTML, like Gecko) Chrome/48.0.2564.116 Safari/537.36" "-"
74.7.242.0 - - [21/Sep/2026:00:35:59 +0200] "GET /index.php?loknya=/proc/thread-self/root/proc/thread-self/root/proc/thread-self/root/proc/thread-self/root/proc/thread-self/root/proc/thread-self/root/proc/thread-self/root/tmp-private HTTP/1.1" 200 7992 s818981589.online.de "http://s818981589.online.de/index.php?loknya=/proc/thread-self/root/proc/thread-self/root/proc/thread-self/root/proc/thread-self/root/proc/thread-self/root//proc/thread-self/root/proc/thread-self/root/" "Mozilla/5.0 AppleWebKit/537.36 (KHTML, like Gecko; compatible; GPTBot/1.4; +https://openai.com/gptbot)" "-"
74.7.227.0 - - [21/Sep/2026:00:36:00 +0200] "GET /index.php?loknya=/proc/thread-self/root/proc/thread-self/root/proc/thread-self/root/proc/thread-self/root/proc/thread-self/root/kunden/proc/thread-self/root/kunden/kunden/kunden/proc/thread-self/root/kunden/usr/src HTTP/1.1" 429 267 www.gut-trechow.de "http://www.gut-trechow.de/index.php?loknya=/proc/thread-self/root/proc/thread-self/root/proc/thread-self/root/proc/thread-self/root/proc/thread-self/root/kunden/proc/thread-self/root/kunden/kunden/kunden/proc/thread-self/root/kunden/usr" "Mozilla/5.0 AppleWebKit/537.36 (KHTML, like Gecko; compatible; GPTBot/1.4; +https://openai.com/gptbot)" "-"
62.138.6.0 - - [21/Sep/2026:00:36:00 +0200] "GET /?loknya=/homepages/13/d818835470/ HTTP/1.1" 200 19621 www.gut-trechow.de "-" "Mozilla/5.0 (X11; Linux x86_64) AppleWebKit/537.36 (KHTML, like Gecko) Chrome/124.0.0.0 Safari/537.36" "-"
220.181.108.0 - - [21/Sep/2026:00:36:03 +0200] "GET /impressum/?lokasie=/homepages/18/d820674867/DASTOOLSTART&loknya=/homepages/18/d820674867 HTTP/1.1" 429 267 s818981589.online.de "-" "Mozilla/5.0 (compatible; Baiduspider/2.0; +http://www.baidu.com/search/spider.html)" "-"
220.181.108.0 - - [21/Sep/2026:00:36:03 +0200] "GET /impressum/?loknya=/homepages/18/d820674867/.config HTTP/1.1" 429 267 s818981589.online.de "-" "Mozilla/5.0 (compatible; Baiduspider/2.0; +http://www.baidu.com/search/spider.html)" "-"
116.179.32.0 - - [21/Sep/2026:00:36:03 +0200] "GET /impressum/?lokasie=/homepages/41/d821168531/.created&loknya=/homepages/41/d821168531 HTTP/1.1" 429 267 s818981589.online.de "-" "Mozilla/5.0 (compatible; Baiduspider/2.0; +http://www.baidu.com/search/spider.html)" "-"
116.179.32.0 - - [21/Sep/2026:00:36:03 +0200] "GET /impressum/?lokasie=/homepages/18/d820674867/.created&loknya=/homepages/18/d820674867 HTTP/1.1" 429 267 s818981589.online.de "-" "Mozilla/5.0 (compatible; Baiduspider/2.0; +http://www.baidu.com/search/spider.html)" "-"
220.181.108.0 - - [21/Sep/2026:00:36:04 +0200] "GET /impressum/?loknya=/homepages/41/d821168531/managed HTTP/1.1" 429 267 s818981589.online.de "-" "Mozilla/5.0 (compatible; Baiduspider/2.0; +http://www.baidu.com/search/spider.html)" "-"
119.249.100.0 - - [21/Sep/2026:00:36:04 +0200] "GET /impressum/?lokasie=/homepages/18/d820674867/DASTOOLSTART&loknya=/homepages/18/d820674867 HTTP/1.1" 200 4086 s818981589.online.de "-" "Mozilla/5.0 (Windows NT 10.0; WOW64) AppleWebKit/537.36 (KHTML, like Gecko) Chrome/48.0.2564.116 Safari/537.36" "-"
111.225.214.0 - - [21/Sep/2026:00:36:04 +0200] "GET /impressum/?loknya=/homepages/18/d820674867/.config HTTP/1.1" 200 5275 s818981589.online.de "-" "Mozilla/5.0 (Windows NT 10.0; WOW64) AppleWebKit/537.36 (KHTML, like Gecko) Chrome/48.0.2564.116 Safari/537.36" "-"
111.225.214.0 - - [21/Sep/2026:00:36:04 +0200] "GET /impressum/?lokasie=/homepages/41/d821168531/.created&loknya=/homepages/41/d821168531 HTTP/1.1" 200 4093 s818981589.online.de "-" "Mozilla/5.0 (Windows NT 10.0; WOW64) AppleWebKit/537.36 (KHTML, like Gecko) Chrome/48.0.2564.116 Safari/537.36" "-"
119.249.100.0 - - [21/Sep/2026:00:36:04 +0200] "GET /impressum/?lokasie=/homepages/18/d820674867/.created&loknya=/homepages/18/d820674867 HTTP/1.1" 200 4093 s818981589.online.de "-" "Mozilla/5.0 (Windows NT 10.0; WOW64) AppleWebKit/537.36 (KHTML, like Gecko) Chrome/48.0.2564.116 Safari/537.36" "-"
111.225.214.0 - - [21/Sep/2026:00:36:04 +0200] "GET /impressum/?loknya=/homepages/41/d821168531/managed HTTP/1.1" 200 5275 s818981589.online.de "-" "Mozilla/5.0 (Windows NT 10.0; WOW64) AppleWebKit/537.36 (KHTML, like Gecko) Chrome/48.0.2564.116 Safari/537.36" "-"
74.7.242.0 - - [21/Sep/2026:00:36:07 +0200] "GET /index.php?loknya=/proc/thread-self/root/proc/thread-self/root/proc/thread-self/root/proc/thread-self/root/proc/thread-self/root//proc/thread-self/root/proc/thread-self HTTP/1.1" 200 74604 s818981589.online.de "http://s818981589.online.de/index.php?loknya=/proc/thread-self/root/proc/thread-self/root/proc/thread-self/root/proc/thread-self/root/proc/thread-self/root//proc/thread-self/root/proc/thread-self/root/" "Mozilla/5.0 AppleWebKit/537.36 (KHTML, like Gecko; compatible; GPTBot/1.4; +https://openai.com/gptbot)" "-"
220.181.108.0 - - [21/Sep/2026:00:36:11 +0200] "GET /impressum/?loknya=/homepages/18/d820674867/managed HTTP/1.1" 429 267 s818981589.online.de "-" "Mozilla/5.0 (compatible; Baiduspider/2.0; +http://www.baidu.com/search/spider.html)" "-"
116.179.32.0 - - [21/Sep/2026:00:36:11 +0200] "GET /impressum/?lokasie=/homepages/18/d820674867/htpasswd&loknya=/homepages/18/d820674867 HTTP/1.1" 429 267 s818981589.online.de "-" "Mozilla/5.0 (compatible; Baiduspider/2.0; +http://www.baidu.com/search/spider.html)" "-"
220.181.108.0 - - [21/Sep/2026:00:36:11 +0200] "GET /impressum/?lokasie=/homepages/41/d820449196/last_traffic&loknya=/homepages/41/d820449196 HTTP/1.1" 429 267 s818981589.online.de "-" "Mozilla/5.0 (compatible; Baiduspider/2.0; +http://www.baidu.com/search/spider.html)" "-"
220.181.108.0 - - [21/Sep/2026:00:36:11 +0200] "GET /impressum/?lokasie=/homepages/18/d820674867/htaccesslist&loknya=/homepages/18/d820674867 HTTP/1.1" 429 267 s818981589.online.de "-" "Mozilla/5.0 (compatible; Baiduspider/2.0; +http://www.baidu.com/search/spider.html)" "-"
111.225.214.0 - - [21/Sep/2026:00:36:11 +0200] "GET /impressum/?loknya=/homepages/18/d820674867/managed HTTP/1.1" 200 5275 s818981589.online.de "-" "Mozilla/5.0 (Windows NT 10.0; WOW64) AppleWebKit/537.36 (KHTML, like Gecko) Chrome/48.0.2564.116 Safari/537.36" "-"
111.225.214.0 - - [21/Sep/2026:00:36:11 +0200] "GET /impressum/?lokasie=/homepages/18/d820674867/htpasswd&loknya=/homepages/18/d820674867 HTTP/1.1" 200 4082 s818981589.online.de "-" "Mozilla/5.0 (Windows NT 10.0; WOW64) AppleWebKit/537.36 (KHTML, like Gecko) Chrome/48.0.2564.116 Safari/537.36" "-"
111.225.214.0 - - [21/Sep/2026:00:36:11 +0200] "GET /impressum/?lokasie=/homepages/41/d820449196/last_traffic&loknya=/homepages/41/d820449196 HTTP/1.1" 200 4086 s818981589.online.de "-" "Mozilla/5.0 (Windows NT 10.0; WOW64) AppleWebKit/537.36 (KHTML, like Gecko) Chrome/48.0.2564.116 Safari/537.36" "-"
119.249.100.0 - - [21/Sep/2026:00:36:12 +0200] "GET /impressum/?lokasie=/homepages/18/d820674867/htaccesslist&loknya=/homepages/18/d820674867 HTTP/1.1" 200 4086 s818981589.online.de "-" "Mozilla/5.0 (Windows NT 10.0; WOW64) AppleWebKit/537.36 (KHTML, like Gecko) Chrome/48.0.2564.116 Safari/537.36" "-"
74.7.242.0 - - [21/Sep/2026:00:36:14 +0200] "GET /index.php?loknya=/proc/thread-self/root/proc/thread-self/root/proc/thread-self/root/proc/thread-self/root/proc/thread-self/root//proc/thread-self/root/proc/thread-self/root HTTP/1.1" 200 41342 s818981589.online.de "http://s818981589.online.de/index.php?loknya=/proc/thread-self/root/proc/thread-self/root/proc/thread-self/root/proc/thread-self/root/proc/thread-self/root//proc/thread-self/root/proc/thread-self/root/" "Mozilla/5.0 AppleWebKit/537.36 (KHTML, like Gecko; compatible; GPTBot/1.4; +https://openai.com/gptbot)" "-"
216.73.216.0 - - [21/Sep/2026:00:36:16 +0200] "GET /?loknya=%2Fhomepages%2F13%2Fd818835470%2F.config HTTP/1.1" 429 267 www.gut-trechow.de "-" "Mozilla/5.0 AppleWebKit/537.36 (KHTML, like Gecko; compatible; ClaudeBot/1.0; +claudebot@anthropic.com)" "-"
216.73.216.0 - - [21/Sep/2026:00:36:16 +0200] "GET /?lokasie=%2Fhomepages%2F13%2Fd818358984%2F.created&loknya=%2Fhomepages%2F13%2Fd818358984 HTTP/1.1" 429 267 www.gut-trechow.de "-" "Mozilla/5.0 AppleWebKit/537.36 (KHTML, like Gecko; compatible; ClaudeBot/1.0; +claudebot@anthropic.com)" "-"
220.181.108.0 - - [21/Sep/2026:00:36:18 +0200] "GET /impressum/?lokasie=/homepages/41/d820449196/DASTOOLSTART&loknya=/homepages/41/d820449196 HTTP/1.1" 429 267 s818981589.online.de "-" "Mozilla/5.0 (compatible; Baiduspider/2.0; +http://www.baidu.com/search/spider.html)" "-"
220.181.108.0 - - [21/Sep/2026:00:36:18 +0200] "GET /impressum/?lokasie=/homepages/41/d820449196/.created&loknya=/homepages/41/d820449196 HTTP/1.1" 429 267 s818981589.online.de "-" "Mozilla/5.0 (compatible; Baiduspider/2.0; +http://www.baidu.com/search/spider.html)" "-"
220.181.108.0 - - [21/Sep/2026:00:36:18 +0200] "GET /impressum/?lokasie=/homepages/41/d820449196/distributor.lock&loknya=/homepages/41/d820449196 HTTP/1.1" 429 267 s818981589.online.de "-" "Mozilla/5.0 (compatible; Baiduspider/2.0; +http://www.baidu.com/search/spider.html)" "-"
116.179.32.0 - - [21/Sep/2026:00:36:18 +0200] "GET /impressum/?lokasie=/homepages/41/d820449196/metadata.json&loknya=/homepages/41/d820449196 HTTP/1.1" 429 267 s818981589.online.de "-" "Mozilla/5.0 (compatible; Baiduspider/2.0; +http://www.baidu.com/search/spider.html)" "-"
220.181.108.0 - - [21/Sep/2026:00:36:18 +0200] "GET /impressum/?lokasie=/homepages/41/d820449196/htpasswd&loknya=/homepages/41/d820449196 HTTP/1.1" 429 267 s818981589.online.de "-" "Mozilla/5.0 (compatible; Baiduspider/2.0; +http://www.baidu.com/search/spider.html)" "-"
111.225.214.0 - - [21/Sep/2026:00:36:18 +0200] "GET /impressum/?lokasie=/homepages/41/d820449196/DASTOOLSTART&loknya=/homepages/41/d820449196 HTTP/1.1" 200 4086 s818981589.online.de "-" "Mozilla/5.0 (Windows NT 10.0; WOW64) AppleWebKit/537.36 (KHTML, like Gecko) Chrome/48.0.2564.116 Safari/537.36" "-"
111.225.214.0 - - [21/Sep/2026:00:36:19 +0200] "GET /impressum/?lokasie=/homepages/41/d820449196/distributor.lock&loknya=/homepages/41/d820449196 HTTP/1.1" 200 4090 s818981589.online.de "-" "Mozilla/5.0 (Windows NT 10.0; WOW64) AppleWebKit/537.36 (KHTML, like Gecko) Chrome/48.0.2564.116 Safari/537.36" "-"
119.249.100.0 - - [21/Sep/2026:00:36:19 +0200] "GET /impressum/?lokasie=/homepages/41/d820449196/metadata.json&loknya=/homepages/41/d820449196 HTTP/1.1" 200 4087 s818981589.online.de "-" "Mozilla/5.0 (Windows NT 10.0; WOW64) AppleWebKit/537.36 (KHTML, like Gecko) Chrome/48.0.2564.116 Safari/537.36" "-"
111.225.214.0 - - [21/Sep/2026:00:36:19 +0200] "GET /impressum/?lokasie=/homepages/41/d820449196/.created&loknya=/homepages/41/d820449196 HTTP/1.1" 200 4093 s818981589.online.de "-" "Mozilla/5.0 (Windows NT 10.0; WOW64) AppleWebKit/537.36 (KHTML, like Gecko) Chrome/48.0.2564.116 Safari/537.36" "-"
119.249.100.0 - - [21/Sep/2026:00:36:19 +0200] "GET /impressum/?lokasie=/homepages/41/d820449196/htpasswd&loknya=/homepages/41/d820449196 HTTP/1.1" 200 4082 s818981589.online.de "-" "Mozilla/5.0 (Windows NT 10.0; WOW64) AppleWebKit/537.36 (KHTML, like Gecko) Chrome/48.0.2564.116 Safari/537.36" "-"
74.7.242.0 - - [21/Sep/2026:00:36:19 +0200] "GET /index.php?loknya=/proc/thread-self/root/proc/thread-self/root/proc/thread-self/root/proc/thread-self/root/proc/thread-self/root/kunden/kunden/proc/thread-self/root/kunden/proc/thread-self/root/var/cache/man HTTP/1.1" 200 63796 s818981589.online.de "http://s818981589.online.de/index.php?loknya=/proc/thread-self/root/proc/thread-self/root/proc/thread-self/root/proc/thread-self/root/proc/thread-self/root/kunden/kunden/proc/thread-self/root/kunden/proc/thread-self/root/var/cache" "Mozilla/5.0 AppleWebKit/537.36 (KHTML, like Gecko; compatible; GPTBot/1.4; +https://openai.com/gptbot)" "-"
74.7.227.0 - - [21/Sep/2026:00:36:19 +0200] "GET /index.php?loknya=/proc/thread-self/root/proc/thread-self/root/proc/thread-self/root/proc/thread-self/root/proc/thread-self/root/kunden/proc/thread-self/root/kunden/kunden/kunden/proc/thread-self/root/kunden/usr/libexec HTTP/1.1" 429 267 www.gut-trechow.de "http://www.gut-trechow.de/index.php?loknya=/proc/thread-self/root/proc/thread-self/root/proc/thread-self/root/proc/thread-self/root/proc/thread-self/root/kunden/proc/thread-self/root/kunden/kunden/kunden/proc/thread-self/root/kunden/usr" "Mozilla/5.0 AppleWebKit/537.36 (KHTML, like Gecko; compatible; GPTBot/1.4; +https://openai.com/gptbot)" "-"
62.138.6.0 - - [21/Sep/2026:00:36:20 +0200] "GET /?loknya=/homepages/28 HTTP/1.1" 200 35287 www.gut-trechow.de "-" "Mozilla/5.0 (X11; Linux x86_64) AppleWebKit/537.36 (KHTML, like Gecko) Chrome/124.0.0.0 Safari/537.36" "-"
74.7.242.0 - - [21/Sep/2026:00:36:23 +0200] "GET /index.php?loknya=/proc/thread-self/root/proc/thread-self/root/proc/thread-self/root/proc/thread-self/root/proc/thread-self/root/kunden/kunden/proc/thread-self/root/kunden/proc/thread-self/root/kunden/proc/fs HTTP/1.1" 200 15297 s818981589.online.de "http://s818981589.online.de/index.php?loknya=/proc/thread-self/root/proc/thread-self/root/proc/thread-self/root/proc/thread-self/root/proc/thread-self/root/kunden/kunden/proc/thread-self/root/kunden/proc/thread-self/root/kunden/proc" "Mozilla/5.0 AppleWebKit/537.36 (KHTML, like Gecko; compatible; GPTBot/1.4; +https://openai.com/gptbot)" "-"
220.181.108.0 - - [21/Sep/2026:00:36:25 +0200] "GET /impressum/?lokasie=/homepages/41/d820449196/htaccesslist&loknya=/homepages/41/d820449196 HTTP/1.1" 429 267 s818981589.online.de "-" "Mozilla/5.0 (compatible; Baiduspider/2.0; +http://www.baidu.com/search/spider.html)" "-"
220.181.108.0 - - [21/Sep/2026:00:36:25 +0200] "GET /impressum/?loknya=/homepages/41/d820449196/.config HTTP/1.1" 429 267 s818981589.online.de "-" "Mozilla/5.0 (compatible; Baiduspider/2.0; +http://www.baidu.com/search/spider.html)" "-"
116.179.32.0 - - [21/Sep/2026:00:36:25 +0200] "GET /impressum/?loknya=/homepages/41/d820449196/managed HTTP/1.1" 429 267 s818981589.online.de "-" "Mozilla/5.0 (compatible; Baiduspider/2.0; +http://www.baidu.com/search/spider.html)" "-"
220.181.108.0 - - [21/Sep/2026:00:36:25 +0200] "GET /impressum/?lokasie=/homepages/41/d820449196/phpinilist&loknya=/homepages/41/d820449196 HTTP/1.1" 429 267 s818981589.online.de "-" "Mozilla/5.0 (compatible; Baiduspider/2.0; +http://www.baidu.com/search/spider.html)" "-"
116.179.32.0 - - [21/Sep/2026:00:36:25 +0200] "GET /impressum/?lokasie=/homepages/41/d820449196/.htaccess&loknya=/homepages/41/d820449196 HTTP/1.1" 429 267 s818981589.online.de "-" "Mozilla/5.0 (compatible; Baiduspider/2.0; +http://www.baidu.com/search/spider.html)" "-"
111.225.214.0 - - [21/Sep/2026:00:36:26 +0200] "GET /impressum/?lokasie=/homepages/41/d820449196/htaccesslist&loknya=/homepages/41/d820449196 HTTP/1.1" 200 4086 s818981589.online.de "-" "Mozilla/5.0 (Windows NT 10.0; WOW64) AppleWebKit/537.36 (KHTML, like Gecko) Chrome/48.0.2564.116 Safari/537.36" "-"
111.225.214.0 - - [21/Sep/2026:00:36:26 +0200] "GET /impressum/?loknya=/homepages/41/d820449196/managed HTTP/1.1" 200 5275 s818981589.online.de "-" "Mozilla/5.0 (Windows NT 10.0; WOW64) AppleWebKit/537.36 (KHTML, like Gecko) Chrome/48.0.2564.116 Safari/537.36" "-"
119.249.100.0 - - [21/Sep/2026:00:36:26 +0200] "GET /impressum/?loknya=/homepages/41/d820449196/.config HTTP/1.1" 200 5275 s818981589.online.de "-" "Mozilla/5.0 (Windows NT 10.0; WOW64) AppleWebKit/537.36 (KHTML, like Gecko) Chrome/48.0.2564.116 Safari/537.36" "-"
119.249.100.0 - - [21/Sep/2026:00:36:26 +0200] "GET /impressum/?lokasie=/homepages/41/d820449196/.htaccess&loknya=/homepages/41/d820449196 HTTP/1.1" 200 4083 s818981589.online.de "-" "Mozilla/5.0 (Windows NT 10.0; WOW64) AppleWebKit/537.36 (KHTML, like Gecko) Chrome/48.0.2564.116 Safari/537.36" "-"
119.249.100.0 - - [21/Sep/2026:00:36:26 +0200] "GET /impressum/?lokasie=/homepages/41/d820449196/phpinilist&loknya=/homepages/41/d820449196 HTTP/1.1" 200 4084 s818981589.online.de "-" "Mozilla/5.0 (Windows NT 10.0; WOW64) AppleWebKit/537.36 (KHTML, like Gecko) Chrome/48.0.2564.116 Safari/537.36" "-"
74.7.242.0 - - [21/Sep/2026:00:36:27 +0200] "GET /index.php?loknya=/proc/thread-self/root/proc/thread-self/root/proc/thread-self/root/proc/thread-self/root/proc/thread-self/root/kunden/kunden/proc/thread-self/root/kunden/proc/thread-self/root/kunden/boot HTTP/1.1" 200 8877 s818981589.online.de "http://s818981589.online.de/index.php?loknya=/proc/thread-self/root/proc/thread-self/root/proc/thread-self/root/proc/thread-self/root/proc/thread-self/root/kunden/kunden/proc/thread-self/root/kunden/proc/thread-self/root/kunden" "Mozilla/5.0 AppleWebKit/537.36 (KHTML, like Gecko; compatible; GPTBot/1.4; +https://openai.com/gptbot)" "-"
74.7.242.0 - - [21/Sep/2026:00:36:29 +0200] "GET /index.php?loknya=/proc/thread-self/root/proc/thread-self/root/proc/thread-self/root/proc/thread-self/root/proc/thread-self/root/kunden/kunden/proc/thread-self/root/kunden/proc/thread-self/root/kunden/kunden HTTP/1.1" 200 44836 s818981589.online.de "http://s818981589.online.de/index.php?loknya=/proc/thread-self/root/proc/thread-self/root/proc/thread-self/root/proc/thread-self/root/proc/thread-self/root/kunden/kunden/proc/thread-self/root/kunden/proc/thread-self/root/kunden" "Mozilla/5.0 AppleWebKit/537.36 (KHTML, like Gecko; compatible; GPTBot/1.4; +https://openai.com/gptbot)" "-"
74.7.242.0 - - [21/Sep/2026:00:36:32 +0200] "GET /index.php?loknya=/proc/thread-self/proc/thread-self/proc/thread-self/proc/thread-self/proc/thread-self//proc/thread-self/ HTTP/1.1" 200 6260 s818981589.online.de "http://s818981589.online.de/index.php?loknya=/proc/thread-self/root/proc/thread-self/root/proc/thread-self/root/proc/thread-self/root/proc/thread-self/root//proc/thread-self/root" "Mozilla/5.0 AppleWebKit/537.36 (KHTML, like Gecko; compatible; GPTBot/1.4; +https://openai.com/gptbot)" "-"
220.181.108.0 - - [21/Sep/2026:00:36:33 +0200] "GET /impressum/?lokasie=/homepages/18/d822264360/DASTOOLSTART&loknya=/homepages/18/d822264360 HTTP/1.1" 429 267 s818981589.online.de "-" "Mozilla/5.0 (compatible; Baiduspider/2.0; +http://www.baidu.com/search/spider.html)" "-"
116.179.32.0 - - [21/Sep/2026:00:36:33 +0200] "GET /impressum/?lokasie=/homepages/18/d822264360/last_traffic&loknya=/homepages/18/d822264360 HTTP/1.1" 429 267 s818981589.online.de "-" "Mozilla/5.0 (compatible; Baiduspider/2.0; +http://www.baidu.com/search/spider.html)" "-"
220.181.108.0 - - [21/Sep/2026:00:36:33 +0200] "GET /impressum/?lokasie=/homepages/18/d822264360/.created&loknya=/homepages/18/d822264360 HTTP/1.1" 429 267 s818981589.online.de "-" "Mozilla/5.0 (compatible; Baiduspider/2.0; +http://www.baidu.com/search/spider.html)" "-"
119.249.100.0 - - [21/Sep/2026:00:36:33 +0200] "GET /impressum/?lokasie=/homepages/18/d822264360/DASTOOLSTART&loknya=/homepages/18/d822264360 HTTP/1.1" 200 4086 s818981589.online.de "-" "Mozilla/5.0 (Windows NT 10.0; WOW64) AppleWebKit/537.36 (KHTML, like Gecko) Chrome/48.0.2564.116 Safari/537.36" "-"
119.249.100.0 - - [21/Sep/2026:00:36:33 +0200] "GET /impressum/?lokasie=/homepages/18/d822264360/.created&loknya=/homepages/18/d822264360 HTTP/1.1" 200 4093 s818981589.online.de "-" "Mozilla/5.0 (Windows NT 10.0; WOW64) AppleWebKit/537.36 (KHTML, like Gecko) Chrome/48.0.2564.116 Safari/537.36" "-"
74.7.242.0 - - [21/Sep/2026:00:36:33 +0200] "GET /index.php?loknya=/proc/root/proc/root/proc/root/proc/root/proc/root/proc/ HTTP/1.1" 200 5774 s818981589.online.de "http://s818981589.online.de/index.php?loknya=/proc/thread-self/root/proc/thread-self/root/proc/thread-self/root/proc/thread-self/root/proc/thread-self/root//proc/thread-self" "Mozilla/5.0 AppleWebKit/537.36 (KHTML, like Gecko; compatible; GPTBot/1.4; +https://openai.com/gptbot)" "-"
119.249.100.0 - - [21/Sep/2026:00:36:33 +0200] "GET /impressum/?lokasie=/homepages/18/d822264360/last_traffic&loknya=/homepages/18/d822264360 HTTP/1.1" 200 4085 s818981589.online.de "-" "Mozilla/5.0 (Windows NT 10.0; WOW64) AppleWebKit/537.36 (KHTML, like Gecko) Chrome/48.0.2564.116 Safari/537.36" "-"
220.181.108.0 - - [21/Sep/2026:00:36:34 +0200] "GET /impressum/?lokasie=/homepages/18/d822264360/htpasswd&loknya=/homepages/18/d822264360 HTTP/1.1" 429 267 s818981589.online.de "-" "Mozilla/5.0 (compatible; Baiduspider/2.0; +http://www.baidu.com/search/spider.html)" "-"
111.225.214.0 - - [21/Sep/2026:00:36:34 +0200] "GET /impressum/?lokasie=/homepages/18/d822264360/htpasswd&loknya=/homepages/18/d822264360 HTTP/1.1" 200 4082 s818981589.online.de "-" "Mozilla/5.0 (Windows NT 10.0; WOW64) AppleWebKit/537.36 (KHTML, like Gecko) Chrome/48.0.2564.116 Safari/537.36" "-"
74.7.242.0 - - [21/Sep/2026:00:36:35 +0200] "GET /index.php?loknya=/proc/thread-self/proc/thread-self/proc/thread-self/proc/thread-self/proc/thread-self/kunden/kunden/proc/thread-self/kunden HTTP/1.1" 200 6800 s818981589.online.de "http://s818981589.online.de/index.php?loknya=/proc/thread-self/proc/thread-self/proc/thread-self/proc/thread-self/proc/thread-self/kunden/kunden/proc/thread-self/kunden/proc/thread-self/kunden/" "Mozilla/5.0 AppleWebKit/537.36 (KHTML, like Gecko; compatible; GPTBot/1.4; +https://openai.com/gptbot)" "-"
74.7.242.0 - - [21/Sep/2026:00:36:36 +0200] "GET /index.php?loknya=/proc/thread-self/proc/thread-self/proc/thread-self/proc/thread-self/proc/thread-self//proc/thread-self/proc/thread-self/ HTTP/1.1" 200 6590 s818981589.online.de "http://s818981589.online.de/index.php?loknya=/proc/thread-self/proc/thread-self/proc/thread-self/proc/thread-self/proc/thread-self/kunden/kunden/proc/thread-self/kunden/proc/thread-self/kunden/" "Mozilla/5.0 AppleWebKit/537.36 (KHTML, like Gecko; compatible; GPTBot/1.4; +https://openai.com/gptbot)" "-"
74.7.242.0 - - [21/Sep/2026:00:36:37 +0200] "GET /index.php?loknya=/proc/thread-self/proc/thread-self/proc/thread-self/proc/thread-self/proc/thread-self/kunden/kunden HTTP/1.1" 200 6298 s818981589.online.de "http://s818981589.online.de/index.php?loknya=/proc/thread-self/proc/thread-self/proc/thread-self/proc/thread-self/proc/thread-self/kunden/kunden/proc/thread-self/kunden/proc/thread-self/kunden/" "Mozilla/5.0 AppleWebKit/537.36 (KHTML, like Gecko; compatible; GPTBot/1.4; +https://openai.com/gptbot)" "-"
74.7.242.0 - - [21/Sep/2026:00:36:37 +0200] "GET /index.php?loknya=/proc/thread-self/proc/thread-self/proc/thread-self/proc/thread-self/proc/thread-self/kunden/kunden/proc HTTP/1.1" 200 6429 s818981589.online.de "http://s818981589.online.de/index.php?loknya=/proc/thread-self/proc/thread-self/proc/thread-self/proc/thread-self/proc/thread-self/kunden/kunden/proc/thread-self/kunden/proc/thread-self/kunden/" "Mozilla/5.0 AppleWebKit/537.36 (KHTML, like Gecko; compatible; GPTBot/1.4; +https://openai.com/gptbot)" "-"
74.7.242.0 - - [21/Sep/2026:00:36:38 +0200] "GET /index.php?loknya=/proc/thread-self/root/proc/thread-self/root/proc/thread-self/root/proc/thread-self/root/proc/thread-self/root/proc/thread-self/root/proc/thread-self/root/srv HTTP/1.1" 200 7960 s818981589.online.de "http://s818981589.online.de/index.php?loknya=/proc/thread-self/root/proc/thread-self/root/proc/thread-self/root/proc/thread-self/root/proc/thread-self/root//proc/thread-self/root/proc/thread-self/root" "Mozilla/5.0 AppleWebKit/537.36 (KHTML, like Gecko; compatible; GPTBot/1.4; +https://openai.com/gptbot)" "-"
74.7.242.0 - - [21/Sep/2026:00:36:39 +0200] "GET /index.php?loknya=/proc/thread-self/root/proc/thread-self/root/proc/thread-self/root/proc/thread-self/root/proc/thread-self/root/kunden/kunden/proc/thread-self/root/kunden/proc/thread-self/root/var/cache/man/id HTTP/1.1" 200 17970 s818981589.online.de "http://s818981589.online.de/index.php?loknya=/proc/thread-self/root/proc/thread-self/root/proc/thread-self/root/proc/thread-self/root/proc/thread-self/root/kunden/kunden/proc/thread-self/root/kunden/proc/thread-self/root/var/cache/man" "Mozilla/5.0 AppleWebKit/537.36 (KHTML, like Gecko; compatible; GPTBot/1.4; +https://openai.com/gptbot)" "-"
74.7.242.0 - - [21/Sep/2026:00:36:39 +0200] "GET /index.php?loknya=/proc/thread-self/root/proc/thread-self/root/proc/thread-self/root/proc/thread-self/root/proc/thread-self/root/kunden/kunden/proc/thread-self/root/kunden/proc/thread-self/root/var/cache/man/ru HTTP/1.1" 200 17970 s818981589.online.de "http://s818981589.online.de/index.php?loknya=/proc/thread-self/root/proc/thread-self/root/proc/thread-self/root/proc/thread-self/root/proc/thread-self/root/kunden/kunden/proc/thread-self/root/kunden/proc/thread-self/root/var/cache/man" "Mozilla/5.0 AppleWebKit/537.36 (KHTML, like Gecko; compatible; GPTBot/1.4; +https://openai.com/gptbot)" "-"
74.7.227.0 - - [21/Sep/2026:00:36:39 +0200] "GET /index.php?loknya=/proc/thread-self/root/proc/thread-self/root/proc/thread-self/root/proc/thread-self/root/proc/thread-self/root/kunden/proc/thread-self/root/kunden/kunden/kunden/proc/thread-self/root/kunden/usr/sbin HTTP/1.1" 200 370502 www.gut-trechow.de "http://www.gut-trechow.de/index.php?loknya=/proc/thread-self/root/proc/thread-self/root/proc/thread-self/root/proc/thread-self/root/proc/thread-self/root/kunden/proc/thread-self/root/kunden/kunden/kunden/proc/thread-self/root/kunden/usr" "Mozilla/5.0 AppleWebKit/537.36 (KHTML, like Gecko; compatible; GPTBot/1.4; +https://openai.com/gptbot)" "-"
74.7.242.0 - - [21/Sep/2026:00:36:40 +0200] "GET /index.php?loknya=/proc/thread-self/root/proc/thread-self/root/proc/thread-self/root/proc/thread-self/root/proc/thread-self/root/kunden/kunden/proc/thread-self/root/kunden/proc/thread-self/root/var/cache/man/es HTTP/1.1" 429 267 s818981589.online.de "http://s818981589.online.de/index.php?loknya=/proc/thread-self/root/proc/thread-self/root/proc/thread-self/root/proc/thread-self/root/proc/thread-self/root/kunden/kunden/proc/thread-self/root/kunden/proc/thread-self/root/var/cache/man" "Mozilla/5.0 AppleWebKit/537.36 (KHTML, like Gecko; compatible; GPTBot/1.4; +https://openai.com/gptbot)" "-"
74.7.242.0 - - [21/Sep/2026:00:36:40 +0200] "GET /index.php?lokasie=/proc/thread-self/root/proc/thread-self/root/proc/thread-self/root/proc/thread-self/root/proc/thread-self/root/kunden/kunden/proc/thread-self/root/kunden/proc/thread-self/root/kunden/kunden/CBI_ID&loknya=/proc/thread-self/root/proc/thread-self/root/proc/thread-self/root/proc/thread-self/root/proc/thread-self/root/kunden/kunden/proc/thread-self/root/kunden/proc/thread-self/root/kunden/kunden HTTP/1.1" 429 267 s818981589.online.de "http://s818981589.online.de/index.php?loknya=/proc/thread-self/root/proc/thread-self/root/proc/thread-self/root/proc/thread-self/root/proc/thread-self/root/kunden/kunden/proc/thread-self/root/kunden/proc/thread-self/root/kunden/kunden" "Mozilla/5.0 AppleWebKit/537.36 (KHTML, like Gecko; compatible; GPTBot/1.4; +https://openai.com/gptbot)" "-"
62.138.6.0 - - [21/Sep/2026:00:36:40 +0200] "GET /index.php?loknya=/proc HTTP/1.1" 200 83748 www.gut-trechow.de "-" "Mozilla/5.0 (X11; Linux x86_64) AppleWebKit/537.36 (KHTML, like Gecko) Chrome/124.0.0.0 Safari/537.36" "-"
220.181.108.0 - - [21/Sep/2026:00:36:41 +0200] "GET /impressum/?lokasie=/homepages/18/d822264360/distributor.lock&loknya=/homepages/18/d822264360 HTTP/1.1" 429 267 s818981589.online.de "-" "Mozilla/5.0 (compatible; Baiduspider/2.0; +http://www.baidu.com/search/spider.html)" "-"
220.181.108.0 - - [21/Sep/2026:00:36:41 +0200] "GET /impressum/?loknya=/homepages/18/d822264360/managed HTTP/1.1" 429 267 s818981589.online.de "-" "Mozilla/5.0 (compatible; Baiduspider/2.0; +http://www.baidu.com/search/spider.html)" "-"
220.181.108.0 - - [21/Sep/2026:00:36:41 +0200] "GET /impressum/?loknya=/homepages/18/d822264360/.config HTTP/1.1" 429 267 s818981589.online.de "-" "Mozilla/5.0 (compatible; Baiduspider/2.0; +http://www.baidu.com/search/spider.html)" "-"
74.7.242.0 - - [21/Sep/2026:00:36:41 +0200] "GET /index.php?loknya=/proc/thread-self/root/proc/thread-self/root/proc/thread-self/root/proc/thread-self/root/proc/thread-self/root/kunden/kunden/proc/thread-self/root/kunden/proc/thread-self/root/kunden/kunden/tmp-private HTTP/1.1" 429 267 s818981589.online.de "http://s818981589.online.de/index.php?loknya=/proc/thread-self/root/proc/thread-self/root/proc/thread-self/root/proc/thread-self/root/proc/thread-self/root/kunden/kunden/proc/thread-self/root/kunden/proc/thread-self/root/kunden/kunden" "Mozilla/5.0 AppleWebKit/537.36 (KHTML, like Gecko; compatible; GPTBot/1.4; +https://openai.com/gptbot)" "-"
220.181.108.0 - - [21/Sep/2026:00:36:41 +0200] "GET /impressum/?lokasie=/homepages/18/d822264360/htaccesslist&loknya=/homepages/18/d822264360 HTTP/1.1" 429 267 s818981589.online.de "-" "Mozilla/5.0 (compatible; Baiduspider/2.0; +http://www.baidu.com/search/spider.html)" "-"
116.179.32.0 - - [21/Sep/2026:00:36:41 +0200] "GET /impressum/?lokasie=/homepages/18/d821994674/htaccesslist&loknya=/homepages/18/d821994674 HTTP/1.1" 429 267 s818981589.online.de "-" "Mozilla/5.0 (compatible; Baiduspider/2.0; +http://www.baidu.com/search/spider.html)" "-"
111.225.214.0 - - [21/Sep/2026:00:36:41 +0200] "GET /impressum/?lokasie=/homepages/18/d822264360/distributor.lock&loknya=/homepages/18/d822264360 HTTP/1.1" 200 4090 s818981589.online.de "-" "Mozilla/5.0 (Windows NT 10.0; WOW64) AppleWebKit/537.36 (KHTML, like Gecko) Chrome/48.0.2564.116 Safari/537.36" "-"
119.249.100.0 - - [21/Sep/2026:00:36:41 +0200] "GET /impressum/?loknya=/homepages/18/d822264360/managed HTTP/1.1" 200 5275 s818981589.online.de "-" "Mozilla/5.0 (Windows NT 10.0; WOW64) AppleWebKit/537.36 (KHTML, like Gecko) Chrome/48.0.2564.116 Safari/537.36" "-"
119.249.100.0 - - [21/Sep/2026:00:36:41 +0200] "GET /impressum/?loknya=/homepages/18/d822264360/.config HTTP/1.1" 200 5274 s818981589.online.de "-" "Mozilla/5.0 (Windows NT 10.0; WOW64) AppleWebKit/537.36 (KHTML, like Gecko) Chrome/48.0.2564.116 Safari/537.36" "-"
216.73.216.0 - - [21/Sep/2026:00:36:41 +0200] "GET /?lokasie=%2Fhomepages%2F13%2Fd821987948%2FDASTOOLSTART&loknya=%2Fhomepages%2F13%2Fd821987948 HTTP/1.1" 200 4084 www.gut-trechow.de "-" "Mozilla/5.0 AppleWebKit/537.36 (KHTML, like Gecko; compatible; ClaudeBot/1.0; +claudebot@anthropic.com)" "-"
119.249.100.0 - - [21/Sep/2026:00:36:42 +0200] "GET /impressum/?lokasie=/homepages/18/d822264360/htaccesslist&loknya=/homepages/18/d822264360 HTTP/1.1" 200 4086 s818981589.online.de "-" "Mozilla/5.0 (Windows NT 10.0; WOW64) AppleWebKit/537.36 (KHTML, like Gecko) Chrome/48.0.2564.116 Safari/537.36" "-"
74.7.242.0 - - [21/Sep/2026:00:36:42 +0200] "GET /index.php?loknya=/proc/thread-self/root/proc/thread-self/root/proc/thread-self/root/proc/thread-self/root/proc/thread-self/root/kunden/kunden/proc/thread-self/root/kunden/proc/thread-self/root/kunden/kunden/run HTTP/1.1" 429 267 s818981589.online.de "http://s818981589.online.de/index.php?loknya=/proc/thread-self/root/proc/thread-self/root/proc/thread-self/root/proc/thread-self/root/proc/thread-self/root/kunden/kunden/proc/thread-self/root/kunden/proc/thread-self/root/kunden/kunden" "Mozilla/5.0 AppleWebKit/537.36 (KHTML, like Gecko; compatible; GPTBot/1.4; +https://openai.com/gptbot)" "-"
119.249.100.0 - - [21/Sep/2026:00:36:42 +0200] "GET /impressum/?lokasie=/homepages/18/d821994674/htaccesslist&loknya=/homepages/18/d821994674 HTTP/1.1" 200 4086 s818981589.online.de "-" "Mozilla/5.0 (Windows NT 10.0; WOW64) AppleWebKit/537.36 (KHTML, like Gecko) Chrome/48.0.2564.116 Safari/537.36" "-"
216.73.216.0 - - [21/Sep/2026:00:36:42 +0200] "GET /?lokasie=%2Fhomepages%2F13%2Fd818358984%2FDASTOOLSTART&loknya=%2Fhomepages%2F13%2Fd818358984 HTTP/1.1" 200 4084 www.gut-trechow.de "-" "Mozilla/5.0 AppleWebKit/537.36 (KHTML, like Gecko; compatible; ClaudeBot/1.0; +claudebot@anthropic.com)" "-"
216.73.216.0 - - [21/Sep/2026:00:36:43 +0200] "GET /?lokasie=%2Fhomepages%2F13%2Fd819674796%2FDASTOOLSTART&loknya=%2Fhomepages%2F13%2Fd819674796 HTTP/1.1" 200 4084 www.gut-trechow.de "-" "Mozilla/5.0 AppleWebKit/537.36 (KHTML, like Gecko; compatible; ClaudeBot/1.0; +claudebot@anthropic.com)" "-"
74.7.242.0 - - [21/Sep/2026:00:36:44 +0200] "GET /index.php?loknya=/proc/root/proc/root/proc/root/proc/root/proc/root/proc HTTP/1.1" 429 267 s818981589.online.de "http://s818981589.online.de/index.php?loknya=/proc/root/proc/root/proc/root/proc/root/proc/root/proc/" "Mozilla/5.0 AppleWebKit/537.36 (KHTML, like Gecko; compatible; GPTBot/1.4; +https://openai.com/gptbot)" "-"
74.7.242.0 - - [21/Sep/2026:00:36:46 +0200] "GET /index.php?loknya=/proc/thread-self/proc/thread-self/proc/thread-self/proc/thread-self/proc/thread-self/kunden/kunden/proc/thread-self HTTP/1.1" 429 267 s818981589.online.de "http://s818981589.online.de/index.php?loknya=/proc/thread-self/proc/thread-self/proc/thread-self/proc/thread-self/proc/thread-self/kunden/kunden/proc/thread-self/kunden/proc/thread-self/kunden/" "Mozilla/5.0 AppleWebKit/537.36 (KHTML, like Gecko; compatible; GPTBot/1.4; +https://openai.com/gptbot)" "-"
220.181.108.0 - - [21/Sep/2026:00:36:48 +0200] "GET /impressum/?lokasie=/homepages/18/d821994674/htpasswd&loknya=/homepages/18/d821994674 HTTP/1.1" 429 267 s818981589.online.de "-" "Mozilla/5.0 (compatible; Baiduspider/2.0; +http://www.baidu.com/search/spider.html)" "-"
220.181.108.0 - - [21/Sep/2026:00:36:48 +0200] "GET /impressum/?loknya=/homepages/18/d821994674/managed HTTP/1.1" 429 267 s818981589.online.de "-" "Mozilla/5.0 (compatible; Baiduspider/2.0; +http://www.baidu.com/search/spider.html)" "-"
220.181.108.0 - - [21/Sep/2026:00:36:48 +0200] "GET /impressum/?lokasie=/homepages/18/d821994674/phpinilist&loknya=/homepages/18/d821994674 HTTP/1.1" 429 267 s818981589.online.de "-" "Mozilla/5.0 (compatible; Baiduspider/2.0; +http://www.baidu.com/search/spider.html)" "-"
116.179.32.0 - - [21/Sep/2026:00:36:48 +0200] "GET /impressum/?lokasie=/homepages/18/d821994674/.created&loknya=/homepages/18/d821994674 HTTP/1.1" 429 267 s818981589.online.de "-" "Mozilla/5.0 (compatible; Baiduspider/2.0; +http://www.baidu.com/search/spider.html)" "-"
116.179.32.0 - - [21/Sep/2026:00:36:48 +0200] "GET /impressum/?lokasie=/homepages/18/d821994674/distributor.lock&loknya=/homepages/18/d821994674 HTTP/1.1" 429 267 s818981589.online.de "-" "Mozilla/5.0 (compatible; Baiduspider/2.0; +http://www.baidu.com/search/spider.html)" "-"
111.225.214.0 - - [21/Sep/2026:00:36:48 +0200] "GET /impressum/?lokasie=/homepages/18/d821994674/htpasswd&loknya=/homepages/18/d821994674 HTTP/1.1" 200 4082 s818981589.online.de "-" "Mozilla/5.0 (Windows NT 10.0; WOW64) AppleWebKit/537.36 (KHTML, like Gecko) Chrome/48.0.2564.116 Safari/537.36" "-"
119.249.100.0 - - [21/Sep/2026:00:36:48 +0200] "GET /impressum/?lokasie=/homepages/18/d821994674/phpinilist&loknya=/homepages/18/d821994674 HTTP/1.1" 200 4084 s818981589.online.de "-" "Mozilla/5.0 (Windows NT 10.0; WOW64) AppleWebKit/537.36 (KHTML, like Gecko) Chrome/48.0.2564.116 Safari/537.36" "-"
119.249.100.0 - - [21/Sep/2026:00:36:48 +0200] "GET /impressum/?loknya=/homepages/18/d821994674/managed HTTP/1.1" 200 5275 s818981589.online.de "-" "Mozilla/5.0 (Windows NT 10.0; WOW64) AppleWebKit/537.36 (KHTML, like Gecko) Chrome/48.0.2564.116 Safari/537.36" "-"
111.225.214.0 - - [21/Sep/2026:00:36:49 +0200] "GET /impressum/?lokasie=/homepages/18/d821994674/.created&loknya=/homepages/18/d821994674 HTTP/1.1" 200 4093 s818981589.online.de "-" "Mozilla/5.0 (Windows NT 10.0; WOW64) AppleWebKit/537.36 (KHTML, like Gecko) Chrome/48.0.2564.116 Safari/537.36" "-"
119.249.100.0 - - [21/Sep/2026:00:36:49 +0200] "GET /impressum/?lokasie=/homepages/18/d821994674/distributor.lock&loknya=/homepages/18/d821994674 HTTP/1.1" 200 4090 s818981589.online.de "-" "Mozilla/5.0 (Windows NT 10.0; WOW64) AppleWebKit/537.36 (KHTML, like Gecko) Chrome/48.0.2564.116 Safari/537.36" "-"
74.7.242.0 - - [21/Sep/2026:00:36:50 +0200] "GET /index.php?loknya=/proc/thread-self/proc/thread-self/proc/thread-self/proc/thread-self/proc/thread-self//proc/thread-self/proc/thread-self HTTP/1.1" 429 267 s818981589.online.de "http://s818981589.online.de/index.php?loknya=/proc/thread-self/proc/thread-self/proc/thread-self/proc/thread-self/proc/thread-self//proc/thread-self/proc/thread-self/" "Mozilla/5.0 AppleWebKit/537.36 (KHTML, like Gecko; compatible; GPTBot/1.4; +https://openai.com/gptbot)" "-"
220.181.108.0 - - [21/Sep/2026:00:36:55 +0200] "GET /impressum/?lokasie=/homepages/18/d821994674/DASTOOLSTART&loknya=/homepages/18/d821994674 HTTP/1.1" 429 267 s818981589.online.de "-" "Mozilla/5.0 (compatible; Baiduspider/2.0; +http://www.baidu.com/search/spider.html)" "-"
220.181.108.0 - - [21/Sep/2026:00:36:55 +0200] "GET /impressum/?lokasie=/homepages/18/d819456815/.created&loknya=/homepages/18/d819456815 HTTP/1.1" 429 267 s818981589.online.de "-" "Mozilla/5.0 (compatible; Baiduspider/2.0; +http://www.baidu.com/search/spider.html)" "-"
220.181.108.0 - - [21/Sep/2026:00:36:55 +0200] "GET /impressum/?lokasie=/homepages/18/d821994674/last_traffic&loknya=/homepages/18/d821994674 HTTP/1.1" 429 267 s818981589.online.de "-" "Mozilla/5.0 (compatible; Baiduspider/2.0; +http://www.baidu.com/search/spider.html)" "-"
116.179.32.0 - - [21/Sep/2026:00:36:55 +0200] "GET /impressum/?loknya=/homepages/18/d821994674/.config HTTP/1.1" 429 267 s818981589.online.de "-" "Mozilla/5.0 (compatible; Baiduspider/2.0; +http://www.baidu.com/search/spider.html)" "-"
74.7.242.0 - - [21/Sep/2026:00:36:56 +0200] "GET /index.php?loknya=/proc/thread-self/proc/thread-self/proc/thread-self/proc/thread-self/proc/thread-self//proc/thread-self/proc HTTP/1.1" 429 267 s818981589.online.de "http://s818981589.online.de/index.php?loknya=/proc/thread-self/proc/thread-self/proc/thread-self/proc/thread-self/proc/thread-self//proc/thread-self/proc/thread-self/" "Mozilla/5.0 AppleWebKit/537.36 (KHTML, like Gecko; compatible; GPTBot/1.4; +https://openai.com/gptbot)" "-"
